{"id":24455,"date":"2021-09-03T14:36:31","date_gmt":"2021-09-03T12:36:31","guid":{"rendered":"https:\/\/www.effe.it\/referenza\/dikoarch-villa\/"},"modified":"2023-07-03T10:05:39","modified_gmt":"2023-07-03T08:05:39","slug":"dikoarch-villa","status":"publish","type":"referenza","link":"https:\/\/www.effe.it\/fr\/referenza\/dikoarch-villa\/","title":{"rendered":"DikoArch Villa"},"content":{"rendered":"<p class=\"p1\">Dominant l\u2019une des plus belles c\u00f4tes de Gr\u00e8ce, cette merveilleuse r\u00e9sidence est soign\u00e9e dans les moindres d\u00e9tails pour apporter une sensation de s\u00e9r\u00e9nit\u00e9, en totale harmonie avec la nature environnante. \u00c0 l\u2019int\u00e9rieur, le hammam et le sauna sur mesure Effe compl\u00e8tent l\u2019exp\u00e9rience de pur bien-\u00eatre.<\/p>\n","protected":false},"featured_media":0,"template":"","better_featured_image":null,"acf":{"gallery_photos_12_columns_reference":[{"image_gallery_columns":"https:\/\/static.effe.it\/website\/2021\/09\/dikoarch-1%402x-scaled.jpg","copy_image_column":"","numer_of_columns":"12","embed_video_gallery":""},{"image_gallery_columns":"https:\/\/static.effe.it\/website\/2021\/09\/dikoarch-2%402x.jpg","copy_image_column":"","numer_of_columns":"5","embed_video_gallery":""},{"image_gallery_columns":"https:\/\/static.effe.it\/website\/2021\/09\/dikoarch-3%402x.jpg","copy_image_column":"","numer_of_columns":"4","embed_video_gallery":""},{"image_gallery_columns":"https:\/\/static.effe.it\/website\/2021\/09\/dikoarch-4%402x.jpg","copy_image_column":"","numer_of_columns":"4","embed_video_gallery":""},{"image_gallery_columns":"https:\/\/static.effe.it\/website\/2021\/09\/dikoarch-5%402x.jpg","copy_image_column":"","numer_of_columns":"6","embed_video_gallery":""},{"image_gallery_columns":"https:\/\/static.effe.it\/website\/2021\/09\/dikoarch-6%402x-scaled.jpg","copy_image_column":"","numer_of_columns":"12","embed_video_gallery":""},{"image_gallery_columns":"https:\/\/static.effe.it\/website\/2021\/09\/dikoarch-new-1.jpg","copy_image_column":"","numer_of_columns":"7","embed_video_gallery":""},{"image_gallery_columns":"https:\/\/static.effe.it\/website\/2021\/09\/dikoarch-new-3.jpg","copy_image_column":"","numer_of_columns":"4","embed_video_gallery":""},{"image_gallery_columns":"https:\/\/static.effe.it\/website\/2021\/09\/dikoarch-new-2.jpg","copy_image_column":"","numer_of_columns":"4","embed_video_gallery":""},{"image_gallery_columns":"https:\/\/static.effe.it\/website\/2021\/09\/dikoarch-new-4.jpg","copy_image_column":"","numer_of_columns":"6","embed_video_gallery":""},{"image_gallery_columns":"https:\/\/static.effe.it\/website\/2021\/09\/dikoarch-new-5-scaled.jpg","copy_image_column":"","numer_of_columns":"12","embed_video_gallery":""}],"related_products_group":{"toggle_related_product_field":true,"related_products":[{"ID":9687,"post_author":"12708","post_date":"2021-07-29 11:03:03","post_date_gmt":"2021-07-29 09:03:03","post_content":"Sauna r\u00e9alis\u00e9 en bois pr\u00e9cieux et cloisons vitr\u00e9es en cristal tremp\u00e9 \u00e0 basse \u00e9mission de 8 mm. L\u2019int\u00e9rieur est particuli\u00e8rement accueillant et caract\u00e9ris\u00e9 par des lattes de diverses dimensions. Auki s'adapte facilement aux exigences de l'espace \u00e0 disposition, \u00e9galement pour des applications sur mesure. Tous les saunas Auki sont dot\u00e9s d'une poign\u00e9e \u00e9l\u00e9gante au bord de la porte qui laisse libre les cloisons vitr\u00e9es et n'alt\u00e8re pas la nettet\u00e9 du design externe.","post_title":"Auki","post_excerpt":"","post_status":"publish","comment_status":"closed","ping_status":"closed","post_password":"","post_name":"auki","to_ping":"","pinged":"","post_modified":"2026-04-30 11:20:19","post_modified_gmt":"2026-04-30 09:20:19","post_content_filtered":"","post_parent":0,"guid":"https:\/\/www.effe.it\/prodotto\/auki\/","menu_order":0,"post_type":"prodotto","post_mime_type":"","comment_count":"0","filter":"raw"},{"ID":9572,"post_author":"6","post_date":"2021-07-29 12:19:09","post_date_gmt":"2021-07-29 10:19:09","post_content":"Fit Shower peut \u00eatre combin\u00e9e avec n\u2019importe quel g\u00e9n\u00e9rateur de vapeur Effe. Installation au plafond: encastr\u00e9e, semi-encastr\u00e9e, en saillie. Douche avec deux jets d\u2019eau diff\u00e9rents: jet d\u2019eau et jet tonique.","post_title":"Fit Shower","post_excerpt":"","post_status":"draft","comment_status":"closed","ping_status":"closed","post_password":"","post_name":"fit-shower","to_ping":"","pinged":"","post_modified":"2024-04-15 16:29:36","post_modified_gmt":"2024-04-15 14:29:36","post_content_filtered":"","post_parent":0,"guid":"https:\/\/www.effe.it\/blog\/prodotto\/fit-shower\/","menu_order":0,"post_type":"prodotto","post_mime_type":"","comment_count":"0","filter":"raw"}]},"similar_projects":[{"ID":21162,"post_author":"6","post_date":"2021-10-05 15:21:34","post_date_gmt":"2021-10-05 13:21:34","post_content":"<!-- wp:paragraph -->\n<p>Arte, immeuble unique en son genre compos\u00e9 de seize appartements avec vue sur la mer dans le quartier de Surfside, est le tout premier projet aux \u00c9tats-Unis n\u00e9 du partenariat italien l\u00e9gendaire entre design et architecture d\u2019Antonio Citterio et de Patricia Viel en collaboration avec Kobi Karp Architecture &amp; Interior Design.<\/p>\n<!-- \/wp:paragraph -->","post_title":"Arte Surfside Miami Beach","post_excerpt":"","post_status":"publish","comment_status":"closed","ping_status":"closed","post_password":"","post_name":"arte-surfside-miami-beach","to_ping":"","pinged":"","post_modified":"2022-03-03 12:09:59","post_modified_gmt":"2022-03-03 10:09:59","post_content_filtered":"","post_parent":0,"guid":"https:\/\/www.effe.it\/referenza\/arte-surfside-miami-beach\/","menu_order":0,"post_type":"referenza","post_mime_type":"","comment_count":"0","filter":"raw"},{"ID":21468,"post_author":"6","post_date":"2021-09-03 14:36:31","post_date_gmt":"2021-09-03 12:36:31","post_content":"<span data-sheets-value=\"{&quot;1&quot;:2,&quot;2&quot;:&quot;Effe est au c\u0153ur d\u2019une histoire de trente ans qui tourne autour du bien-\u00eatre et des anciens rituels du sauna et du hammam. Notre savoir-faire nous a permis de mener \u00e0 bien une intervention sur mesure comme celle-ci, en r\u00e9ussissant \u00e0 installer un sauna et un hammam dans cette ancienne demeure sans en bouleverser l\u2019\u00e9quilibre esth\u00e9tique.&quot;}\" data-sheets-userformat=\"{&quot;2&quot;:257,&quot;3&quot;:{&quot;1&quot;:0},&quot;11&quot;:4}\">Effe est au c\u0153ur d\u2019une histoire de trente ans qui tourne autour du bien-\u00eatre et des anciens rituels du sauna et du hammam. Notre savoir-faire nous a permis de mener \u00e0 bien une intervention sur mesure comme celle-ci, en r\u00e9ussissant \u00e0 installer un sauna et un hammam dans cette ancienne demeure sans en bouleverser l\u2019\u00e9quilibre esth\u00e9tique.<\/span>","post_title":"Maison priv\u00e9e, Ancona","post_excerpt":"","post_status":"publish","comment_status":"closed","ping_status":"closed","post_password":"","post_name":"private-house-ancona","to_ping":"","pinged":"","post_modified":"2022-03-04 11:20:54","post_modified_gmt":"2022-03-04 09:20:54","post_content_filtered":"","post_parent":0,"guid":"https:\/\/www.effe.it\/referenza\/lardini-house-private-house\/","menu_order":0,"post_type":"referenza","post_mime_type":"","comment_count":"0","filter":"raw"},{"ID":24579,"post_author":"10","post_date":"2021-09-03 14:36:31","post_date_gmt":"2021-09-03 12:36:31","post_content":"<p class=\"p1\">Avec ses 5 \u00e9toiles et plus de 80 ans d\u2019histoire, le luxueux May Fair Hotel se trouve dans le quartier du m\u00eame nom \u00e0 Londres, entour\u00e9 des plus c\u00e9l\u00e8bres attractions de la capitale. Effe a r\u00e9alis\u00e9 pour cet h\u00f4tel un syst\u00e8me spa sym\u00e9trique compos\u00e9 de BodyLove S et BodyLove H, en deux versions exceptionnellement in\u00e9dites, caract\u00e9ris\u00e9es par des lignes verticales g\u00e9om\u00e9triques et nettes qui mettent en valeur le luxe minimaliste du pr\u00e9cieux h\u00f4tel.<\/p>","post_title":"Mayfair Park Residences","post_excerpt":"","post_status":"publish","comment_status":"closed","ping_status":"closed","post_password":"","post_name":"mayfair-park-residences","to_ping":"","pinged":"","post_modified":"2023-07-03 10:13:49","post_modified_gmt":"2023-07-03 08:13:49","post_content_filtered":"","post_parent":0,"guid":"https:\/\/www.effe.it\/referenza\/mayfair-park-residences\/","menu_order":0,"post_type":"referenza","post_mime_type":"","comment_count":"0","filter":"raw"},{"ID":24977,"post_author":"10","post_date":"2021-09-03 14:36:31","post_date_gmt":"2021-09-03 12:36:31","post_content":"<p class=\"p1\">L\u2019h\u00f4tel Re delle Alpi d\u00e9ploie ses 4 \u00e9toiles \u00e0 2000 m\u00e8tres d\u2019altitude, directement sur les pistes de ski de La Thuile, dans la province d\u2019Aoste, en couronnant les alentours et la splendide position panoramique avec excellence, aventure et bien-\u00eatre. Le Spa Wellness &amp; Relax de l\u2019h\u00f4tel se trouve dans un environnement de classe pens\u00e9 pour retrouver l\u2019harmonie et l\u2019\u00e9quilibre.<\/p>\n\n<!-- wp:paragraph -->\n<p><\/p>\n<!-- \/wp:paragraph -->","post_title":"Hotel Re delle Alpi","post_excerpt":"","post_status":"publish","comment_status":"closed","ping_status":"closed","post_password":"","post_name":"hotel-re-delle-alpi-2","to_ping":"","pinged":"","post_modified":"2023-07-03 10:33:26","post_modified_gmt":"2023-07-03 08:33:26","post_content_filtered":"","post_parent":0,"guid":"https:\/\/www.effe.it\/referenza\/hotel-re-delle-alpi-2\/","menu_order":0,"post_type":"referenza","post_mime_type":"","comment_count":"0","filter":"raw"}],"abilitare_progetti_simili":true},"_links":{"self":[{"href":"https:\/\/www.effe.it\/fr\/wp-json\/wp\/v2\/referenza\/24455"}],"collection":[{"href":"https:\/\/www.effe.it\/fr\/wp-json\/wp\/v2\/referenza"}],"about":[{"href":"https:\/\/www.effe.it\/fr\/wp-json\/wp\/v2\/types\/referenza"}],"wp:attachment":[{"href":"https:\/\/www.effe.it\/fr\/wp-json\/wp\/v2\/media?parent=24455"}],"curies":[{"name":"wp","href":"https:\/\/api.w.org\/{rel}","templated":true}]}}

<p class="p1">Dominant l’une des plus belles côtes de Grèce, cette merveilleuse résidence est soignée dans les moindres détails pour apporter une sensation de sérénité, en totale harmonie avec la nature environnante. À l’intérieur, le hammam et le sauna sur mesure Effe complètent l’expérience de pur bien-être.</p>

Sauna réalisé en bois précieux et cloisons vitrées en cristal trempé à basse émission de 8 mm. L’intérieur est particulièrement accueillant et caractérisé par des lattes de diverses dimensions. Auki s'adapte facilement aux exigences de l'espace à disposition, également pour des applications sur mesure. Tous les saunas Auki sont dotés d'une poignée élégante au bord de la porte qui laisse libre les cloisons vitrées et n'altère pas la netteté du design externe.

Fit Shower peut être combinée avec n’importe quel générateur de vapeur Effe. Installation au plafond: encastrée, semi-encastrée, en saillie. Douche avec deux jets d’eau différents: jet d’eau et jet tonique.

<!-- wp:paragraph -->
<p>Arte, immeuble unique en son genre composé de seize appartements avec vue sur la mer dans le quartier de Surfside, est le tout premier projet aux États-Unis né du partenariat italien légendaire entre design et architecture d’Antonio Citterio et de Patricia Viel en collaboration avec Kobi Karp Architecture &amp; Interior Design.</p>
<!-- /wp:paragraph -->

<span data-sheets-value="{&quot;1&quot;:2,&quot;2&quot;:&quot;Effe est au cœur d’une histoire de trente ans qui tourne autour du bien-être et des anciens rituels du sauna et du hammam. Notre savoir-faire nous a permis de mener à bien une intervention sur mesure comme celle-ci, en réussissant à installer un sauna et un hammam dans cette ancienne demeure sans en bouleverser l’équilibre esthétique.&quot;}" data-sheets-userformat="{&quot;2&quot;:257,&quot;3&quot;:{&quot;1&quot;:0},&quot;11&quot;:4}">Effe est au cœur d’une histoire de trente ans qui tourne autour du bien-être et des anciens rituels du sauna et du hammam. Notre savoir-faire nous a permis de mener à bien une intervention sur mesure comme celle-ci, en réussissant à installer un sauna et un hammam dans cette ancienne demeure sans en bouleverser l’équilibre esthétique.</span>

Maison privée, Ancona

<p class="p1">Avec ses 5 étoiles et plus de 80 ans d’histoire, le luxueux May Fair Hotel se trouve dans le quartier du même nom à Londres, entouré des plus célèbres attractions de la capitale. Effe a réalisé pour cet hôtel un système spa symétrique composé de BodyLove S et BodyLove H, en deux versions exceptionnellement inédites, caractérisées par des lignes verticales géométriques et nettes qui mettent en valeur le luxe minimaliste du précieux hôtel.</p>

<p class="p1">L’hôtel Re delle Alpi déploie ses 4 étoiles à 2000 mètres d’altitude, directement sur les pistes de ski de La Thuile, dans la province d’Aoste, en couronnant les alentours et la splendide position panoramique avec excellence, aventure et bien-être. Le Spa Wellness &amp; Relax de l’hôtel se trouve dans un environnement de classe pensé pour retrouver l’harmonie et l’équilibre.</p>

<!-- wp:paragraph -->
<p></p>
<!-- /wp:paragraph -->
