{"id":21468,"date":"2021-09-03T14:36:31","date_gmt":"2021-09-03T12:36:31","guid":{"rendered":"https:\/\/www.effe.it\/referenza\/lardini-house-private-house\/"},"modified":"2022-03-04T11:20:54","modified_gmt":"2022-03-04T09:20:54","slug":"private-house-ancona","status":"publish","type":"referenza","link":"https:\/\/www.effe.it\/fr\/referenza\/private-house-ancona\/","title":{"rendered":"Maison priv\u00e9e, Ancona"},"content":{"rendered":"<p><span data-sheets-value=\"{&quot;1&quot;:2,&quot;2&quot;:&quot;Effe est au c\u0153ur d\u2019une histoire de trente ans qui tourne autour du bien-\u00eatre et des anciens rituels du sauna et du hammam. Notre savoir-faire nous a permis de mener \u00e0 bien une intervention sur mesure comme celle-ci, en r\u00e9ussissant \u00e0 installer un sauna et un hammam dans cette ancienne demeure sans en bouleverser l\u2019\u00e9quilibre esth\u00e9tique.&quot;}\" data-sheets-userformat=\"{&quot;2&quot;:257,&quot;3&quot;:{&quot;1&quot;:0},&quot;11&quot;:4}\">Effe est au c\u0153ur d\u2019une histoire de trente ans qui tourne autour du bien-\u00eatre et des anciens rituels du sauna et du hammam. Notre savoir-faire nous a permis de mener \u00e0 bien une intervention sur mesure comme celle-ci, en r\u00e9ussissant \u00e0 installer un sauna et un hammam dans cette ancienne demeure sans en bouleverser l\u2019\u00e9quilibre esth\u00e9tique.<\/span><\/p>\n","protected":false},"featured_media":0,"template":"","better_featured_image":null,"acf":{"related_products_group":{"toggle_related_product_field":true,"related_products":[{"ID":9603,"post_author":"12708","post_date":"2021-07-29 12:19:09","post_date_gmt":"2021-07-29 10:19:09","post_content":"G\u00e9n\u00e9rateur de vapeur professionnel externe, indiqu\u00e9 pour d\u2019amples cubages. Fonctionnement de longue dur\u00e9e sans n\u00e9cessit\u00e9 d\u2019entretien. Nuvola Smart Power est adapt\u00e9 pour des applications escamotables et s\u2019int\u00e8gre donc facilement \u00e0 toutes les solutions d\u2019ameublement.\nContr\u00f4le automatique des thermor\u00e9sistances pour une distribution de vapeur uniforme dans le temps.\nLe diffuseur de vapeur Smart, disponible dans la version Glass et Camouflage,\nest \u00e9quip\u00e9 du syst\u00e8me PSF (Power Steam Function) innovant qui garantit l\u2019uniformit\u00e9 de la vapeur et de la temp\u00e9rature.\nLe diffuseur de vapeur traditionnel, avec porte-essences, est personnalisable en 3 finitions\u00a0: Chrome, Noir mat PVD, Canon de fusil mat PVD.","post_title":"Nuvola Smart","post_excerpt":"","post_status":"publish","comment_status":"closed","ping_status":"closed","post_password":"","post_name":"nuvola-smart","to_ping":"","pinged":"","post_modified":"2025-11-13 11:16:04","post_modified_gmt":"2025-11-13 09:16:04","post_content_filtered":"","post_parent":0,"guid":"https:\/\/www.effe.it\/prodotto\/nuvola-smart-power\/","menu_order":0,"post_type":"prodotto","post_mime_type":"","comment_count":"0","filter":"raw"},{"ID":9735,"post_author":"12708","post_date":"2021-07-29 11:03:03","post_date_gmt":"2021-07-29 09:03:03","post_content":"Sky est r\u00e9alis\u00e9 en bois pr\u00e9cieux Hemlock canadien ou Aspen thermo-trait\u00e9 et vitres tremp\u00e9es de 10 mm. Paroi frontale, porte et plafond en verre conf\u00e8rent \u00e0 Sky une extr\u00eame transparence et l\u00e9g\u00e8ret\u00e9.","post_title":"Sky","post_excerpt":"","post_status":"publish","comment_status":"closed","ping_status":"closed","post_password":"","post_name":"sky","to_ping":"","pinged":"","post_modified":"2024-10-10 11:25:31","post_modified_gmt":"2024-10-10 09:25:31","post_content_filtered":"","post_parent":0,"guid":"https:\/\/www.effe.it\/prodotto\/sky\/","menu_order":0,"post_type":"prodotto","post_mime_type":"","comment_count":"0","filter":"raw"}]},"abilitare_progetti_simili":true,"similar_projects":[{"ID":21162,"post_author":"6","post_date":"2021-10-05 15:21:34","post_date_gmt":"2021-10-05 13:21:34","post_content":"<!-- wp:paragraph -->\n<p>Arte, immeuble unique en son genre compos\u00e9 de seize appartements avec vue sur la mer dans le quartier de Surfside, est le tout premier projet aux \u00c9tats-Unis n\u00e9 du partenariat italien l\u00e9gendaire entre design et architecture d\u2019Antonio Citterio et de Patricia Viel en collaboration avec Kobi Karp Architecture &amp; Interior Design.<\/p>\n<!-- \/wp:paragraph -->","post_title":"Arte Surfside Miami Beach","post_excerpt":"","post_status":"publish","comment_status":"closed","ping_status":"closed","post_password":"","post_name":"arte-surfside-miami-beach","to_ping":"","pinged":"","post_modified":"2022-03-03 12:09:59","post_modified_gmt":"2022-03-03 10:09:59","post_content_filtered":"","post_parent":0,"guid":"https:\/\/www.effe.it\/referenza\/arte-surfside-miami-beach\/","menu_order":0,"post_type":"referenza","post_mime_type":"","comment_count":"0","filter":"raw"},{"ID":21402,"post_author":"6","post_date":"2021-09-03 14:36:31","post_date_gmt":"2021-09-03 12:36:31","post_content":"<span data-sheets-value=\"{&quot;1&quot;:2,&quot;2&quot;:&quot;Le Golfo dei Poeti Relais &amp; Spa repr\u00e9sente le point de rencontre des trois \u00e9l\u00e9ments qui condensent l\u2019essence de notre vision de l\u2019accueil : ici le temps, le silence et l\u2019espace sont les v\u00e9ritables protagonistes. Dans cet \u00e9tablissement, Effe a r\u00e9alis\u00e9 un sauna avec vue sur la mer, les clients de la structure peuvent profiter de leur moment de bien-\u00eatre en admirant la c\u00f4te ligure gr\u00e2ce \u00e0 la grande baie vitr\u00e9e.&quot;}\" data-sheets-userformat=\"{&quot;2&quot;:257,&quot;3&quot;:{&quot;1&quot;:0},&quot;11&quot;:4}\">Le Golfo dei Poeti Relais &amp; Spa repr\u00e9sente le point de rencontre des trois \u00e9l\u00e9ments qui condensent l\u2019essence de notre vision de l\u2019accueil : ici le temps, le silence et l\u2019espace sont les v\u00e9ritables protagonistes. Dans cet \u00e9tablissement, Effe a r\u00e9alis\u00e9 un sauna avec vue sur la mer, les clients de la structure peuvent profiter de leur moment de bien-\u00eatre en admirant la c\u00f4te ligure gr\u00e2ce \u00e0 la grande baie vitr\u00e9e.<\/span>","post_title":"Golfo dei Poeti Relais","post_excerpt":"","post_status":"publish","comment_status":"closed","ping_status":"closed","post_password":"","post_name":"golfo-dei-poeti-relais","to_ping":"","pinged":"","post_modified":"2022-03-04 11:41:27","post_modified_gmt":"2022-03-04 09:41:27","post_content_filtered":"","post_parent":0,"guid":"https:\/\/www.effe.it\/referenza\/golfo-dei-poeti-relais\/","menu_order":0,"post_type":"referenza","post_mime_type":"","comment_count":"0","filter":"raw"},{"ID":25735,"post_author":"10","post_date":"2021-09-03 14:36:31","post_date_gmt":"2021-09-03 12:36:31","post_content":"<p class=\"p1\">Dans l\u2019un des meilleurs emplacements de Lovere, la Casa del Porto est \u00e9quip\u00e9e d\u2019une zone bien-\u00eatre avec sauna et hammam de la marque Effe. Cette zone wellness suggestive a \u00e9t\u00e9 r\u00e9alis\u00e9e sur mesure dans les anciennes citernes souterraines.<\/p>","post_title":"La Casa del Porto","post_excerpt":"","post_status":"publish","comment_status":"closed","ping_status":"closed","post_password":"","post_name":"la-casa-del-porto-2","to_ping":"","pinged":"","post_modified":"2023-07-03 11:34:44","post_modified_gmt":"2023-07-03 09:34:44","post_content_filtered":"","post_parent":0,"guid":"https:\/\/www.effe.it\/referenza\/la-casa-del-porto-2\/","menu_order":0,"post_type":"referenza","post_mime_type":"","comment_count":"0","filter":"raw"},{"ID":26016,"post_author":"10","post_date":"2021-09-03 14:36:31","post_date_gmt":"2021-09-03 12:36:31","post_content":"<p class=\"p1\">Effe a r\u00e9alis\u00e9 des solutions sur mesure personnalis\u00e9es pour la r\u00e9alisation de la zone bien-\u00eatre de cette demeure, entour\u00e9e par la nature, au pied des Dolomites. Le paysage naturel et la zone wellness cr\u00e9ent une alliance parfaite \u00e9galement gr\u00e2ce au soin apport\u00e9 aux d\u00e9tails.<\/p>","post_title":"Private house, Alta Badia","post_excerpt":"","post_status":"publish","comment_status":"closed","ping_status":"closed","post_password":"","post_name":"giglio-alta-badia-private-house","to_ping":"","pinged":"","post_modified":"2023-07-03 11:30:46","post_modified_gmt":"2023-07-03 09:30:46","post_content_filtered":"","post_parent":0,"guid":"https:\/\/www.effe.it\/referenza\/giglio-alta-badia-private-house\/","menu_order":0,"post_type":"referenza","post_mime_type":"","comment_count":"0","filter":"raw"}],"gallery_photos_12_columns_reference":[{"image_gallery_columns":"https:\/\/static.effe.it\/website\/2021\/09\/private-house-ancona-6%402x-scaled.jpg","copy_image_column":"","numer_of_columns":"12","embed_video_gallery":""},{"image_gallery_columns":"https:\/\/static.effe.it\/website\/2021\/09\/private-house-ancona-1%402x.jpg","copy_image_column":"","numer_of_columns":"6","embed_video_gallery":""},{"image_gallery_columns":"https:\/\/static.effe.it\/website\/2021\/09\/private-house-ancona-4%402x.jpg","copy_image_column":"","numer_of_columns":"4","embed_video_gallery":""},{"image_gallery_columns":"https:\/\/static.effe.it\/website\/2021\/09\/private-house-ancona-7%402x.jpg","copy_image_column":"","numer_of_columns":"5","embed_video_gallery":""},{"image_gallery_columns":"https:\/\/static.effe.it\/website\/2021\/09\/private-house-ancona-2%402x.jpg","copy_image_column":"","numer_of_columns":"6","embed_video_gallery":""},{"image_gallery_columns":"https:\/\/static.effe.it\/website\/2021\/09\/private-house-ancona-5%402x.jpg","copy_image_column":"","numer_of_columns":"6","embed_video_gallery":""},{"image_gallery_columns":"https:\/\/static.effe.it\/website\/2021\/09\/private-house-ancona-3%402x.jpg","copy_image_column":"","numer_of_columns":"6","embed_video_gallery":""}]},"_links":{"self":[{"href":"https:\/\/www.effe.it\/fr\/wp-json\/wp\/v2\/referenza\/21468"}],"collection":[{"href":"https:\/\/www.effe.it\/fr\/wp-json\/wp\/v2\/referenza"}],"about":[{"href":"https:\/\/www.effe.it\/fr\/wp-json\/wp\/v2\/types\/referenza"}],"wp:attachment":[{"href":"https:\/\/www.effe.it\/fr\/wp-json\/wp\/v2\/media?parent=21468"}],"curies":[{"name":"wp","href":"https:\/\/api.w.org\/{rel}","templated":true}]}}

Maison privée, Ancona

<p><span data-sheets-value="{&quot;1&quot;:2,&quot;2&quot;:&quot;Effe est au cœur d’une histoire de trente ans qui tourne autour du bien-être et des anciens rituels du sauna et du hammam. Notre savoir-faire nous a permis de mener à bien une intervention sur mesure comme celle-ci, en réussissant à installer un sauna et un hammam dans cette ancienne demeure sans en bouleverser l’équilibre esthétique.&quot;}" data-sheets-userformat="{&quot;2&quot;:257,&quot;3&quot;:{&quot;1&quot;:0},&quot;11&quot;:4}">Effe est au cœur d’une histoire de trente ans qui tourne autour du bien-être et des anciens rituels du sauna et du hammam. Notre savoir-faire nous a permis de mener à bien une intervention sur mesure comme celle-ci, en réussissant à installer un sauna et un hammam dans cette ancienne demeure sans en bouleverser l’équilibre esthétique.</span></p>

Générateur de vapeur professionnel externe, indiqué pour d’amples cubages. Fonctionnement de longue durée sans nécessité d’entretien. Nuvola Smart Power est adapté pour des applications escamotables et s’intègre donc facilement à toutes les solutions d’ameublement.
Contrôle automatique des thermorésistances pour une distribution de vapeur uniforme dans le temps.
Le diffuseur de vapeur Smart, disponible dans la version Glass et Camouflage,
est équipé du système PSF (Power Steam Function) innovant qui garantit l’uniformité de la vapeur et de la température.
Le diffuseur de vapeur traditionnel, avec porte-essences, est personnalisable en 3 finitions : Chrome, Noir mat PVD, Canon de fusil mat PVD.

Sky est réalisé en bois précieux Hemlock canadien ou Aspen thermo-traité et vitres trempées de 10 mm. Paroi frontale, porte et plafond en verre confèrent à Sky une extrême transparence et légèreté.

<!-- wp:paragraph -->
<p>Arte, immeuble unique en son genre composé de seize appartements avec vue sur la mer dans le quartier de Surfside, est le tout premier projet aux États-Unis né du partenariat italien légendaire entre design et architecture d’Antonio Citterio et de Patricia Viel en collaboration avec Kobi Karp Architecture &amp; Interior Design.</p>
<!-- /wp:paragraph -->

<span data-sheets-value="{&quot;1&quot;:2,&quot;2&quot;:&quot;Le Golfo dei Poeti Relais &amp; Spa représente le point de rencontre des trois éléments qui condensent l’essence de notre vision de l’accueil : ici le temps, le silence et l’espace sont les véritables protagonistes. Dans cet établissement, Effe a réalisé un sauna avec vue sur la mer, les clients de la structure peuvent profiter de leur moment de bien-être en admirant la côte ligure grâce à la grande baie vitrée.&quot;}" data-sheets-userformat="{&quot;2&quot;:257,&quot;3&quot;:{&quot;1&quot;:0},&quot;11&quot;:4}">Le Golfo dei Poeti Relais &amp; Spa représente le point de rencontre des trois éléments qui condensent l’essence de notre vision de l’accueil : ici le temps, le silence et l’espace sont les véritables protagonistes. Dans cet établissement, Effe a réalisé un sauna avec vue sur la mer, les clients de la structure peuvent profiter de leur moment de bien-être en admirant la côte ligure grâce à la grande baie vitrée.</span>

<p class="p1">Dans l’un des meilleurs emplacements de Lovere, la Casa del Porto est équipée d’une zone bien-être avec sauna et hammam de la marque Effe. Cette zone wellness suggestive a été réalisée sur mesure dans les anciennes citernes souterraines.</p>

<p class="p1">Effe a réalisé des solutions sur mesure personnalisées pour la réalisation de la zone bien-être de cette demeure, entourée par la nature, au pied des Dolomites. Le paysage naturel et la zone wellness créent une alliance parfaite également grâce au soin apporté aux détails.</p>
