{"id":21167,"date":"2021-09-03T14:36:31","date_gmt":"2021-09-03T12:36:31","guid":{"rendered":"https:\/\/www.effe.it\/referenza\/upper-west-side-new-york\/"},"modified":"2023-07-03T09:36:04","modified_gmt":"2023-07-03T07:36:04","slug":"upper-west-side-new-york","status":"publish","type":"referenza","link":"https:\/\/www.effe.it\/fr\/referenza\/upper-west-side-new-york\/","title":{"rendered":"Upper West Side, New York"},"content":{"rendered":"<p><span data-sheets-value=\"{&quot;1&quot;:2,&quot;2&quot;:&quot;Magnifique appartement au dernier \u00e9tage situ\u00e9 dans l\u2019Upper West Side, le quartier de Manhattan compris entre Central Park et l\u2019Hudson, avec sauna priv\u00e9 Effe r\u00e9alis\u00e9 sur mesure. Dans le projet les teintes naturelles du bois Aspen thermo-trait\u00e9 se marient \u00e0 la perfection avec les carreaux de style marocain r\u00e9alis\u00e9s \u00e0 la main.&quot;}\" data-sheets-userformat=\"{&quot;2&quot;:257,&quot;3&quot;:{&quot;1&quot;:0},&quot;11&quot;:4}\">Magnifique appartement au dernier \u00e9tage situ\u00e9 dans l\u2019Upper West Side, le quartier de Manhattan compris entre Central Park et l\u2019Hudson, avec sauna priv\u00e9 Effe r\u00e9alis\u00e9 sur mesure. Dans le projet les teintes naturelles du bois Aspen thermo-trait\u00e9 se marient \u00e0 la perfection avec les carreaux de style marocain r\u00e9alis\u00e9s \u00e0 la main.<\/span><\/p>\n\n\n<p><\/p>\n","protected":false},"featured_media":0,"template":"","better_featured_image":null,"acf":{"gallery_photos_12_columns_reference":[{"image_gallery_columns":"https:\/\/static.effe.it\/website\/2021\/09\/upper-west-side-1%402x-scaled.jpg","copy_image_column":"","numer_of_columns":"12","embed_video_gallery":""},{"image_gallery_columns":"https:\/\/static.effe.it\/website\/2021\/09\/upper-west-side-2%402x.jpg","copy_image_column":"","numer_of_columns":"3","embed_video_gallery":""},{"image_gallery_columns":"https:\/\/static.effe.it\/website\/2021\/09\/upper-west-side-3%402x.jpg","copy_image_column":"","numer_of_columns":"6","embed_video_gallery":""},{"image_gallery_columns":"https:\/\/static.effe.it\/website\/2021\/09\/upper-west-side-4%402x.jpg","copy_image_column":"","numer_of_columns":"6","embed_video_gallery":""},{"image_gallery_columns":"https:\/\/static.effe.it\/website\/2021\/09\/upper-west-side-5%402x.jpg","copy_image_column":"","numer_of_columns":"3","embed_video_gallery":""},{"image_gallery_columns":"https:\/\/static.effe.it\/website\/2021\/09\/upper-west-side-6%402x-scaled.jpg","copy_image_column":"","numer_of_columns":"12","embed_video_gallery":""},{"image_gallery_columns":"https:\/\/static.effe.it\/website\/2021\/09\/upper-west-side-2.jpg","copy_image_column":"","numer_of_columns":"9","embed_video_gallery":""},{"image_gallery_columns":"https:\/\/static.effe.it\/website\/2021\/09\/upper-west-side-3.jpg","copy_image_column":"","numer_of_columns":"5","embed_video_gallery":""},{"image_gallery_columns":"https:\/\/static.effe.it\/website\/2021\/09\/upper-west-side-4.jpg","copy_image_column":"","numer_of_columns":"5","embed_video_gallery":""},{"image_gallery_columns":"https:\/\/static.effe.it\/website\/2021\/09\/upper-west-side-1-scaled.jpg","copy_image_column":"","numer_of_columns":"12","embed_video_gallery":""}],"related_products_group":{"toggle_related_product_field":true,"related_products":[{"ID":9692,"post_author":"12708","post_date":"2021-07-29 11:03:03","post_date_gmt":"2021-07-29 09:03:03","post_content":"Un sauna au design unique, en mesure de conf\u00e9rer \u00e0 l'environnement une forte personnalit\u00e9 et une grande \u00e9l\u00e9gance. Le po\u00eale du sauna de BodyLove est rev\u00eatu en c\u00e9ramique \u00e9maill\u00e9e, avec des couleurs uniques : un mat\u00e9riau pr\u00e9cieux qui met en valeur la beaut\u00e9 douce du bois. La source de chaleur, \u00e9l\u00e9ment extr\u00eamement important dans la tradition du sauna finlandais, occupe \u00e0 nouveau \u00e9galement dans l'esth\u00e9tique un r\u00f4le de premier plan. Les parois sont propos\u00e9es en deux diverses essences de bois : Hemlock naturel et bois massif thermo-trait\u00e9, avec la possibilit\u00e9 d'ins\u00e9rer sur demande des surfaces en miroir. BodyLove est dot\u00e9 de boiseries externes qui mettent en relief la dimension domestique du syst\u00e8me, con\u00e7u pour faire partie de l'ameublement. Comme tous les produits Effe, BodyLove offre un \u00e9ventail de possibilit\u00e9s de personnalisation en termes de choix et assortiment des mat\u00e9riaux pour r\u00e9aliser un espace bien-\u00eatre vraiment sur mesure.","post_title":"BodyLove S","post_excerpt":"","post_status":"publish","comment_status":"closed","ping_status":"closed","post_password":"","post_name":"bodylove-s","to_ping":"","pinged":"","post_modified":"2026-04-29 17:12:52","post_modified_gmt":"2026-04-29 15:12:52","post_content_filtered":"","post_parent":0,"guid":"https:\/\/www.effe.it\/prodotto\/bodylove-s\/","menu_order":0,"post_type":"prodotto","post_mime_type":"","comment_count":"0","filter":"raw"},{"ID":9724,"post_author":"9693","post_date":"2021-07-29 11:03:03","post_date_gmt":"2021-07-29 09:03:03","post_content":"Toute la zone sauna est rev\u00eatue en bois de Hemlock canadien, le mat\u00e9riau le plus pr\u00e9cieux utilis\u00e9 pour les saunas finlandais. La structure externe au sauna est disponible en trois finitions standard, ou avec des couleurs personnalis\u00e9es. Sauna et douche sont deux \u00e9l\u00e9ments qui se compl\u00e8tent : les espaces sont distribu\u00e9s de mani\u00e8re que tout soit pratique et fonctionnel. Le sauna cr\u00e9e un environnement tr\u00e8s chaud et sec, quasiment sans humidit\u00e9. Cela stimule la transpiration et l'expulsion des toxines de notre corps. Prendre une douche ti\u00e8de ou fra\u00eeche \u00e0 la sortie du sauna est extr\u00eamement agr\u00e9able et tonifiant. Disponible \u00e9galement dans la variante Filo (sans caillebotis) pour s\u2019int\u00e9grer au mieux avec l\u2019environnement.","post_title":"Logica S","post_excerpt":"","post_status":"draft","comment_status":"closed","ping_status":"closed","post_password":"","post_name":"logica-s","to_ping":"","pinged":"","post_modified":"2023-11-28 20:35:01","post_modified_gmt":"2023-11-28 18:35:01","post_content_filtered":"","post_parent":0,"guid":"https:\/\/www.effe.it\/prodotto\/logica-s\/","menu_order":0,"post_type":"prodotto","post_mime_type":"","comment_count":"0","filter":"raw"},{"ID":9745,"post_author":"12708","post_date":"2021-07-29 11:03:03","post_date_gmt":"2021-07-29 09:03:03","post_content":"Trois diverses solutions esth\u00e9tiques d\u00e9clinables en trois diverses essences de bois permettent de r\u00e9aliser toutes propositions conceptuelles. Le volume du po\u00eale est int\u00e9gr\u00e9 dans la banquette inf\u00e9rieure, offrant ainsi une image de grande lin\u00e9arit\u00e9 formelle.\n\nL'inspiration, dont il tire son nom, se penche sur une branche particuli\u00e8re de la m\u00e9decine naturelle japonaise bas\u00e9e sur les effets b\u00e9n\u00e9fiques du contact avec les plantes et avec l'atmosph\u00e8re des for\u00eats.","post_title":"Yoku S","post_excerpt":"","post_status":"publish","comment_status":"closed","ping_status":"closed","post_password":"","post_name":"yoku-s","to_ping":"","pinged":"","post_modified":"2026-04-30 10:33:51","post_modified_gmt":"2026-04-30 08:33:51","post_content_filtered":"","post_parent":0,"guid":"https:\/\/www.effe.it\/prodotto\/yoku-s\/","menu_order":0,"post_type":"prodotto","post_mime_type":"","comment_count":"0","filter":"raw"},{"ID":9735,"post_author":"12708","post_date":"2021-07-29 11:03:03","post_date_gmt":"2021-07-29 09:03:03","post_content":"Sky est r\u00e9alis\u00e9 en bois pr\u00e9cieux Hemlock canadien ou Aspen thermo-trait\u00e9 et vitres tremp\u00e9es de 10 mm. Paroi frontale, porte et plafond en verre conf\u00e8rent \u00e0 Sky une extr\u00eame transparence et l\u00e9g\u00e8ret\u00e9.","post_title":"Sky","post_excerpt":"","post_status":"publish","comment_status":"closed","ping_status":"closed","post_password":"","post_name":"sky","to_ping":"","pinged":"","post_modified":"2026-04-30 11:09:15","post_modified_gmt":"2026-04-30 09:09:15","post_content_filtered":"","post_parent":0,"guid":"https:\/\/www.effe.it\/prodotto\/sky\/","menu_order":0,"post_type":"prodotto","post_mime_type":"","comment_count":"0","filter":"raw"}]},"abilitare_progetti_simili":true,"similar_projects":[{"ID":21402,"post_author":"6","post_date":"2021-09-03 14:36:31","post_date_gmt":"2021-09-03 12:36:31","post_content":"<span data-sheets-value=\"{&quot;1&quot;:2,&quot;2&quot;:&quot;Le Golfo dei Poeti Relais &amp; Spa repr\u00e9sente le point de rencontre des trois \u00e9l\u00e9ments qui condensent l\u2019essence de notre vision de l\u2019accueil : ici le temps, le silence et l\u2019espace sont les v\u00e9ritables protagonistes. Dans cet \u00e9tablissement, Effe a r\u00e9alis\u00e9 un sauna avec vue sur la mer, les clients de la structure peuvent profiter de leur moment de bien-\u00eatre en admirant la c\u00f4te ligure gr\u00e2ce \u00e0 la grande baie vitr\u00e9e.&quot;}\" data-sheets-userformat=\"{&quot;2&quot;:257,&quot;3&quot;:{&quot;1&quot;:0},&quot;11&quot;:4}\">Le Golfo dei Poeti Relais &amp; Spa repr\u00e9sente le point de rencontre des trois \u00e9l\u00e9ments qui condensent l\u2019essence de notre vision de l\u2019accueil : ici le temps, le silence et l\u2019espace sont les v\u00e9ritables protagonistes. Dans cet \u00e9tablissement, Effe a r\u00e9alis\u00e9 un sauna avec vue sur la mer, les clients de la structure peuvent profiter de leur moment de bien-\u00eatre en admirant la c\u00f4te ligure gr\u00e2ce \u00e0 la grande baie vitr\u00e9e.<\/span>","post_title":"Golfo dei Poeti Relais","post_excerpt":"","post_status":"publish","comment_status":"closed","ping_status":"closed","post_password":"","post_name":"golfo-dei-poeti-relais","to_ping":"","pinged":"","post_modified":"2022-03-04 11:41:27","post_modified_gmt":"2022-03-04 09:41:27","post_content_filtered":"","post_parent":0,"guid":"https:\/\/www.effe.it\/referenza\/golfo-dei-poeti-relais\/","menu_order":0,"post_type":"referenza","post_mime_type":"","comment_count":"0","filter":"raw"},{"ID":25735,"post_author":"10","post_date":"2021-09-03 14:36:31","post_date_gmt":"2021-09-03 12:36:31","post_content":"<p class=\"p1\">Dans l\u2019un des meilleurs emplacements de Lovere, la Casa del Porto est \u00e9quip\u00e9e d\u2019une zone bien-\u00eatre avec sauna et hammam de la marque Effe. Cette zone wellness suggestive a \u00e9t\u00e9 r\u00e9alis\u00e9e sur mesure dans les anciennes citernes souterraines.<\/p>","post_title":"La Casa del Porto","post_excerpt":"","post_status":"publish","comment_status":"closed","ping_status":"closed","post_password":"","post_name":"la-casa-del-porto-2","to_ping":"","pinged":"","post_modified":"2023-07-03 11:34:44","post_modified_gmt":"2023-07-03 09:34:44","post_content_filtered":"","post_parent":0,"guid":"https:\/\/www.effe.it\/referenza\/la-casa-del-porto-2\/","menu_order":0,"post_type":"referenza","post_mime_type":"","comment_count":"0","filter":"raw"}]},"_links":{"self":[{"href":"https:\/\/www.effe.it\/fr\/wp-json\/wp\/v2\/referenza\/21167"}],"collection":[{"href":"https:\/\/www.effe.it\/fr\/wp-json\/wp\/v2\/referenza"}],"about":[{"href":"https:\/\/www.effe.it\/fr\/wp-json\/wp\/v2\/types\/referenza"}],"wp:attachment":[{"href":"https:\/\/www.effe.it\/fr\/wp-json\/wp\/v2\/media?parent=21167"}],"curies":[{"name":"wp","href":"https:\/\/api.w.org\/{rel}","templated":true}]}}

<p><span data-sheets-value="{&quot;1&quot;:2,&quot;2&quot;:&quot;Magnifique appartement au dernier étage situé dans l’Upper West Side, le quartier de Manhattan compris entre Central Park et l’Hudson, avec sauna privé Effe réalisé sur mesure. Dans le projet les teintes naturelles du bois Aspen thermo-traité se marient à la perfection avec les carreaux de style marocain réalisés à la main.&quot;}" data-sheets-userformat="{&quot;2&quot;:257,&quot;3&quot;:{&quot;1&quot;:0},&quot;11&quot;:4}">Magnifique appartement au dernier étage situé dans l’Upper West Side, le quartier de Manhattan compris entre Central Park et l’Hudson, avec sauna privé Effe réalisé sur mesure. Dans le projet les teintes naturelles du bois Aspen thermo-traité se marient à la perfection avec les carreaux de style marocain réalisés à la main.</span></p>


<p></p>

Un sauna au design unique, en mesure de conférer à l'environnement une forte personnalité et une grande élégance. Le poêle du sauna de BodyLove est revêtu en céramique émaillée, avec des couleurs uniques : un matériau précieux qui met en valeur la beauté douce du bois. La source de chaleur, élément extrêmement important dans la tradition du sauna finlandais, occupe à nouveau également dans l'esthétique un rôle de premier plan. Les parois sont proposées en deux diverses essences de bois : Hemlock naturel et bois massif thermo-traité, avec la possibilité d'insérer sur demande des surfaces en miroir. BodyLove est doté de boiseries externes qui mettent en relief la dimension domestique du système, conçu pour faire partie de l'ameublement. Comme tous les produits Effe, BodyLove offre un éventail de possibilités de personnalisation en termes de choix et assortiment des matériaux pour réaliser un espace bien-être vraiment sur mesure.

Toute la zone sauna est revêtue en bois de Hemlock canadien, le matériau le plus précieux utilisé pour les saunas finlandais. La structure externe au sauna est disponible en trois finitions standard, ou avec des couleurs personnalisées. Sauna et douche sont deux éléments qui se complètent : les espaces sont distribués de manière que tout soit pratique et fonctionnel. Le sauna crée un environnement très chaud et sec, quasiment sans humidité. Cela stimule la transpiration et l'expulsion des toxines de notre corps. Prendre une douche tiède ou fraîche à la sortie du sauna est extrêmement agréable et tonifiant. Disponible également dans la variante Filo (sans caillebotis) pour s’intégrer au mieux avec l’environnement.

Trois diverses solutions esthétiques déclinables en trois diverses essences de bois permettent de réaliser toutes propositions conceptuelles. Le volume du poêle est intégré dans la banquette inférieure, offrant ainsi une image de grande linéarité formelle.

L'inspiration, dont il tire son nom, se penche sur une branche particulière de la médecine naturelle japonaise basée sur les effets bénéfiques du contact avec les plantes et avec l'atmosphère des forêts.

Sky est réalisé en bois précieux Hemlock canadien ou Aspen thermo-traité et vitres trempées de 10 mm. Paroi frontale, porte et plafond en verre confèrent à Sky une extrême transparence et légèreté.

<span data-sheets-value="{&quot;1&quot;:2,&quot;2&quot;:&quot;Le Golfo dei Poeti Relais &amp; Spa représente le point de rencontre des trois éléments qui condensent l’essence de notre vision de l’accueil : ici le temps, le silence et l’espace sont les véritables protagonistes. Dans cet établissement, Effe a réalisé un sauna avec vue sur la mer, les clients de la structure peuvent profiter de leur moment de bien-être en admirant la côte ligure grâce à la grande baie vitrée.&quot;}" data-sheets-userformat="{&quot;2&quot;:257,&quot;3&quot;:{&quot;1&quot;:0},&quot;11&quot;:4}">Le Golfo dei Poeti Relais &amp; Spa représente le point de rencontre des trois éléments qui condensent l’essence de notre vision de l’accueil : ici le temps, le silence et l’espace sont les véritables protagonistes. Dans cet établissement, Effe a réalisé un sauna avec vue sur la mer, les clients de la structure peuvent profiter de leur moment de bien-être en admirant la côte ligure grâce à la grande baie vitrée.</span>

<p class="p1">Dans l’un des meilleurs emplacements de Lovere, la Casa del Porto est équipée d’une zone bien-être avec sauna et hammam de la marque Effe. Cette zone wellness suggestive a été réalisée sur mesure dans les anciennes citernes souterraines.</p>
