{"id":21162,"date":"2021-10-05T15:21:34","date_gmt":"2021-10-05T13:21:34","guid":{"rendered":"https:\/\/www.effe.it\/referenza\/arte-surfside-miami-beach\/"},"modified":"2022-03-03T12:09:59","modified_gmt":"2022-03-03T10:09:59","slug":"arte-surfside-miami-beach","status":"publish","type":"referenza","link":"https:\/\/www.effe.it\/fr\/referenza\/arte-surfside-miami-beach\/","title":{"rendered":"Arte Surfside Miami Beach"},"content":{"rendered":"\n<p>Arte, immeuble unique en son genre compos\u00e9 de seize appartements avec vue sur la mer dans le quartier de Surfside, est le tout premier projet aux \u00c9tats-Unis n\u00e9 du partenariat italien l\u00e9gendaire entre design et architecture d\u2019Antonio Citterio et de Patricia Viel en collaboration avec Kobi Karp Architecture &amp; Interior Design.<\/p>\n","protected":false},"featured_media":0,"template":"","better_featured_image":null,"acf":{"gallery_photos_12_columns_reference":[{"image_gallery_columns":"https:\/\/static.effe.it\/website\/2021\/10\/slider-arte-surfside-miami-beach-1-scaled.jpg","copy_image_column":"","numer_of_columns":"12","embed_video_gallery":""},{"image_gallery_columns":"https:\/\/static.effe.it\/website\/2021\/10\/arte-surfside-miami-beach-1.jpg","copy_image_column":"","numer_of_columns":"5","embed_video_gallery":""},{"image_gallery_columns":"https:\/\/static.effe.it\/website\/2021\/10\/arte-surfside-miami-beach-2.jpg","copy_image_column":"","numer_of_columns":"5","embed_video_gallery":""},{"image_gallery_columns":"https:\/\/static.effe.it\/website\/2021\/10\/slider-arte-surfside-miami-beach-2-scaled.jpg","copy_image_column":"","numer_of_columns":"12","embed_video_gallery":""}],"related_products_group":{"toggle_related_product_field":true,"related_products":[{"ID":9603,"post_author":"12708","post_date":"2021-07-29 12:19:09","post_date_gmt":"2021-07-29 10:19:09","post_content":"G\u00e9n\u00e9rateur de vapeur professionnel externe, indiqu\u00e9 pour d\u2019amples cubages. Fonctionnement de longue dur\u00e9e sans n\u00e9cessit\u00e9 d\u2019entretien. Nuvola Smart Power est adapt\u00e9 pour des applications escamotables et s\u2019int\u00e8gre donc facilement \u00e0 toutes les solutions d\u2019ameublement.\nContr\u00f4le automatique des thermor\u00e9sistances pour une distribution de vapeur uniforme dans le temps.\nLe diffuseur de vapeur Smart, disponible dans la version Glass et Camouflage,\nest \u00e9quip\u00e9 du syst\u00e8me PSF (Power Steam Function) innovant qui garantit l\u2019uniformit\u00e9 de la vapeur et de la temp\u00e9rature.\nLe diffuseur de vapeur traditionnel, avec porte-essences, est personnalisable en 3 finitions\u00a0: Chrome, Noir mat PVD, Canon de fusil mat PVD.","post_title":"Nuvola Smart","post_excerpt":"","post_status":"publish","comment_status":"closed","ping_status":"closed","post_password":"","post_name":"nuvola-smart","to_ping":"","pinged":"","post_modified":"2025-11-13 11:16:04","post_modified_gmt":"2025-11-13 09:16:04","post_content_filtered":"","post_parent":0,"guid":"https:\/\/www.effe.it\/prodotto\/nuvola-smart-power\/","menu_order":0,"post_type":"prodotto","post_mime_type":"","comment_count":"0","filter":"raw"},{"ID":9735,"post_author":"12708","post_date":"2021-07-29 11:03:03","post_date_gmt":"2021-07-29 09:03:03","post_content":"Sky est r\u00e9alis\u00e9 en bois pr\u00e9cieux Hemlock canadien ou Aspen thermo-trait\u00e9 et vitres tremp\u00e9es de 10 mm. Paroi frontale, porte et plafond en verre conf\u00e8rent \u00e0 Sky une extr\u00eame transparence et l\u00e9g\u00e8ret\u00e9.","post_title":"Sky","post_excerpt":"","post_status":"publish","comment_status":"closed","ping_status":"closed","post_password":"","post_name":"sky","to_ping":"","pinged":"","post_modified":"2026-04-30 11:09:15","post_modified_gmt":"2026-04-30 09:09:15","post_content_filtered":"","post_parent":0,"guid":"https:\/\/www.effe.it\/prodotto\/sky\/","menu_order":0,"post_type":"prodotto","post_mime_type":"","comment_count":"0","filter":"raw"}]},"abilitare_progetti_simili":true,"similar_projects":[{"ID":24977,"post_author":"10","post_date":"2021-09-03 14:36:31","post_date_gmt":"2021-09-03 12:36:31","post_content":"<p class=\"p1\">L\u2019h\u00f4tel Re delle Alpi d\u00e9ploie ses 4 \u00e9toiles \u00e0 2000 m\u00e8tres d\u2019altitude, directement sur les pistes de ski de La Thuile, dans la province d\u2019Aoste, en couronnant les alentours et la splendide position panoramique avec excellence, aventure et bien-\u00eatre. Le Spa Wellness &amp; Relax de l\u2019h\u00f4tel se trouve dans un environnement de classe pens\u00e9 pour retrouver l\u2019harmonie et l\u2019\u00e9quilibre.<\/p>\n\n<!-- wp:paragraph -->\n<p><\/p>\n<!-- \/wp:paragraph -->","post_title":"Hotel Re delle Alpi","post_excerpt":"","post_status":"publish","comment_status":"closed","ping_status":"closed","post_password":"","post_name":"hotel-re-delle-alpi-2","to_ping":"","pinged":"","post_modified":"2023-07-03 10:33:26","post_modified_gmt":"2023-07-03 08:33:26","post_content_filtered":"","post_parent":0,"guid":"https:\/\/www.effe.it\/referenza\/hotel-re-delle-alpi-2\/","menu_order":0,"post_type":"referenza","post_mime_type":"","comment_count":"0","filter":"raw"},{"ID":24735,"post_author":"10","post_date":"2021-09-03 14:36:31","post_date_gmt":"2021-09-03 12:36:31","post_content":"<p class=\"p1\">L\u2019\u00e9l\u00e9gance du style Liberty anglais insolite pour la r\u00e9gion domine le Belv\u00e9d\u00e8re de Cesena gr\u00e2ce \u00e0 un projet extraordinaire de restauration de Villa Monty Banks. Michele Manuzzi et Erika Galbucci ont inaugur\u00e9 la nouvelle structure d\u2019accueil en d\u00e9cidant d\u2019\u00e9quiper leur plus belle suite avec une version sp\u00e9ciale de Yoku S d\u2019Effe aux parois recouvertes de miroirs. La zone Spa de la Villa propose un parcours sant\u00e9 alternant la vapeur, l\u2019eau, la chaleur et la d\u00e9tente.<\/p>","post_title":"Villa Monty Banks","post_excerpt":"","post_status":"publish","comment_status":"closed","ping_status":"closed","post_password":"","post_name":"villa-monty-banks-2","to_ping":"","pinged":"","post_modified":"2023-07-03 10:21:47","post_modified_gmt":"2023-07-03 08:21:47","post_content_filtered":"","post_parent":0,"guid":"https:\/\/www.effe.it\/referenza\/villa-monty-banks-2\/","menu_order":0,"post_type":"referenza","post_mime_type":"","comment_count":"0","filter":"raw"},{"ID":25169,"post_author":"10","post_date":"2021-09-03 14:36:31","post_date_gmt":"2021-09-03 12:36:31","post_content":"<p class=\"p1\">Le Gallia Palace Hotel a s\u00e9lectionn\u00e9 les produits Effe pour la r\u00e9alisation de ses zones wellness. \u00c0 l\u2019int\u00e9rieur du spa priv\u00e9 de l\u2019h\u00f4tel le choix s\u2019est port\u00e9 sur Logica Spa, tandis que le centre de bien-\u00eatre est \u00e9quip\u00e9 de Hammam, Sauna, Bucket Shower et fontaine de glace. Au c\u0153ur du maquis m\u00e9diterran\u00e9en, dans la splendide station baln\u00e9aire de Punta Ala, l\u2019h\u00f4tel Gallia est l\u2019id\u00e9al pour des vacances relaxantes dans une atmosph\u00e8re de Dolce Vita.<\/p>","post_title":"Gallia Palace Resort","post_excerpt":"","post_status":"publish","comment_status":"closed","ping_status":"closed","post_password":"","post_name":"gallia-palace-resort","to_ping":"","pinged":"","post_modified":"2023-07-03 10:40:30","post_modified_gmt":"2023-07-03 08:40:30","post_content_filtered":"","post_parent":0,"guid":"https:\/\/www.effe.it\/referenza\/gallia-palace-resort\/","menu_order":0,"post_type":"referenza","post_mime_type":"","comment_count":"0","filter":"raw"},{"ID":24579,"post_author":"10","post_date":"2021-09-03 14:36:31","post_date_gmt":"2021-09-03 12:36:31","post_content":"<p class=\"p1\">Avec ses 5 \u00e9toiles et plus de 80 ans d\u2019histoire, le luxueux May Fair Hotel se trouve dans le quartier du m\u00eame nom \u00e0 Londres, entour\u00e9 des plus c\u00e9l\u00e8bres attractions de la capitale. Effe a r\u00e9alis\u00e9 pour cet h\u00f4tel un syst\u00e8me spa sym\u00e9trique compos\u00e9 de BodyLove S et BodyLove H, en deux versions exceptionnellement in\u00e9dites, caract\u00e9ris\u00e9es par des lignes verticales g\u00e9om\u00e9triques et nettes qui mettent en valeur le luxe minimaliste du pr\u00e9cieux h\u00f4tel.<\/p>","post_title":"Mayfair Park Residences","post_excerpt":"","post_status":"publish","comment_status":"closed","ping_status":"closed","post_password":"","post_name":"mayfair-park-residences","to_ping":"","pinged":"","post_modified":"2023-07-03 10:13:49","post_modified_gmt":"2023-07-03 08:13:49","post_content_filtered":"","post_parent":0,"guid":"https:\/\/www.effe.it\/referenza\/mayfair-park-residences\/","menu_order":0,"post_type":"referenza","post_mime_type":"","comment_count":"0","filter":"raw"}]},"_links":{"self":[{"href":"https:\/\/www.effe.it\/fr\/wp-json\/wp\/v2\/referenza\/21162"}],"collection":[{"href":"https:\/\/www.effe.it\/fr\/wp-json\/wp\/v2\/referenza"}],"about":[{"href":"https:\/\/www.effe.it\/fr\/wp-json\/wp\/v2\/types\/referenza"}],"wp:attachment":[{"href":"https:\/\/www.effe.it\/fr\/wp-json\/wp\/v2\/media?parent=21162"}],"curies":[{"name":"wp","href":"https:\/\/api.w.org\/{rel}","templated":true}]}}

<p>Arte, immeuble unique en son genre composé de seize appartements avec vue sur la mer dans le quartier de Surfside, est le tout premier projet aux États-Unis né du partenariat italien légendaire entre design et architecture d’Antonio Citterio et de Patricia Viel en collaboration avec Kobi Karp Architecture &amp; Interior Design.</p>

Générateur de vapeur professionnel externe, indiqué pour d’amples cubages. Fonctionnement de longue durée sans nécessité d’entretien. Nuvola Smart Power est adapté pour des applications escamotables et s’intègre donc facilement à toutes les solutions d’ameublement.
Contrôle automatique des thermorésistances pour une distribution de vapeur uniforme dans le temps.
Le diffuseur de vapeur Smart, disponible dans la version Glass et Camouflage,
est équipé du système PSF (Power Steam Function) innovant qui garantit l’uniformité de la vapeur et de la température.
Le diffuseur de vapeur traditionnel, avec porte-essences, est personnalisable en 3 finitions : Chrome, Noir mat PVD, Canon de fusil mat PVD.

Sky est réalisé en bois précieux Hemlock canadien ou Aspen thermo-traité et vitres trempées de 10 mm. Paroi frontale, porte et plafond en verre confèrent à Sky une extrême transparence et légèreté.

<p class="p1">L’hôtel Re delle Alpi déploie ses 4 étoiles à 2000 mètres d’altitude, directement sur les pistes de ski de La Thuile, dans la province d’Aoste, en couronnant les alentours et la splendide position panoramique avec excellence, aventure et bien-être. Le Spa Wellness &amp; Relax de l’hôtel se trouve dans un environnement de classe pensé pour retrouver l’harmonie et l’équilibre.</p>

<!-- wp:paragraph -->
<p></p>
<!-- /wp:paragraph -->

<p class="p1">L’élégance du style Liberty anglais insolite pour la région domine le Belvédère de Cesena grâce à un projet extraordinaire de restauration de Villa Monty Banks. Michele Manuzzi et Erika Galbucci ont inauguré la nouvelle structure d’accueil en décidant d’équiper leur plus belle suite avec une version spéciale de Yoku S d’Effe aux parois recouvertes de miroirs. La zone Spa de la Villa propose un parcours santé alternant la vapeur, l’eau, la chaleur et la détente.</p>

<p class="p1">Le Gallia Palace Hotel a sélectionné les produits Effe pour la réalisation de ses zones wellness. À l’intérieur du spa privé de l’hôtel le choix s’est porté sur Logica Spa, tandis que le centre de bien-être est équipé de Hammam, Sauna, Bucket Shower et fontaine de glace. Au cœur du maquis méditerranéen, dans la splendide station balnéaire de Punta Ala, l’hôtel Gallia est l’idéal pour des vacances relaxantes dans une atmosphère de Dolce Vita.</p>

<p class="p1">Avec ses 5 étoiles et plus de 80 ans d’histoire, le luxueux May Fair Hotel se trouve dans le quartier du même nom à Londres, entouré des plus célèbres attractions de la capitale. Effe a réalisé pour cet hôtel un système spa symétrique composé de BodyLove S et BodyLove H, en deux versions exceptionnellement inédites, caractérisées par des lignes verticales géométriques et nettes qui mettent en valeur le luxe minimaliste du précieux hôtel.</p>
