{"id":9675,"date":"2021-07-29T12:19:09","date_gmt":"2021-07-29T10:19:09","guid":{"rendered":"https:\/\/www.effe.it\/prodotto\/idea-ir\/"},"modified":"2025-05-20T17:55:26","modified_gmt":"2025-05-20T15:55:26","slug":"idea-ir","status":"publish","type":"prodotto","link":"https:\/\/www.effe.it\/fr\/produit\/idea-ir\/","title":{"rendered":"Idea IR"},"content":{"rendered":"\n<p>La temp\u00e9rature dans les cabines \u00e0 infrarouge est d\u2019environ 30-40&nbsp;\u00b0C, \u00e0 la diff\u00e9rence des saunas traditionnels qui peuvent atteindre 90-100&nbsp;\u00b0C. Les rayons infrarouges ont la caract\u00e9ristique de p\u00e9n\u00e9trer en profondeur dans la peau et de g\u00e9n\u00e9rer des effets bienfaisants pour notre corps&nbsp;: relaxation profonde, soulagement des douleurs musculaires, stimulation de la circulation sanguine, activation des processus m\u00e9taboliques. Les temps de s\u00e9jour dans les cabines \u00e0 infrarouge peuvent aller jusqu\u2019\u00e0 60 minutes.<\/p>\n\n\n\n<p>Esth\u00e9tiquement, Idea IR est caract\u00e9ris\u00e9e par le cadre ext\u00e9rieur avec intrados inclin\u00e9 qui cr\u00e9e un profil d\u2019ombre et donne de la profondeur malgr\u00e9 les dimensions limit\u00e9es. Les parois internes sont en panneaux de Hemlock lisses. L\u2019\u00e9clairage interne, rasant par rapport \u00e0 la paroi du fond, cr\u00e9e une atmosph\u00e8re particuli\u00e8rement accueillante. Les \u00e9metteurs infrarouges sont plac\u00e9s dans les angles internes (2 ou 4 \u00e9metteurs suivant la dimension).<\/p>\n","protected":false},"featured_media":22433,"menu_order":0,"template":"","categorie_prodotti":[1199],"famiglia_prodotti":[],"better_featured_image":{"id":22433,"alt_text":"","caption":"","description":"","media_type":"image","media_details":{"width":1184,"height":960,"file":"2021\/07\/landing-saune-idea-ir.jpg","sizes":{"medium":{"file":"landing-saune-idea-ir-300x243.jpg","width":300,"height":243,"mime-type":"image\/jpeg","source_url":"https:\/\/static.effe.it\/website\/2021\/07\/landing-saune-idea-ir-300x243.jpg"},"large":{"file":"landing-saune-idea-ir-1024x830.jpg","width":1024,"height":830,"mime-type":"image\/jpeg","source_url":"https:\/\/static.effe.it\/website\/2021\/07\/landing-saune-idea-ir-1024x830.jpg"},"thumbnail":{"file":"landing-saune-idea-ir-150x150.jpg","width":150,"height":150,"mime-type":"image\/jpeg","source_url":"https:\/\/static.effe.it\/website\/2021\/07\/landing-saune-idea-ir-150x150.jpg"},"medium_large":{"file":"landing-saune-idea-ir-768x623.jpg","width":768,"height":623,"mime-type":"image\/jpeg","source_url":"https:\/\/static.effe.it\/website\/2021\/07\/landing-saune-idea-ir-768x623.jpg"},"image-related-size":{"file":"landing-saune-idea-ir-420x285.jpg","width":420,"height":285,"mime-type":"image\/jpeg","source_url":"https:\/\/static.effe.it\/website\/2021\/07\/landing-saune-idea-ir-420x285.jpg"},"image-related-size-bigger-sq":{"file":"landing-saune-idea-ir-624x468.jpg","width":624,"height":468,"mime-type":"image\/jpeg","source_url":"https:\/\/static.effe.it\/website\/2021\/07\/landing-saune-idea-ir-624x468.jpg"},"image-designer-product":{"file":"landing-saune-idea-ir-644x587.jpg","width":644,"height":587,"mime-type":"image\/jpeg","source_url":"https:\/\/static.effe.it\/website\/2021\/07\/landing-saune-idea-ir-644x587.jpg"}},"image_meta":{"aperture":"0","credit":"","camera":"","caption":"","created_timestamp":"0","copyright":"","focal_length":"0","iso":"0","shutter_speed":"0","title":"","orientation":"1","keywords":[]}},"post":9697,"source_url":"https:\/\/static.effe.it\/website\/2021\/07\/landing-saune-idea-ir.jpg"},"acf":{"intro_text":"Une ligne de cabines \u00e0 infrarouge compl\u00e8te la gamme des saunas Effe. Les rayons infrarouges ont la capacit\u00e9 de p\u00e9n\u00e9trer en profondeur dans la peau, en r\u00e9chauffant le corps et en maintenant la temp\u00e9rature de l\u2019environnement plus basse que dans les saunas traditionnels.","related_products_group":{"toggle_related_product_field":false,"related_products":null},"optional_products_group":{"optional_toggle_field":false,"related_optional":""},"accordion_group":{"":null,"materials-toggle-field":true,"miniatura_materiali":false,"materials_group":[{"materials_title":"PIN FINLANDAIS","single_materials_repeater":[{"position_material":"Paroi arri\u00e8re int\u00e9rieure, \u00e9quipements","single_materials":[{"ID":2547,"post_author":"2","post_date":"2021-07-29 10:50:08","post_date_gmt":"2021-07-29 08:50:08","post_content":"","post_title":"Pin finlandais (lattes)","post_excerpt":"","post_status":"publish","comment_status":"open","ping_status":"open","post_password":"","post_name":"pin-finlandais-lattes","to_ping":"","pinged":"","post_modified":"2021-07-29 10:50:08","post_modified_gmt":"2021-07-29 08:50:08","post_content_filtered":"","post_parent":0,"guid":"https:\/\/www.effe.it\/materiale_prodotto\/pin-finlandais-lattes\/","menu_order":0,"post_type":"materiale_prodotto","post_mime_type":"","comment_count":"0","filter":"raw"}]}],"abilitare_numerazione":true},{"materials_title":"TREMBLE THERMO-TRAIT\u00c9","single_materials_repeater":[{"position_material":"Paroi arri\u00e8re int\u00e9rieure, mobilier","single_materials":[{"ID":2562,"post_author":"2","post_date":"2021-07-29 10:50:11","post_date_gmt":"2021-07-29 08:50:11","post_content":"","post_title":"Tremble thermo-trait\u00e9 (lattes)","post_excerpt":"","post_status":"publish","comment_status":"open","ping_status":"open","post_password":"","post_name":"tremble-thermo-traite-lattes-2","to_ping":"","pinged":"","post_modified":"2021-07-29 10:50:11","post_modified_gmt":"2021-07-29 08:50:11","post_content_filtered":"","post_parent":0,"guid":"https:\/\/www.effe.it\/materiale_prodotto\/tremble-thermo-traite-lattes-2\/","menu_order":0,"post_type":"materiale_prodotto","post_mime_type":"","comment_count":"0","filter":"raw"}]},{"position_material":"Parois lat\u00e9rales int\u00e9rieures et ext\u00e9rieures","single_materials":[{"ID":2556,"post_author":"2","post_date":"2021-07-29 10:50:11","post_date_gmt":"2021-07-29 08:50:11","post_content":"","post_title":"Tremble thermo-trait\u00e9 (lisse)","post_excerpt":"","post_status":"publish","comment_status":"open","ping_status":"open","post_password":"","post_name":"tremble-thermo-traite-lisse","to_ping":"","pinged":"","post_modified":"2021-07-29 10:50:11","post_modified_gmt":"2021-07-29 08:50:11","post_content_filtered":"","post_parent":0,"guid":"https:\/\/www.effe.it\/materiale_prodotto\/tremble-thermo-traite-lisse\/","menu_order":0,"post_type":"materiale_prodotto","post_mime_type":"","comment_count":"0","filter":"raw"}]}],"abilitare_numerazione":true}],"toggle_designer":true,"designer":[{"ID":660,"post_author":"6","post_date":"2021-07-14 17:14:30","post_date_gmt":"2021-07-14 15:14:30","post_content":"Designer et architecte d'int\u00e9rieur, elle a entam\u00e9 sa profession dans la seconde moiti\u00e9 des ann\u00e9es 70. Apr\u00e8s plusieurs ann\u00e9es de travail en collaboration avec quelques coll\u00e8gues, elle a fond\u00e9 le cabinet Talocci Design en 1995. Le cabinet est actif avec un groupe de collaborateurs principalement dans le design de produits et expositions et la direction artistique, ainsi que dans la communication et l'organisation d'\u00e9v\u00e9nements. Une curiosit\u00e9 naturelle pour l'innovation, la recherche mat\u00e9rielle et technologique, l'observation profonde de la r\u00e9alit\u00e9 qui l'entoure, lui permettent de concevoir, dans des domaines compl\u00e8tement diff\u00e9rents, pour des entreprises prestigieuses, telles que Poltrona Frau, Teuco, Effegibi, Foppapedretti, Fantini, Provex, Falper, Scarabeo, Fratelli Guzzini, Fornara &amp; Maulini, Luceplan, Rapsel, Viasat, Italaquae, SanLorenzo, Domo, Et-al, Rina Menardi, Gran Tour, DMP Electronics, Stilhaus.\nElle a re\u00e7u de nombreux prix, notamment de multiples s\u00e9lections ADI Design Index, Mentions d\u2019honneurs au Compasso D'Oro, Prix Design Plus et German Design Award.\nElle combine son travail conceptuel de designer \u00e0 l'activit\u00e9 d'architecte d'int\u00e9rieur pour les espaces commerciaux et les maisons priv\u00e9es. Elle a coordonn\u00e9 de nombreux \u00e9v\u00e9nements culturels : plusieurs \u00e9ditions de \u00ab Abitare il Tempo \u00bb puis \u00ab Segnali di Cibo \u00bb, une exposition qui, en 1999, a anticip\u00e9 la tendance \u00e0 associer le design au th\u00e8me de l'alimentation, \u00ab Wonderfull World \u00bb, \u00ab Superfici \u00bb, \u00ab Caf\u00e9 \u00bb, \u00ab Evoca \u00bb, \u00ab Design on Board \u00bb, \u00ab Come l\u2019acqua sul fuoco \u00bb, \u00ab Italianism \u00bb. Elle pr\u00e9sente ou participe en tant qu'invit\u00e9 \u00e0 des programmes t\u00e9l\u00e9vis\u00e9s sur le design. Elle est membre de nombreux jurys dans des concours de design nationaux et internationaux. Elle enseigne \u00e0 l'Universit\u00e9 La Sapienza de Rome et dans des \u00c9coles de design, telles que IED, QUASAR et actuellement AANT.\nDepuis 1979, elle est membre de l'ADI, de 2004 \u00e0 2017 elle a fait partie du Comit\u00e9 Directeur National de l'ADI et de 2014 \u00e0 2017 elle en a \u00e9t\u00e9 la vice-pr\u00e9sidente. En 2017, elle a coordonn\u00e9 l'int\u00e9gration de la Collection Design dans le palais de la Farnesina et la cr\u00e9ation de la Salle Design. Elle est membre du Comit\u00e9 d\u2019orientation du Prix national pour l'Innovation \u00ab Prix des prix \u00bb, institu\u00e9 par concession du Pr\u00e9sident de la R\u00e9publique italienne \u00e0 la Fondation COTEC. En 2007, elle a fait partie du premier Conseil italien du design, institu\u00e9 par le Minist\u00e8re du patrimoine et des activit\u00e9s culturelles italien.","post_title":"Giovanna Talocci","post_excerpt":"","post_status":"publish","comment_status":"closed","ping_status":"closed","post_password":"","post_name":"giovanna-talocci","to_ping":"","pinged":"","post_modified":"2022-05-17 17:44:31","post_modified_gmt":"2022-05-17 15:44:31","post_content_filtered":"","post_parent":0,"guid":"https:\/\/www.effe.it\/designer\/giovanna-talocci\/","menu_order":30,"post_type":"designer","post_mime_type":"","comment_count":"0","filter":"raw"}],"models_relationship":[{"ID":8618,"post_author":"12708","post_date":"2021-08-02 13:04:41","post_date_gmt":"2021-08-02 11:04:41","post_content":"","post_title":"IDEA IR 1000","post_excerpt":"","post_status":"publish","comment_status":"closed","ping_status":"closed","post_password":"","post_name":"idea-ir-1000","to_ping":"","pinged":"","post_modified":"2024-11-04 12:05:26","post_modified_gmt":"2024-11-04 10:05:26","post_content_filtered":"","post_parent":0,"guid":"https:\/\/www.effe.it\/blog\/modelli\/idea-ir-1000\/","menu_order":0,"post_type":"modelli","post_mime_type":"","comment_count":"0","filter":"raw"},{"ID":8536,"post_author":"12708","post_date":"2021-08-02 13:04:41","post_date_gmt":"2021-08-02 11:04:41","post_content":"","post_title":"IDEA IR 2000","post_excerpt":"","post_status":"publish","comment_status":"closed","ping_status":"closed","post_password":"","post_name":"idea-ir-2000","to_ping":"","pinged":"","post_modified":"2024-11-04 12:00:27","post_modified_gmt":"2024-11-04 10:00:27","post_content_filtered":"","post_parent":0,"guid":"https:\/\/www.effe.it\/blog\/modelli\/idea-ir-2000\/","menu_order":0,"post_type":"modelli","post_mime_type":"","comment_count":"0","filter":"raw"}],"models_with_documents":true,"description_model_toggle_field":false,"model_description":"","disponibile_su_misura":false,"blueprint_toggle":false,"blueprint":null,"abilitare_versioni":false},"gallery_photos_12_columns":[{"image_gallery_columns":false,"copy_image_column":"","numer_of_columns":"12","embed_video_gallery":"https:\/\/vimeo.com\/708137166"},{"image_gallery_columns":"https:\/\/static.effe.it\/website\/2021\/07\/idea-1%402x-3.jpg","copy_image_column":"","numer_of_columns":"4","embed_video_gallery":""},{"image_gallery_columns":"https:\/\/static.effe.it\/website\/2021\/07\/Idea-2%402x-3.jpg","copy_image_column":"","numer_of_columns":"6","embed_video_gallery":""},{"image_gallery_columns":"https:\/\/static.effe.it\/website\/2021\/07\/idea-3%402x-3.jpg","copy_image_column":"","numer_of_columns":"5","embed_video_gallery":""},{"image_gallery_columns":"https:\/\/static.effe.it\/website\/2021\/07\/Idea-4%402x-3.jpg","copy_image_column":"","numer_of_columns":"4","embed_video_gallery":""},{"image_gallery_columns":"https:\/\/static.effe.it\/website\/2021\/07\/idea-5%402x-2-scaled.jpg","copy_image_column":"","numer_of_columns":"12","embed_video_gallery":""},{"image_gallery_columns":"https:\/\/static.effe.it\/website\/2021\/07\/Idea-6%402x-2.jpg","copy_image_column":"","numer_of_columns":"12","embed_video_gallery":""},{"image_gallery_columns":"https:\/\/static.effe.it\/website\/2021\/07\/Idea-7%402x-2.jpg","copy_image_column":"","numer_of_columns":"6","embed_video_gallery":""}],"slider_gallery":[{"image-slider-gallery":"https:\/\/static.effe.it\/website\/2021\/07\/slider-ideaIR-1.jpg","text-image-gallery":"","video":""}],"documents_related_collection_group":[{"input_type":"url","resource_url":"https:\/\/drive.google.com\/file\/d\/1vBPNQ3Vqigmk-n6DroWYwu9DywJ8XLbx\/view","document_title":"Brochure","file":false,"logged_in_only":false,"reserved_service_center":false},{"input_type":"url","resource_url":"https:\/\/drive.google.com\/file\/d\/1CTGmLI1yrAIOZLWc6I0xztVOScOeCL1L\/view?usp=drive_link","document_title":"Idea Ir 1000 - dwg","file":false,"logged_in_only":true,"reserved_service_center":false},{"input_type":"url","resource_url":"https:\/\/drive.google.com\/file\/d\/1eguALsNlQvyyzqXkHS9nCfy-eLyusDvc\/view?usp=drive_link","document_title":"Manuel d\u2019utilisation et d\u2019entretien","file":false,"logged_in_only":true,"reserved_service_center":false}]},"_links":{"self":[{"href":"https:\/\/www.effe.it\/fr\/wp-json\/wp\/v2\/products\/9675"}],"collection":[{"href":"https:\/\/www.effe.it\/fr\/wp-json\/wp\/v2\/products"}],"about":[{"href":"https:\/\/www.effe.it\/fr\/wp-json\/wp\/v2\/types\/prodotto"}],"version-history":[{"count":3,"href":"https:\/\/www.effe.it\/fr\/wp-json\/wp\/v2\/products\/9675\/revisions"}],"predecessor-version":[{"id":36341,"href":"https:\/\/www.effe.it\/fr\/wp-json\/wp\/v2\/products\/9675\/revisions\/36341"}],"wp:featuredmedia":[{"embeddable":true,"href":"https:\/\/www.effe.it\/fr\/wp-json\/wp\/v2\/media\/22433"}],"wp:attachment":[{"href":"https:\/\/www.effe.it\/fr\/wp-json\/wp\/v2\/media?parent=9675"}],"wp:term":[{"taxonomy":"categorie_prodotti","embeddable":true,"href":"https:\/\/www.effe.it\/fr\/wp-json\/wp\/v2\/categorie_prodotti?post=9675"},{"taxonomy":"famiglia_prodotti","embeddable":true,"href":"https:\/\/www.effe.it\/fr\/wp-json\/wp\/v2\/famiglia_prodotti?post=9675"}],"curies":[{"name":"wp","href":"https:\/\/api.w.org\/{rel}","templated":true}]}}

<p>La température dans les cabines à infrarouge est d’environ 30-40&nbsp;°C, à la différence des saunas traditionnels qui peuvent atteindre 90-100&nbsp;°C. Les rayons infrarouges ont la caractéristique de pénétrer en profondeur dans la peau et de générer des effets bienfaisants pour notre corps&nbsp;: relaxation profonde, soulagement des douleurs musculaires, stimulation de la circulation sanguine, activation des processus métaboliques. Les temps de séjour dans les cabines à infrarouge peuvent aller jusqu’à 60 minutes.</p>



<p>Esthétiquement, Idea IR est caractérisée par le cadre extérieur avec intrados incliné qui crée un profil d’ombre et donne de la profondeur malgré les dimensions limitées. Les parois internes sont en panneaux de Hemlock lisses. L’éclairage interne, rasant par rapport à la paroi du fond, crée une atmosphère particulièrement accueillante. Les émetteurs infrarouges sont placés dans les angles internes (2 ou 4 émetteurs suivant la dimension).</p>

Une ligne de cabines à infrarouge complète la gamme des saunas Effe. Les rayons infrarouges ont la capacité de pénétrer en profondeur dans la peau, en réchauffant le corps et en maintenant la température de l’environnement plus basse que dans les saunas traditionnels.

Paroi arrière intérieure, équipements

TREMBLE THERMO-TRAITÉ

Paroi arrière intérieure, mobilier

Tremble thermo-traité (lattes)

Parois latérales intérieures et extérieures

Tremble thermo-traité (lisse)

Designer et architecte d'intérieur, elle a entamé sa profession dans la seconde moitié des années 70. Après plusieurs années de travail en collaboration avec quelques collègues, elle a fondé le cabinet Talocci Design en 1995. Le cabinet est actif avec un groupe de collaborateurs principalement dans le design de produits et expositions et la direction artistique, ainsi que dans la communication et l'organisation d'événements. Une curiosité naturelle pour l'innovation, la recherche matérielle et technologique, l'observation profonde de la réalité qui l'entoure, lui permettent de concevoir, dans des domaines complètement différents, pour des entreprises prestigieuses, telles que Poltrona Frau, Teuco, Effegibi, Foppapedretti, Fantini, Provex, Falper, Scarabeo, Fratelli Guzzini, Fornara &amp; Maulini, Luceplan, Rapsel, Viasat, Italaquae, SanLorenzo, Domo, Et-al, Rina Menardi, Gran Tour, DMP Electronics, Stilhaus.
Elle a reçu de nombreux prix, notamment de multiples sélections ADI Design Index, Mentions d’honneurs au Compasso D'Oro, Prix Design Plus et German Design Award.
Elle combine son travail conceptuel de designer à l'activité d'architecte d'intérieur pour les espaces commerciaux et les maisons privées. Elle a coordonné de nombreux événements culturels : plusieurs éditions de « Abitare il Tempo » puis « Segnali di Cibo », une exposition qui, en 1999, a anticipé la tendance à associer le design au thème de l'alimentation, « Wonderfull World », « Superfici », « Café », « Evoca », « Design on Board », « Come l’acqua sul fuoco », « Italianism ». Elle présente ou participe en tant qu'invité à des programmes télévisés sur le design. Elle est membre de nombreux jurys dans des concours de design nationaux et internationaux. Elle enseigne à l'Université La Sapienza de Rome et dans des Écoles de design, telles que IED, QUASAR et actuellement AANT.
Depuis 1979, elle est membre de l'ADI, de 2004 à 2017 elle a fait partie du Comité Directeur National de l'ADI et de 2014 à 2017 elle en a été la vice-présidente. En 2017, elle a coordonné l'intégration de la Collection Design dans le palais de la Farnesina et la création de la Salle Design. Elle est membre du Comité d’orientation du Prix national pour l'Innovation « Prix des prix », institué par concession du Président de la République italienne à la Fondation COTEC. En 2007, elle a fait partie du premier Conseil italien du design, institué par le Ministère du patrimoine et des activités culturelles italien.
