{"id":26018,"date":"2021-09-03T14:36:31","date_gmt":"2021-09-03T12:36:31","guid":{"rendered":"https:\/\/www.effe.it\/referenza\/giglio-alta-badia-private-house\/"},"modified":"2023-07-03T11:22:30","modified_gmt":"2023-07-03T09:22:30","slug":"giglio-alta-badia-private-house","status":"publish","type":"referenza","link":"https:\/\/www.effe.it\/es\/referenza\/giglio-alta-badia-private-house\/","title":{"rendered":"Private house, Alta Badia"},"content":{"rendered":"<p class=\"p1\">Effe ha llevado a cabo soluciones personalizadas a medida para realizar el \u00e1rea bienestar de esta ubicaci\u00f3n, inmersa en la naturaleza, a los pies de los Dolomitas. El paisaje natural y la zona wellness crean una alianza perfecta, tambi\u00e9n gracias al cuidado perfecto de detalles especiales.<\/p>\n","protected":false},"featured_media":0,"template":"","better_featured_image":null,"acf":{"related_products_group":{"toggle_related_product_field":true,"related_products":[{"ID":9585,"post_author":"3","post_date":"2021-07-29 12:19:09","post_date_gmt":"2021-07-29 10:19:09","post_content":"Para la generaci\u00f3n del vapor se ha instalado Aquasteam, con funci\u00f3n de ahorro de energ\u00eda y sistema autom\u00e1tico de lavado de la caldera. Materiales de calidad excepcional: madera Hemlock\ncanadiense, revestimientos en gres laminado Slimtech\u00ae de 3,5 mm y puertas en vidrio templado de 8 mm. Se encuentra disponible en tres acabados est\u00e1ndar o con colores personalizados. Tambi\u00e9n se encuentra disponible en la variante Filo (sin tarima) para permitir la m\u00e1xima integraci\u00f3n con el ambiente.","post_title":"Logica SH","post_excerpt":"","post_status":"draft","comment_status":"closed","ping_status":"closed","post_password":"","post_name":"logica-sh","to_ping":"","pinged":"","post_modified":"2025-03-26 15:26:19","post_modified_gmt":"2025-03-26 13:26:19","post_content_filtered":"","post_parent":0,"guid":"https:\/\/www.effe.it\/blog\/prodotto\/logica-sh\/","menu_order":0,"post_type":"prodotto","post_mime_type":"","comment_count":"0","filter":"raw"},{"ID":24777,"post_author":"9693","post_date":"2021-12-02 17:52:28","post_date_gmt":"2021-12-02 15:52:28","post_content":"","post_title":"ONE H + ONE S","post_excerpt":"","post_status":"draft","comment_status":"closed","ping_status":"closed","post_password":"","post_name":"one-h-one-s","to_ping":"","pinged":"","post_modified":"2023-11-28 21:02:26","post_modified_gmt":"2023-11-28 19:02:26","post_content_filtered":"","post_parent":0,"guid":"https:\/\/www.effe.it\/prodotto\/one-h-one-s\/","menu_order":0,"post_type":"prodotto","post_mime_type":"","comment_count":"0","filter":"raw"},{"ID":9663,"post_author":"12708","post_date":"2021-07-29 12:19:09","post_date_gmt":"2021-07-29 10:19:09","post_content":"Personaliza como quieras tu Spa, privado o p\u00fablico, gracias a BodyLove, un sistema de composici\u00f3n modular que permite la integraci\u00f3n de sauna, ba\u00f1o turco y ducha. Componentes hammam de gran calidad: gres porcel\u00e1nico Champagne o bien vidrio ondulado, bancos blancos en Corian\u00ae y accesorios en Teca.\nAcabados internos completamente embaldosables tambi\u00e9n con otros revestimientos para proyectos a medida. Diversas posibilidades de orientaci\u00f3n y posicionamiento de las puertas de acceso a los dos espacios, para soluciones personalizadas con el \u00e1rea bienestar. BodyLove ofrece muchas posibilidades de personalizaci\u00f3n en t\u00e9rminos de selecci\u00f3n y combinaci\u00f3n de los materiales.","post_title":"BodyLove SH","post_excerpt":"","post_status":"publish","comment_status":"closed","ping_status":"closed","post_password":"","post_name":"bodylove-sh","to_ping":"","pinged":"","post_modified":"2026-04-29 17:17:12","post_modified_gmt":"2026-04-29 15:17:12","post_content_filtered":"","post_parent":0,"guid":"https:\/\/www.effe.it\/prodotto\/bodylove-sh\/","menu_order":0,"post_type":"prodotto","post_mime_type":"","comment_count":"0","filter":"raw"},{"ID":9553,"post_author":"12708","post_date":"2021-07-29 12:19:09","post_date_gmt":"2021-07-29 10:19:09","post_content":"El elemento diferencial del sistema Yoku SH est\u00e1 representado por las grandes paredes de vidrio alejadas de la perspectiva frontal en vidrio ahumado bronce y por los elementos arquitect\u00f3nicos verticales de madera natural que sugieren la inmersi\u00f3n en un bosque de \u00e1rboles, creando una elegante sensaci\u00f3n de intimidad durante el ba\u00f1o de calor.\nEn el interior la comodidad se ve reforzada con el doble banco de igual tama\u00f1o que la sauna y con el asiento \u00fanico, muy profundo, del hammam.\nEl m\u00f3dulo librer\u00eda se puede utilizar tambi\u00e9n como elemento externo junto a las paredes de vidrio creando un filtro \u00fatil para realizar espacios \u00edntimos y muy personalizables.","post_title":"Yoku SH","post_excerpt":"","post_status":"publish","comment_status":"closed","ping_status":"closed","post_password":"","post_name":"yoku-sh","to_ping":"","pinged":"","post_modified":"2026-04-30 10:44:23","post_modified_gmt":"2026-04-30 08:44:23","post_content_filtered":"","post_parent":0,"guid":"https:\/\/www.effe.it\/blog\/prodotto\/yoku-sh\/","menu_order":0,"post_type":"prodotto","post_mime_type":"","comment_count":"0","filter":"raw"}]},"gallery_photos_12_columns_reference":[{"image_gallery_columns":"https:\/\/static.effe.it\/website\/2021\/09\/alta-badia-2%402x-2-scaled.jpg","copy_image_column":"","numer_of_columns":"12","embed_video_gallery":""},{"image_gallery_columns":"https:\/\/static.effe.it\/website\/2021\/09\/alta-badia-8%402x.jpg","copy_image_column":"","numer_of_columns":"6","embed_video_gallery":""},{"image_gallery_columns":"https:\/\/static.effe.it\/website\/2021\/09\/alta-badia-14%402x.jpg","copy_image_column":"","numer_of_columns":"5","embed_video_gallery":""},{"image_gallery_columns":"https:\/\/static.effe.it\/website\/2021\/09\/alta-badia-16%402x.jpg","copy_image_column":"","numer_of_columns":"5","embed_video_gallery":""},{"image_gallery_columns":"https:\/\/static.effe.it\/website\/2021\/09\/alta-badia-5%402x-1.jpg","copy_image_column":"","numer_of_columns":"6","embed_video_gallery":""},{"image_gallery_columns":"https:\/\/static.effe.it\/website\/2021\/09\/alta-badia-3%402x-1-scaled.jpg","copy_image_column":"","numer_of_columns":"12","embed_video_gallery":""},{"image_gallery_columns":"https:\/\/static.effe.it\/website\/2021\/09\/alta-badia-1%402x-1-scaled.jpg","copy_image_column":"","numer_of_columns":"12","embed_video_gallery":""},{"image_gallery_columns":"https:\/\/static.effe.it\/website\/2021\/09\/alta-badia-15%402x.jpg","copy_image_column":"","numer_of_columns":"5","embed_video_gallery":""},{"image_gallery_columns":"https:\/\/static.effe.it\/website\/2021\/09\/alta-badia-13%402x.jpg","copy_image_column":"","numer_of_columns":"5","embed_video_gallery":""},{"image_gallery_columns":"https:\/\/static.effe.it\/website\/2021\/09\/alta-badia-4%402x-1.jpg","copy_image_column":"","numer_of_columns":"7","embed_video_gallery":""},{"image_gallery_columns":"https:\/\/static.effe.it\/website\/2021\/09\/alta-badia-6%402x-1.jpg","copy_image_column":"","numer_of_columns":"4","embed_video_gallery":""},{"image_gallery_columns":"https:\/\/static.effe.it\/website\/2021\/09\/alta-badia-7%402x-scaled.jpg","copy_image_column":"","numer_of_columns":"12","embed_video_gallery":""},{"image_gallery_columns":"https:\/\/static.effe.it\/website\/2021\/09\/alta-badia-11%402x.jpg","copy_image_column":"","numer_of_columns":"5","embed_video_gallery":""},{"image_gallery_columns":"https:\/\/static.effe.it\/website\/2021\/09\/alta-badia-12%402x.jpg","copy_image_column":"","numer_of_columns":"4","embed_video_gallery":""},{"image_gallery_columns":"https:\/\/static.effe.it\/website\/2021\/09\/alta-badia-10%402x.jpg","copy_image_column":"","numer_of_columns":"4","embed_video_gallery":""},{"image_gallery_columns":"https:\/\/static.effe.it\/website\/2021\/09\/alta-badia-17%402x.jpg","copy_image_column":"","numer_of_columns":"6","embed_video_gallery":""},{"image_gallery_columns":"https:\/\/static.effe.it\/website\/2021\/09\/alta-badia-9%402x-scaled.jpg","copy_image_column":"","numer_of_columns":"12","embed_video_gallery":""}],"similar_projects":[{"ID":25171,"post_author":"10","post_date":"2021-09-03 14:36:31","post_date_gmt":"2021-09-03 12:36:31","post_content":"<p class=\"p1\">El Gallia Palace Hotel ha seleccionado los productos Effe para realizar sus zonas wellness. Para el interior del Spa Privado del hotel ha elegido Logica Spa, mientras en el centro bienestar se han colocado Hammam, Sauna, Bucket Shower y fuente de hielo. Inmerso en el verde de la vegetaci\u00f3n mediterr\u00e1nea, en la hermosa localidad de Punta Ala, el Gallia es ideal para pasar unas vacaciones relajantes en un ambiente de \u00abDolce Vita\u00bb.<\/p>","post_title":"Gallia Palace Resort","post_excerpt":"","post_status":"publish","comment_status":"closed","ping_status":"closed","post_password":"","post_name":"gallia-palace-resort","to_ping":"","pinged":"","post_modified":"2023-07-03 10:43:00","post_modified_gmt":"2023-07-03 08:43:00","post_content_filtered":"","post_parent":0,"guid":"https:\/\/www.effe.it\/referenza\/gallia-palace-resort\/","menu_order":0,"post_type":"referenza","post_mime_type":"","comment_count":"0","filter":"raw"},{"ID":24457,"post_author":"10","post_date":"2021-09-03 14:36:31","post_date_gmt":"2021-09-03 12:36:31","post_content":"<p class=\"p1\">Con vistas a una de las costas m\u00e1s bonitas de Grecia, en esta maravillosa residencia se han cuidado todos los detalles para infundir una sensaci\u00f3n de serenidad, en total armon\u00eda con la naturaleza circundante. En el interior, el hammam y la sauna a medida Effe completan la experiencia de puro bienestar.<\/p>","post_title":"DikoArch Villa","post_excerpt":"","post_status":"publish","comment_status":"closed","ping_status":"closed","post_password":"","post_name":"dikoarch-villa","to_ping":"","pinged":"","post_modified":"2023-07-03 10:08:42","post_modified_gmt":"2023-07-03 08:08:42","post_content_filtered":"","post_parent":0,"guid":"https:\/\/www.effe.it\/referenza\/dikoarch-villa\/","menu_order":0,"post_type":"referenza","post_mime_type":"","comment_count":"0","filter":"raw"},{"ID":24737,"post_author":"10","post_date":"2021-09-03 14:36:31","post_date_gmt":"2021-09-03 12:36:31","post_content":"<p class=\"p1\">La elegancia del estilo Liberty ingl\u00e9s ofrece vistas in\u00e9ditas sobre el Belvedere de Cesena gracias a un extraordinario proyecto de restauraci\u00f3n de Villa Monty Banks. Michele Manuzzi y Erika Galbucci han inaugurado la nueva residencia tur\u00edstica decidiendo embellecer su mejor suite con un especial Yoku S de Effe con paredes espejadas. La zona de Spa de la Villa propone un recorrido saludable que alterna vapor, agua, calor y relajaci\u00f3n.<\/p>","post_title":"Villa Monty Banks","post_excerpt":"","post_status":"publish","comment_status":"closed","ping_status":"closed","post_password":"","post_name":"villa-monty-banks-2","to_ping":"","pinged":"","post_modified":"2023-07-03 10:24:15","post_modified_gmt":"2023-07-03 08:24:15","post_content_filtered":"","post_parent":0,"guid":"https:\/\/www.effe.it\/referenza\/villa-monty-banks-2\/","menu_order":0,"post_type":"referenza","post_mime_type":"","comment_count":"0","filter":"raw"},{"ID":25737,"post_author":"10","post_date":"2021-09-03 14:36:31","post_date_gmt":"2021-09-03 12:36:31","post_content":"<p class=\"p1\">En una posici\u00f3n entre las mejores de Lovere, la Casa del Porto ofrece un \u00e1rea bienestar con sauna y hammam de la marca Effe. La sugestiva \u00e1rea wellness se ha dise\u00f1ado a medida en antiguas cisternas subterr\u00e1neas.<\/p>","post_title":"La Casa del Porto","post_excerpt":"","post_status":"publish","comment_status":"closed","ping_status":"closed","post_password":"","post_name":"la-casa-del-porto-2","to_ping":"","pinged":"","post_modified":"2023-07-03 11:25:17","post_modified_gmt":"2023-07-03 09:25:17","post_content_filtered":"","post_parent":0,"guid":"https:\/\/www.effe.it\/referenza\/la-casa-del-porto-2\/","menu_order":0,"post_type":"referenza","post_mime_type":"","comment_count":"0","filter":"raw"}],"abilitare_progetti_simili":true},"_links":{"self":[{"href":"https:\/\/www.effe.it\/es\/wp-json\/wp\/v2\/referenza\/26018"}],"collection":[{"href":"https:\/\/www.effe.it\/es\/wp-json\/wp\/v2\/referenza"}],"about":[{"href":"https:\/\/www.effe.it\/es\/wp-json\/wp\/v2\/types\/referenza"}],"wp:attachment":[{"href":"https:\/\/www.effe.it\/es\/wp-json\/wp\/v2\/media?parent=26018"}],"curies":[{"name":"wp","href":"https:\/\/api.w.org\/{rel}","templated":true}]}}

<p class="p1">Effe ha llevado a cabo soluciones personalizadas a medida para realizar el área bienestar de esta ubicación, inmersa en la naturaleza, a los pies de los Dolomitas. El paisaje natural y la zona wellness crean una alianza perfecta, también gracias al cuidado perfecto de detalles especiales.</p>

Para la generación del vapor se ha instalado Aquasteam, con función de ahorro de energía y sistema automático de lavado de la caldera. Materiales de calidad excepcional: madera Hemlock
canadiense, revestimientos en gres laminado Slimtech® de 3,5 mm y puertas en vidrio templado de 8 mm. Se encuentra disponible en tres acabados estándar o con colores personalizados. También se encuentra disponible en la variante Filo (sin tarima) para permitir la máxima integración con el ambiente.

Personaliza como quieras tu Spa, privado o público, gracias a BodyLove, un sistema de composición modular que permite la integración de sauna, baño turco y ducha. Componentes hammam de gran calidad: gres porcelánico Champagne o bien vidrio ondulado, bancos blancos en Corian® y accesorios en Teca.
Acabados internos completamente embaldosables también con otros revestimientos para proyectos a medida. Diversas posibilidades de orientación y posicionamiento de las puertas de acceso a los dos espacios, para soluciones personalizadas con el área bienestar. BodyLove ofrece muchas posibilidades de personalización en términos de selección y combinación de los materiales.

El elemento diferencial del sistema Yoku SH está representado por las grandes paredes de vidrio alejadas de la perspectiva frontal en vidrio ahumado bronce y por los elementos arquitectónicos verticales de madera natural que sugieren la inmersión en un bosque de árboles, creando una elegante sensación de intimidad durante el baño de calor.
En el interior la comodidad se ve reforzada con el doble banco de igual tamaño que la sauna y con el asiento único, muy profundo, del hammam.
El módulo librería se puede utilizar también como elemento externo junto a las paredes de vidrio creando un filtro útil para realizar espacios íntimos y muy personalizables.

<p class="p1">El Gallia Palace Hotel ha seleccionado los productos Effe para realizar sus zonas wellness. Para el interior del Spa Privado del hotel ha elegido Logica Spa, mientras en el centro bienestar se han colocado Hammam, Sauna, Bucket Shower y fuente de hielo. Inmerso en el verde de la vegetación mediterránea, en la hermosa localidad de Punta Ala, el Gallia es ideal para pasar unas vacaciones relajantes en un ambiente de «Dolce Vita».</p>

<p class="p1">Con vistas a una de las costas más bonitas de Grecia, en esta maravillosa residencia se han cuidado todos los detalles para infundir una sensación de serenidad, en total armonía con la naturaleza circundante. En el interior, el hammam y la sauna a medida Effe completan la experiencia de puro bienestar.</p>

<p class="p1">La elegancia del estilo Liberty inglés ofrece vistas inéditas sobre el Belvedere de Cesena gracias a un extraordinario proyecto de restauración de Villa Monty Banks. Michele Manuzzi y Erika Galbucci han inaugurado la nueva residencia turística decidiendo embellecer su mejor suite con un especial Yoku S de Effe con paredes espejadas. La zona de Spa de la Villa propone un recorrido saludable que alterna vapor, agua, calor y relajación.</p>

<p class="p1">En una posición entre las mejores de Lovere, la Casa del Porto ofrece un área bienestar con sauna y hammam de la marca Effe. La sugestiva área wellness se ha diseñado a medida en antiguas cisternas subterráneas.</p>
