{"id":25737,"date":"2021-09-03T14:36:31","date_gmt":"2021-09-03T12:36:31","guid":{"rendered":"https:\/\/www.effe.it\/referenza\/la-casa-del-porto-2\/"},"modified":"2023-07-03T11:25:17","modified_gmt":"2023-07-03T09:25:17","slug":"la-casa-del-porto-2","status":"publish","type":"referenza","link":"https:\/\/www.effe.it\/es\/referenza\/la-casa-del-porto-2\/","title":{"rendered":"La Casa del Porto"},"content":{"rendered":"<p class=\"p1\">En una posici\u00f3n entre las mejores de Lovere, la Casa del Porto ofrece un \u00e1rea bienestar con sauna y hammam de la marca Effe. La sugestiva \u00e1rea wellness se ha dise\u00f1ado a medida en antiguas cisternas subterr\u00e1neas.<\/p>\n","protected":false},"featured_media":0,"template":"","better_featured_image":null,"acf":{"gallery_photos_12_columns_reference":[{"image_gallery_columns":"https:\/\/static.effe.it\/website\/2021\/09\/casa-del-porto-1%402x-1-scaled.jpg","copy_image_column":"","numer_of_columns":"12","embed_video_gallery":""},{"image_gallery_columns":"https:\/\/static.effe.it\/website\/2021\/09\/casa-del-porto-16%402x.jpg","copy_image_column":"","numer_of_columns":"4","embed_video_gallery":""},{"image_gallery_columns":"https:\/\/static.effe.it\/website\/2021\/09\/casa-del-porto-17%402x.jpg","copy_image_column":"","numer_of_columns":"6","embed_video_gallery":""},{"image_gallery_columns":"https:\/\/static.effe.it\/website\/2021\/09\/casa-del-porto-18%402x.jpg","copy_image_column":"","numer_of_columns":"6","embed_video_gallery":""},{"image_gallery_columns":"https:\/\/static.effe.it\/website\/2021\/09\/casa-del-porto-10%402x.jpg","copy_image_column":"","numer_of_columns":"4","embed_video_gallery":""},{"image_gallery_columns":"https:\/\/static.effe.it\/website\/2021\/09\/casa-del-porto-5%402x-scaled.jpg","copy_image_column":"","numer_of_columns":"12","embed_video_gallery":""},{"image_gallery_columns":"https:\/\/static.effe.it\/website\/2021\/09\/casa-del-porto-13%402x.jpg","copy_image_column":"","numer_of_columns":"3","embed_video_gallery":""},{"image_gallery_columns":"https:\/\/static.effe.it\/website\/2021\/09\/casa-del-porto-15%402x.jpg","copy_image_column":"","numer_of_columns":"7","embed_video_gallery":""},{"image_gallery_columns":"https:\/\/static.effe.it\/website\/2021\/09\/casa-del-porto-19%402x.jpg","copy_image_column":"","numer_of_columns":"7","embed_video_gallery":""},{"image_gallery_columns":"https:\/\/static.effe.it\/website\/2021\/09\/casa-del-porto-21%402x.jpg","copy_image_column":"","numer_of_columns":"4","embed_video_gallery":""},{"image_gallery_columns":"https:\/\/static.effe.it\/website\/2021\/09\/casa-del-porto-2%402x-1-scaled.jpg","copy_image_column":"","numer_of_columns":"12","embed_video_gallery":""},{"image_gallery_columns":"https:\/\/static.effe.it\/website\/2021\/09\/casa-del-porto-20%402x.jpg","copy_image_column":"","numer_of_columns":"6","embed_video_gallery":""},{"image_gallery_columns":"https:\/\/static.effe.it\/website\/2021\/09\/casa-del-porto-14%402x.jpg","copy_image_column":"","numer_of_columns":"5","embed_video_gallery":""},{"image_gallery_columns":"https:\/\/static.effe.it\/website\/2021\/09\/casa-del-porto-11%402x.jpg","copy_image_column":"","numer_of_columns":"7","embed_video_gallery":""},{"image_gallery_columns":"https:\/\/static.effe.it\/website\/2021\/09\/casa-del-porto-12%402x.jpg","copy_image_column":"","numer_of_columns":"4","embed_video_gallery":""},{"image_gallery_columns":"https:\/\/static.effe.it\/website\/2021\/09\/casa-del-porto-3%402x-1-scaled.jpg","copy_image_column":"","numer_of_columns":"12","embed_video_gallery":""},{"image_gallery_columns":"https:\/\/static.effe.it\/website\/2021\/09\/casa-del-porto-9%402x.jpg","copy_image_column":"","numer_of_columns":"4","embed_video_gallery":""},{"image_gallery_columns":"https:\/\/static.effe.it\/website\/2021\/09\/casa-del-porto-8%402x.jpg","copy_image_column":"","numer_of_columns":"6","embed_video_gallery":""},{"image_gallery_columns":"https:\/\/static.effe.it\/website\/2021\/09\/casa-del-porto-6%402x-1.jpg","copy_image_column":"","numer_of_columns":"6","embed_video_gallery":""},{"image_gallery_columns":"https:\/\/static.effe.it\/website\/2021\/09\/casa-del-porto-7%402x.jpg","copy_image_column":"","numer_of_columns":"5","embed_video_gallery":""},{"image_gallery_columns":"https:\/\/static.effe.it\/website\/2021\/09\/casa-del-porto-4%402x-1-scaled.jpg","copy_image_column":"","numer_of_columns":"12","embed_video_gallery":""}],"related_products_group":{"toggle_related_product_field":true,"related_products":[{"ID":9737,"post_author":"12708","post_date":"2021-07-29 11:03:03","post_date_gmt":"2021-07-29 09:03:03","post_content":"<!-- wp:paragraph -->\n<p>Sky est\u00e1 realizada en madera canadiense Hemlock de calidad o Aspen tratado t\u00e9rmicamente y vidrios templados de 10 mm. Pared frontal, puerta y techo en vidrio aportan a Sky una extrema transparencia y ligereza.<\/p>\n<!-- \/wp:paragraph -->","post_title":"Sky","post_excerpt":"","post_status":"publish","comment_status":"closed","ping_status":"closed","post_password":"","post_name":"sky","to_ping":"","pinged":"","post_modified":"2024-10-10 11:27:30","post_modified_gmt":"2024-10-10 09:27:30","post_content_filtered":"","post_parent":0,"guid":"https:\/\/www.effe.it\/prodotto\/sky\/","menu_order":0,"post_type":"prodotto","post_mime_type":"","comment_count":"0","filter":"raw"},{"ID":9755,"post_author":"12708","post_date":"2021-07-06 17:07:35","post_date_gmt":"2021-07-06 15:07:35","post_content":"Panel de control touch con iconos retroiluminados e indicador del nivel de temperatura. Mantenimiento m\u00ednimo gracias al sistema autom\u00e1tico de lavado de la caldera que reduce al m\u00ednimo la acumulaci\u00f3n de cal. Dise\u00f1o elegante y compacto formado por una placa de vidrio templado serigrafiado con un grosor visible de 3,7 cm. PSF (Power Steam Function): innovador sistema de ventilaci\u00f3n que minimiza la estratificaci\u00f3n de las temperaturas. Mantenimiento m\u00ednimo y larga duraci\u00f3n gracias al sistema autom\u00e1tico de lavado de la caldera que reduce la acumulaci\u00f3n de cal.","post_title":"Touch&amp;Steam Smart","post_excerpt":"","post_status":"publish","comment_status":"closed","ping_status":"closed","post_password":"","post_name":"touchsteam-smart","to_ping":"","pinged":"","post_modified":"2026-03-10 10:46:28","post_modified_gmt":"2026-03-10 08:46:28","post_content_filtered":"","post_parent":0,"guid":"https:\/\/www.effe.it\/prodotto\/touchsteam\/","menu_order":0,"post_type":"prodotto","post_mime_type":"","comment_count":"0","filter":"raw"}]},"similar_projects":[{"ID":21470,"post_author":"6","post_date":"2021-09-03 14:36:31","post_date_gmt":"2021-09-03 12:36:31","post_content":"<span data-sheets-value=\"{&quot;1&quot;:2,&quot;2&quot;:&quot;Effe se encuentra en el centro de una historia de treinta a\u00f1os que gira alrededor del bienestar y de los ancestrales rituales de sauna y hammam. Nuestro know-how nos ha permitido efectuar con \u00e9xito esta intervenci\u00f3n personalizada, consiguiendo instalar sauna y hamman dentro de una vivienda antigua, sin alterar su equilibrio est\u00e9tico.&quot;}\" data-sheets-userformat=\"{&quot;2&quot;:257,&quot;3&quot;:{&quot;1&quot;:0},&quot;11&quot;:4}\">Effe se encuentra en el centro de una historia de treinta a\u00f1os que gira alrededor del bienestar y de los ancestrales rituales de sauna y hammam. Nuestro know-how nos ha permitido efectuar con \u00e9xito esta intervenci\u00f3n personalizada, consiguiendo instalar sauna y hamman dentro de una vivienda antigua, sin alterar su equilibrio est\u00e9tico.<\/span>","post_title":"Private house, Ancona","post_excerpt":"","post_status":"publish","comment_status":"closed","ping_status":"closed","post_password":"","post_name":"private-house-ancona","to_ping":"","pinged":"","post_modified":"2022-03-04 11:20:43","post_modified_gmt":"2022-03-04 09:20:43","post_content_filtered":"","post_parent":0,"guid":"https:\/\/www.effe.it\/referenza\/lardini-house-private-house\/","menu_order":0,"post_type":"referenza","post_mime_type":"","comment_count":"0","filter":"raw"},{"ID":24737,"post_author":"10","post_date":"2021-09-03 14:36:31","post_date_gmt":"2021-09-03 12:36:31","post_content":"<p class=\"p1\">La elegancia del estilo Liberty ingl\u00e9s ofrece vistas in\u00e9ditas sobre el Belvedere de Cesena gracias a un extraordinario proyecto de restauraci\u00f3n de Villa Monty Banks. Michele Manuzzi y Erika Galbucci han inaugurado la nueva residencia tur\u00edstica decidiendo embellecer su mejor suite con un especial Yoku S de Effe con paredes espejadas. La zona de Spa de la Villa propone un recorrido saludable que alterna vapor, agua, calor y relajaci\u00f3n.<\/p>","post_title":"Villa Monty Banks","post_excerpt":"","post_status":"publish","comment_status":"closed","ping_status":"closed","post_password":"","post_name":"villa-monty-banks-2","to_ping":"","pinged":"","post_modified":"2023-07-03 10:24:15","post_modified_gmt":"2023-07-03 08:24:15","post_content_filtered":"","post_parent":0,"guid":"https:\/\/www.effe.it\/referenza\/villa-monty-banks-2\/","menu_order":0,"post_type":"referenza","post_mime_type":"","comment_count":"0","filter":"raw"},{"ID":24783,"post_author":"10","post_date":"2022-01-31 12:25:18","post_date_gmt":"2022-01-31 10:25:18","post_content":"<!-- wp:paragraph -->\n<p>West One Bathrooms, insieme con Effe, Dornbracht e Sieger Design, presentano un allestimento dedicato al concetto di \u2018Small Size Premium Spa\u2019, dove gli spazi ristretti di casa si trasformano in un luogo di benessere raffinato ed unico nel suo genere.<\/p>\n<!-- \/wp:paragraph -->","post_title":"West One Bathrooms","post_excerpt":"","post_status":"publish","comment_status":"closed","ping_status":"closed","post_password":"","post_name":"west-one-bathrooms","to_ping":"","pinged":"","post_modified":"2023-07-03 10:29:32","post_modified_gmt":"2023-07-03 08:29:32","post_content_filtered":"","post_parent":0,"guid":"https:\/\/www.effe.it\/referenza\/west-one-bathrooms\/","menu_order":0,"post_type":"referenza","post_mime_type":"","comment_count":"0","filter":"raw"},{"ID":25883,"post_author":"10","post_date":"2021-09-03 14:36:31","post_date_gmt":"2021-09-03 12:36:31","post_content":"<p class=\"p1\">El Hotel Rosa Alpina ofrece, en el coraz\u00f3n de los Dolomitas, una hospitalidad hecha de tradici\u00f3n y refinada atm\u00f3sfera de monta\u00f1a. En esta ubicaci\u00f3n, Effe se ha ocupado de transformar las duchas en Hammam gracias al uso de sus generadores de vapor. Elegantes y compactos, los generadores Effe combinan sencillez de instalaci\u00f3n, elevada tecnolog\u00eda y perfecta integraci\u00f3n con los ambientes.<\/p>","post_title":"Hotel Rosa Alpina","post_excerpt":"","post_status":"publish","comment_status":"closed","ping_status":"closed","post_password":"","post_name":"hotel-rosa-alpina-2","to_ping":"","pinged":"","post_modified":"2023-07-03 11:24:16","post_modified_gmt":"2023-07-03 09:24:16","post_content_filtered":"","post_parent":0,"guid":"https:\/\/www.effe.it\/referenza\/hotel-rosa-alpina-2\/","menu_order":0,"post_type":"referenza","post_mime_type":"","comment_count":"0","filter":"raw"}],"abilitare_progetti_simili":true},"_links":{"self":[{"href":"https:\/\/www.effe.it\/es\/wp-json\/wp\/v2\/referenza\/25737"}],"collection":[{"href":"https:\/\/www.effe.it\/es\/wp-json\/wp\/v2\/referenza"}],"about":[{"href":"https:\/\/www.effe.it\/es\/wp-json\/wp\/v2\/types\/referenza"}],"wp:attachment":[{"href":"https:\/\/www.effe.it\/es\/wp-json\/wp\/v2\/media?parent=25737"}],"curies":[{"name":"wp","href":"https:\/\/api.w.org\/{rel}","templated":true}]}}

<p class="p1">En una posición entre las mejores de Lovere, la Casa del Porto ofrece un área bienestar con sauna y hammam de la marca Effe. La sugestiva área wellness se ha diseñado a medida en antiguas cisternas subterráneas.</p>

<!-- wp:paragraph -->
<p>Sky está realizada en madera canadiense Hemlock de calidad o Aspen tratado térmicamente y vidrios templados de 10 mm. Pared frontal, puerta y techo en vidrio aportan a Sky una extrema transparencia y ligereza.</p>
<!-- /wp:paragraph -->

Panel de control touch con iconos retroiluminados e indicador del nivel de temperatura. Mantenimiento mínimo gracias al sistema automático de lavado de la caldera que reduce al mínimo la acumulación de cal. Diseño elegante y compacto formado por una placa de vidrio templado serigrafiado con un grosor visible de 3,7 cm. PSF (Power Steam Function): innovador sistema de ventilación que minimiza la estratificación de las temperaturas. Mantenimiento mínimo y larga duración gracias al sistema automático de lavado de la caldera que reduce la acumulación de cal.

<span data-sheets-value="{&quot;1&quot;:2,&quot;2&quot;:&quot;Effe se encuentra en el centro de una historia de treinta años que gira alrededor del bienestar y de los ancestrales rituales de sauna y hammam. Nuestro know-how nos ha permitido efectuar con éxito esta intervención personalizada, consiguiendo instalar sauna y hamman dentro de una vivienda antigua, sin alterar su equilibrio estético.&quot;}" data-sheets-userformat="{&quot;2&quot;:257,&quot;3&quot;:{&quot;1&quot;:0},&quot;11&quot;:4}">Effe se encuentra en el centro de una historia de treinta años que gira alrededor del bienestar y de los ancestrales rituales de sauna y hammam. Nuestro know-how nos ha permitido efectuar con éxito esta intervención personalizada, consiguiendo instalar sauna y hamman dentro de una vivienda antigua, sin alterar su equilibrio estético.</span>

<p class="p1">La elegancia del estilo Liberty inglés ofrece vistas inéditas sobre el Belvedere de Cesena gracias a un extraordinario proyecto de restauración de Villa Monty Banks. Michele Manuzzi y Erika Galbucci han inaugurado la nueva residencia turística decidiendo embellecer su mejor suite con un especial Yoku S de Effe con paredes espejadas. La zona de Spa de la Villa propone un recorrido saludable que alterna vapor, agua, calor y relajación.</p>

<p class="p1">El Hotel Rosa Alpina ofrece, en el corazón de los Dolomitas, una hospitalidad hecha de tradición y refinada atmósfera de montaña. En esta ubicación, Effe se ha ocupado de transformar las duchas en Hammam gracias al uso de sus generadores de vapor. Elegantes y compactos, los generadores Effe combinan sencillez de instalación, elevada tecnología y perfecta integración con los ambientes.</p>
