{"id":25340,"date":"2021-09-03T14:36:31","date_gmt":"2021-09-03T12:36:31","guid":{"rendered":"https:\/\/www.effe.it\/referenza\/cesenatico-private-house-2\/"},"modified":"2023-07-03T11:20:11","modified_gmt":"2023-07-03T09:20:11","slug":"cesenatico-private-house-2","status":"publish","type":"referenza","link":"https:\/\/www.effe.it\/es\/referenza\/cesenatico-private-house-2\/","title":{"rendered":"Private house, Cesenatico"},"content":{"rendered":"<p class=\"p1\">En los tejados de Cesenatico encontramos un remanso de bienestar personal en el que, WaterDream, la nueva minipiscina de Effe, es el centro de atenci\u00f3n. El masaje, con chorros de agua de diversas intensidades que roc\u00edan el cuerpo, produce como efecto una gran relajaci\u00f3n general.<\/p>\n","protected":false},"featured_media":0,"template":"","better_featured_image":null,"acf":{"related_products_group":{"toggle_related_product_field":true,"related_products":[{"ID":9547,"post_author":"20","post_date":"2021-07-29 12:19:09","post_date_gmt":"2021-07-29 10:19:09","post_content":"La minipiscina permite mantener el agua en su interior durante periodos de tiempo largos, sin vaciarla cada vez que se utiliza. Funci\u00f3n Source: flujo de agua ligero desde el\nfondo de la ba\u00f1era que genera un movimiento circular. WaterDream se puede\nintegrar f\u00e1cilmente en cualquier contexto de mobiliario de ba\u00f1o gracias a la personalizaci\u00f3n del panel que esconde el tablero de control situado al lado de la ba\u00f1era.","post_title":"WaterDream","post_excerpt":"","post_status":"publish","comment_status":"closed","ping_status":"closed","post_password":"","post_name":"waterdream","to_ping":"","pinged":"","post_modified":"2024-04-30 17:30:41","post_modified_gmt":"2024-04-30 15:30:41","post_content_filtered":"","post_parent":0,"guid":"https:\/\/www.effe.it\/blog\/prodotto\/waterdream\/","menu_order":0,"post_type":"prodotto","post_mime_type":"","comment_count":"0","filter":"raw"},{"ID":9568,"post_author":"20","post_date":"2021-07-29 12:19:09","post_date_gmt":"2021-07-29 10:19:09","post_content":"Juegos de luces enterradas completan este producto elegante y vers\u00e1til. Ba\u00f1era equipada con diversos tipos de hidromasaje y funci\u00f3n de cromoterapia Blade Light con Led RGB. WaterSuite se integra f\u00e1cilmente en cualquier contexto de mobiliario de ba\u00f1o gracias a la personalizaci\u00f3n del panel que esconde el tablero de control situado al lado de la ba\u00f1era.","post_title":"WaterSuite","post_excerpt":"","post_status":"publish","comment_status":"closed","ping_status":"closed","post_password":"","post_name":"watersuite","to_ping":"","pinged":"","post_modified":"2024-05-02 13:31:50","post_modified_gmt":"2024-05-02 11:31:50","post_content_filtered":"","post_parent":0,"guid":"https:\/\/www.effe.it\/blog\/prodotto\/watersuite\/","menu_order":0,"post_type":"prodotto","post_mime_type":"","comment_count":"0","filter":"raw"}]},"gallery_photos_12_columns_reference":[{"image_gallery_columns":"https:\/\/static.effe.it\/website\/2021\/09\/cesenatico-17-scaled.jpg","copy_image_column":"","numer_of_columns":"12","embed_video_gallery":""},{"image_gallery_columns":"https:\/\/static.effe.it\/website\/2021\/09\/cesenatico-22.jpg","copy_image_column":"","numer_of_columns":"6","embed_video_gallery":""},{"image_gallery_columns":"https:\/\/static.effe.it\/website\/2021\/09\/cesenatico-16.jpg","copy_image_column":"","numer_of_columns":"3","embed_video_gallery":""},{"image_gallery_columns":"https:\/\/static.effe.it\/website\/2021\/09\/cesenatico-18.jpg","copy_image_column":"","numer_of_columns":"4","embed_video_gallery":""},{"image_gallery_columns":"https:\/\/static.effe.it\/website\/2021\/09\/cesenatico-26.jpg","copy_image_column":"","numer_of_columns":"7","embed_video_gallery":""},{"image_gallery_columns":"https:\/\/static.effe.it\/website\/2021\/09\/cesenatico-15-scaled.jpg","copy_image_column":"","numer_of_columns":"12","embed_video_gallery":""},{"image_gallery_columns":"https:\/\/static.effe.it\/website\/2021\/09\/cesenatico-13.jpg","copy_image_column":"","numer_of_columns":"6","embed_video_gallery":""},{"image_gallery_columns":"https:\/\/static.effe.it\/website\/2021\/09\/cesenatico-14.jpg","copy_image_column":"","numer_of_columns":"5","embed_video_gallery":""},{"image_gallery_columns":"https:\/\/static.effe.it\/website\/2021\/09\/cesenatico-11.jpg","copy_image_column":"","numer_of_columns":"6","embed_video_gallery":""},{"image_gallery_columns":"https:\/\/static.effe.it\/website\/2021\/09\/cesenatico-12.jpg","copy_image_column":"","numer_of_columns":"4","embed_video_gallery":""},{"image_gallery_columns":"https:\/\/static.effe.it\/website\/2021\/09\/cesenatico-10.jpg","copy_image_column":"","numer_of_columns":"8","embed_video_gallery":""},{"image_gallery_columns":"https:\/\/static.effe.it\/website\/2021\/09\/cesenatico-9-scaled.jpg","copy_image_column":"","numer_of_columns":"12","embed_video_gallery":""},{"image_gallery_columns":"https:\/\/static.effe.it\/website\/2021\/09\/cesenatico-7.jpg","copy_image_column":"","numer_of_columns":"6","embed_video_gallery":""},{"image_gallery_columns":"https:\/\/static.effe.it\/website\/2021\/09\/cesenatico-8.jpg","copy_image_column":"","numer_of_columns":"4","embed_video_gallery":""},{"image_gallery_columns":"https:\/\/static.effe.it\/website\/2021\/09\/cesenatico-5-scaled.jpg","copy_image_column":"","numer_of_columns":"12","embed_video_gallery":""},{"image_gallery_columns":"https:\/\/static.effe.it\/website\/2021\/09\/cesenatico-4.jpg","copy_image_column":"","numer_of_columns":"6","embed_video_gallery":""},{"image_gallery_columns":"https:\/\/static.effe.it\/website\/2021\/09\/cesenatico-23.jpg","copy_image_column":"","numer_of_columns":"5","embed_video_gallery":""},{"image_gallery_columns":"https:\/\/static.effe.it\/website\/2021\/09\/cesenatico-20-scaled.jpg","copy_image_column":"","numer_of_columns":"12","embed_video_gallery":""},{"image_gallery_columns":"https:\/\/static.effe.it\/website\/2021\/09\/cesenatico-27.jpg","copy_image_column":"","numer_of_columns":"6","embed_video_gallery":""},{"image_gallery_columns":"https:\/\/static.effe.it\/website\/2021\/09\/cesenatico-3.jpg","copy_image_column":"","numer_of_columns":"4","embed_video_gallery":""},{"image_gallery_columns":"https:\/\/static.effe.it\/website\/2021\/09\/cesenatico-19.jpg","copy_image_column":"","numer_of_columns":"4","embed_video_gallery":""},{"image_gallery_columns":"https:\/\/static.effe.it\/website\/2021\/09\/cesenatico-25.jpg","copy_image_column":"","numer_of_columns":"7","embed_video_gallery":""},{"image_gallery_columns":"https:\/\/static.effe.it\/website\/2021\/09\/cesenatico-1-scaled.jpg","copy_image_column":"","numer_of_columns":"12","embed_video_gallery":""},{"image_gallery_columns":"https:\/\/static.effe.it\/website\/2021\/09\/cesenatico-2.jpg","copy_image_column":"","numer_of_columns":"7","embed_video_gallery":""},{"image_gallery_columns":"https:\/\/static.effe.it\/website\/2021\/09\/cesenatico-6.jpg","copy_image_column":"","numer_of_columns":"4","embed_video_gallery":""}],"similar_projects":[{"ID":21164,"post_author":"6","post_date":"2021-10-05 15:21:34","post_date_gmt":"2021-10-05 13:21:34","post_content":"<!-- wp:paragraph -->\n<p>Arte, una colecci\u00f3n \u00fanica de 16 residencias frente al mar en Surfside, es el primer proyecto estadounidense de la legendaria asociaci\u00f3n italiana de arquitectura y dise\u00f1o de Antonio Citterio y Patricia Viel en colaboraci\u00f3n con Kobi Karp Architecture &amp; Interior Design.<\/p>\n<!-- \/wp:paragraph -->","post_title":"Arte Surfside Miami Beach","post_excerpt":"","post_status":"publish","comment_status":"closed","ping_status":"closed","post_password":"","post_name":"arte-surfside-miami-beach","to_ping":"","pinged":"","post_modified":"2022-03-03 12:09:50","post_modified_gmt":"2022-03-03 10:09:50","post_content_filtered":"","post_parent":0,"guid":"https:\/\/www.effe.it\/referenza\/arte-surfside-miami-beach\/","menu_order":0,"post_type":"referenza","post_mime_type":"","comment_count":"0","filter":"raw"},{"ID":24457,"post_author":"10","post_date":"2021-09-03 14:36:31","post_date_gmt":"2021-09-03 12:36:31","post_content":"<p class=\"p1\">Con vistas a una de las costas m\u00e1s bonitas de Grecia, en esta maravillosa residencia se han cuidado todos los detalles para infundir una sensaci\u00f3n de serenidad, en total armon\u00eda con la naturaleza circundante. En el interior, el hammam y la sauna a medida Effe completan la experiencia de puro bienestar.<\/p>","post_title":"DikoArch Villa","post_excerpt":"","post_status":"publish","comment_status":"closed","ping_status":"closed","post_password":"","post_name":"dikoarch-villa","to_ping":"","pinged":"","post_modified":"2023-07-03 10:08:42","post_modified_gmt":"2023-07-03 08:08:42","post_content_filtered":"","post_parent":0,"guid":"https:\/\/www.effe.it\/referenza\/dikoarch-villa\/","menu_order":0,"post_type":"referenza","post_mime_type":"","comment_count":"0","filter":"raw"},{"ID":25171,"post_author":"10","post_date":"2021-09-03 14:36:31","post_date_gmt":"2021-09-03 12:36:31","post_content":"<p class=\"p1\">El Gallia Palace Hotel ha seleccionado los productos Effe para realizar sus zonas wellness. Para el interior del Spa Privado del hotel ha elegido Logica Spa, mientras en el centro bienestar se han colocado Hammam, Sauna, Bucket Shower y fuente de hielo. Inmerso en el verde de la vegetaci\u00f3n mediterr\u00e1nea, en la hermosa localidad de Punta Ala, el Gallia es ideal para pasar unas vacaciones relajantes en un ambiente de \u00abDolce Vita\u00bb.<\/p>","post_title":"Gallia Palace Resort","post_excerpt":"","post_status":"publish","comment_status":"closed","ping_status":"closed","post_password":"","post_name":"gallia-palace-resort","to_ping":"","pinged":"","post_modified":"2023-07-03 10:43:00","post_modified_gmt":"2023-07-03 08:43:00","post_content_filtered":"","post_parent":0,"guid":"https:\/\/www.effe.it\/referenza\/gallia-palace-resort\/","menu_order":0,"post_type":"referenza","post_mime_type":"","comment_count":"0","filter":"raw"},{"ID":24737,"post_author":"10","post_date":"2021-09-03 14:36:31","post_date_gmt":"2021-09-03 12:36:31","post_content":"<p class=\"p1\">La elegancia del estilo Liberty ingl\u00e9s ofrece vistas in\u00e9ditas sobre el Belvedere de Cesena gracias a un extraordinario proyecto de restauraci\u00f3n de Villa Monty Banks. Michele Manuzzi y Erika Galbucci han inaugurado la nueva residencia tur\u00edstica decidiendo embellecer su mejor suite con un especial Yoku S de Effe con paredes espejadas. La zona de Spa de la Villa propone un recorrido saludable que alterna vapor, agua, calor y relajaci\u00f3n.<\/p>","post_title":"Villa Monty Banks","post_excerpt":"","post_status":"publish","comment_status":"closed","ping_status":"closed","post_password":"","post_name":"villa-monty-banks-2","to_ping":"","pinged":"","post_modified":"2023-07-03 10:24:15","post_modified_gmt":"2023-07-03 08:24:15","post_content_filtered":"","post_parent":0,"guid":"https:\/\/www.effe.it\/referenza\/villa-monty-banks-2\/","menu_order":0,"post_type":"referenza","post_mime_type":"","comment_count":"0","filter":"raw"}],"abilitare_progetti_simili":true},"_links":{"self":[{"href":"https:\/\/www.effe.it\/es\/wp-json\/wp\/v2\/referenza\/25340"}],"collection":[{"href":"https:\/\/www.effe.it\/es\/wp-json\/wp\/v2\/referenza"}],"about":[{"href":"https:\/\/www.effe.it\/es\/wp-json\/wp\/v2\/types\/referenza"}],"wp:attachment":[{"href":"https:\/\/www.effe.it\/es\/wp-json\/wp\/v2\/media?parent=25340"}],"curies":[{"name":"wp","href":"https:\/\/api.w.org\/{rel}","templated":true}]}}

<p class="p1">En los tejados de Cesenatico encontramos un remanso de bienestar personal en el que, WaterDream, la nueva minipiscina de Effe, es el centro de atención. El masaje, con chorros de agua de diversas intensidades que rocían el cuerpo, produce como efecto una gran relajación general.</p>

La minipiscina permite mantener el agua en su interior durante periodos de tiempo largos, sin vaciarla cada vez que se utiliza. Función Source: flujo de agua ligero desde el
fondo de la bañera que genera un movimiento circular. WaterDream se puede
integrar fácilmente en cualquier contexto de mobiliario de baño gracias a la personalización del panel que esconde el tablero de control situado al lado de la bañera.

Juegos de luces enterradas completan este producto elegante y versátil. Bañera equipada con diversos tipos de hidromasaje y función de cromoterapia Blade Light con Led RGB. WaterSuite se integra fácilmente en cualquier contexto de mobiliario de baño gracias a la personalización del panel que esconde el tablero de control situado al lado de la bañera.

<!-- wp:paragraph -->
<p>Arte, una colección única de 16 residencias frente al mar en Surfside, es el primer proyecto estadounidense de la legendaria asociación italiana de arquitectura y diseño de Antonio Citterio y Patricia Viel en colaboración con Kobi Karp Architecture &amp; Interior Design.</p>
<!-- /wp:paragraph -->

<p class="p1">Con vistas a una de las costas más bonitas de Grecia, en esta maravillosa residencia se han cuidado todos los detalles para infundir una sensación de serenidad, en total armonía con la naturaleza circundante. En el interior, el hammam y la sauna a medida Effe completan la experiencia de puro bienestar.</p>

<p class="p1">El Gallia Palace Hotel ha seleccionado los productos Effe para realizar sus zonas wellness. Para el interior del Spa Privado del hotel ha elegido Logica Spa, mientras en el centro bienestar se han colocado Hammam, Sauna, Bucket Shower y fuente de hielo. Inmerso en el verde de la vegetación mediterránea, en la hermosa localidad de Punta Ala, el Gallia es ideal para pasar unas vacaciones relajantes en un ambiente de «Dolce Vita».</p>

<p class="p1">La elegancia del estilo Liberty inglés ofrece vistas inéditas sobre el Belvedere de Cesena gracias a un extraordinario proyecto de restauración de Villa Monty Banks. Michele Manuzzi y Erika Galbucci han inaugurado la nueva residencia turística decidiendo embellecer su mejor suite con un especial Yoku S de Effe con paredes espejadas. La zona de Spa de la Villa propone un recorrido saludable que alterna vapor, agua, calor y relajación.</p>
