{"id":24783,"date":"2022-01-31T12:25:18","date_gmt":"2022-01-31T10:25:18","guid":{"rendered":"https:\/\/www.effe.it\/referenza\/west-one-bathrooms\/"},"modified":"2023-07-03T10:29:32","modified_gmt":"2023-07-03T08:29:32","slug":"west-one-bathrooms","status":"publish","type":"referenza","link":"https:\/\/www.effe.it\/es\/referenza\/west-one-bathrooms\/","title":{"rendered":"West One Bathrooms"},"content":{"rendered":"\n<p>West One Bathrooms, insieme con Effe, Dornbracht e Sieger Design, presentano un allestimento dedicato al concetto di \u2018Small Size Premium Spa\u2019, dove gli spazi ristretti di casa si trasformano in un luogo di benessere raffinato ed unico nel suo genere.<\/p>\n","protected":false},"featured_media":0,"template":"","better_featured_image":null,"acf":{"abilitare_progetti_simili":true,"gallery_photos_12_columns_reference":[{"image_gallery_columns":"https:\/\/static.effe.it\/website\/2022\/01\/West-One-Bathrooms-SSPS-Spa-Battersea-22-scaled.jpg","copy_image_column":"","numer_of_columns":"12","embed_video_gallery":""},{"image_gallery_columns":"https:\/\/static.effe.it\/website\/2022\/01\/2-West-One-Bathrooms-SSPS-Spa-Battersea-23.jpg","copy_image_column":"","numer_of_columns":"6","embed_video_gallery":""},{"image_gallery_columns":"https:\/\/static.effe.it\/website\/2022\/01\/3-West-One-Bathrooms-SSPS-Spa-Battersea-26.jpg","copy_image_column":"","numer_of_columns":"5","embed_video_gallery":""},{"image_gallery_columns":"https:\/\/static.effe.it\/website\/2022\/01\/4-West-One-Bathrooms-SSPS-Spa-Battersea-24.jpg","copy_image_column":"","numer_of_columns":"4","embed_video_gallery":""},{"image_gallery_columns":"https:\/\/static.effe.it\/website\/2022\/01\/5-West-One-Bathrooms-SSPS-Spa-Battersea-20.jpg","copy_image_column":"","numer_of_columns":"6","embed_video_gallery":""},{"image_gallery_columns":"https:\/\/static.effe.it\/website\/2022\/01\/6-West-One-Bathrooms-SSPS-Spa-Battersea-25-scaled.jpg","copy_image_column":"","numer_of_columns":"12","embed_video_gallery":""}],"related_products_group":{"toggle_related_product_field":true,"related_products":[{"ID":9755,"post_author":"12708","post_date":"2021-07-06 17:07:35","post_date_gmt":"2021-07-06 15:07:35","post_content":"Panel de control touch con iconos retroiluminados e indicador del nivel de temperatura. Mantenimiento m\u00ednimo gracias al sistema autom\u00e1tico de lavado de la caldera que reduce al m\u00ednimo la acumulaci\u00f3n de cal. Dise\u00f1o elegante y compacto formado por una placa de vidrio templado serigrafiado con un grosor visible de 3,7 cm. PSF (Power Steam Function): innovador sistema de ventilaci\u00f3n que minimiza la estratificaci\u00f3n de las temperaturas. Mantenimiento m\u00ednimo y larga duraci\u00f3n gracias al sistema autom\u00e1tico de lavado de la caldera que reduce la acumulaci\u00f3n de cal.","post_title":"Touch&amp;Steam Smart","post_excerpt":"","post_status":"publish","comment_status":"closed","ping_status":"closed","post_password":"","post_name":"touchsteam-smart","to_ping":"","pinged":"","post_modified":"2026-03-10 10:46:28","post_modified_gmt":"2026-03-10 08:46:28","post_content_filtered":"","post_parent":0,"guid":"https:\/\/www.effe.it\/prodotto\/touchsteam\/","menu_order":0,"post_type":"prodotto","post_mime_type":"","comment_count":"0","filter":"raw"},{"ID":9574,"post_author":"6","post_date":"2021-07-29 12:19:09","post_date_gmt":"2021-07-29 10:19:09","post_content":"Fit Shower se puede combinar con cualquier generador de vapor Effe. Instalaci\u00f3n de techo: empotrada, semiempotrada, externa. Ducha con dos salidas de agua distintas: chorro de agua y chorro t\u00f3nico.","post_title":"Fit Shower","post_excerpt":"","post_status":"draft","comment_status":"closed","ping_status":"closed","post_password":"","post_name":"fit-shower","to_ping":"","pinged":"","post_modified":"2024-04-15 16:29:21","post_modified_gmt":"2024-04-15 14:29:21","post_content_filtered":"","post_parent":0,"guid":"https:\/\/www.effe.it\/blog\/prodotto\/fit-shower\/","menu_order":0,"post_type":"prodotto","post_mime_type":"","comment_count":"0","filter":"raw"}]},"similar_projects":[{"ID":24457,"post_author":"10","post_date":"2021-09-03 14:36:31","post_date_gmt":"2021-09-03 12:36:31","post_content":"<p class=\"p1\">Con vistas a una de las costas m\u00e1s bonitas de Grecia, en esta maravillosa residencia se han cuidado todos los detalles para infundir una sensaci\u00f3n de serenidad, en total armon\u00eda con la naturaleza circundante. En el interior, el hammam y la sauna a medida Effe completan la experiencia de puro bienestar.<\/p>","post_title":"DikoArch Villa","post_excerpt":"","post_status":"publish","comment_status":"closed","ping_status":"closed","post_password":"","post_name":"dikoarch-villa","to_ping":"","pinged":"","post_modified":"2023-07-03 10:08:42","post_modified_gmt":"2023-07-03 08:08:42","post_content_filtered":"","post_parent":0,"guid":"https:\/\/www.effe.it\/referenza\/dikoarch-villa\/","menu_order":0,"post_type":"referenza","post_mime_type":"","comment_count":"0","filter":"raw"},{"ID":25883,"post_author":"10","post_date":"2021-09-03 14:36:31","post_date_gmt":"2021-09-03 12:36:31","post_content":"<p class=\"p1\">El Hotel Rosa Alpina ofrece, en el coraz\u00f3n de los Dolomitas, una hospitalidad hecha de tradici\u00f3n y refinada atm\u00f3sfera de monta\u00f1a. En esta ubicaci\u00f3n, Effe se ha ocupado de transformar las duchas en Hammam gracias al uso de sus generadores de vapor. Elegantes y compactos, los generadores Effe combinan sencillez de instalaci\u00f3n, elevada tecnolog\u00eda y perfecta integraci\u00f3n con los ambientes.<\/p>","post_title":"Hotel Rosa Alpina","post_excerpt":"","post_status":"publish","comment_status":"closed","ping_status":"closed","post_password":"","post_name":"hotel-rosa-alpina-2","to_ping":"","pinged":"","post_modified":"2023-07-03 11:24:16","post_modified_gmt":"2023-07-03 09:24:16","post_content_filtered":"","post_parent":0,"guid":"https:\/\/www.effe.it\/referenza\/hotel-rosa-alpina-2\/","menu_order":0,"post_type":"referenza","post_mime_type":"","comment_count":"0","filter":"raw"}]},"_links":{"self":[{"href":"https:\/\/www.effe.it\/es\/wp-json\/wp\/v2\/referenza\/24783"}],"collection":[{"href":"https:\/\/www.effe.it\/es\/wp-json\/wp\/v2\/referenza"}],"about":[{"href":"https:\/\/www.effe.it\/es\/wp-json\/wp\/v2\/types\/referenza"}],"wp:attachment":[{"href":"https:\/\/www.effe.it\/es\/wp-json\/wp\/v2\/media?parent=24783"}],"curies":[{"name":"wp","href":"https:\/\/api.w.org\/{rel}","templated":true}]}}

Panel de control touch con iconos retroiluminados e indicador del nivel de temperatura. Mantenimiento mínimo gracias al sistema automático de lavado de la caldera que reduce al mínimo la acumulación de cal. Diseño elegante y compacto formado por una placa de vidrio templado serigrafiado con un grosor visible de 3,7 cm. PSF (Power Steam Function): innovador sistema de ventilación que minimiza la estratificación de las temperaturas. Mantenimiento mínimo y larga duración gracias al sistema automático de lavado de la caldera que reduce la acumulación de cal.

Fit Shower se puede combinar con cualquier generador de vapor Effe. Instalación de techo: empotrada, semiempotrada, externa. Ducha con dos salidas de agua distintas: chorro de agua y chorro tónico.

<p class="p1">Con vistas a una de las costas más bonitas de Grecia, en esta maravillosa residencia se han cuidado todos los detalles para infundir una sensación de serenidad, en total armonía con la naturaleza circundante. En el interior, el hammam y la sauna a medida Effe completan la experiencia de puro bienestar.</p>

<p class="p1">El Hotel Rosa Alpina ofrece, en el corazón de los Dolomitas, una hospitalidad hecha de tradición y refinada atmósfera de montaña. En esta ubicación, Effe se ha ocupado de transformar las duchas en Hammam gracias al uso de sus generadores de vapor. Elegantes y compactos, los generadores Effe combinan sencillez de instalación, elevada tecnología y perfecta integración con los ambientes.</p>
