{"id":21470,"date":"2021-09-03T14:36:31","date_gmt":"2021-09-03T12:36:31","guid":{"rendered":"https:\/\/www.effe.it\/referenza\/lardini-house-private-house\/"},"modified":"2022-03-04T11:20:43","modified_gmt":"2022-03-04T09:20:43","slug":"private-house-ancona","status":"publish","type":"referenza","link":"https:\/\/www.effe.it\/es\/referenza\/private-house-ancona\/","title":{"rendered":"Private house, Ancona"},"content":{"rendered":"<p><span data-sheets-value=\"{&quot;1&quot;:2,&quot;2&quot;:&quot;Effe se encuentra en el centro de una historia de treinta a\u00f1os que gira alrededor del bienestar y de los ancestrales rituales de sauna y hammam. Nuestro know-how nos ha permitido efectuar con \u00e9xito esta intervenci\u00f3n personalizada, consiguiendo instalar sauna y hamman dentro de una vivienda antigua, sin alterar su equilibrio est\u00e9tico.&quot;}\" data-sheets-userformat=\"{&quot;2&quot;:257,&quot;3&quot;:{&quot;1&quot;:0},&quot;11&quot;:4}\">Effe se encuentra en el centro de una historia de treinta a\u00f1os que gira alrededor del bienestar y de los ancestrales rituales de sauna y hammam. Nuestro know-how nos ha permitido efectuar con \u00e9xito esta intervenci\u00f3n personalizada, consiguiendo instalar sauna y hamman dentro de una vivienda antigua, sin alterar su equilibrio est\u00e9tico.<\/span><\/p>\n","protected":false},"featured_media":0,"template":"","better_featured_image":null,"acf":{"related_products_group":{"toggle_related_product_field":true,"related_products":[{"ID":9605,"post_author":"12708","post_date":"2021-07-29 12:19:09","post_date_gmt":"2021-07-29 10:19:09","post_content":"Generador de vapor profesional externo, adecuado para grandes vol\u00famenes. Funcionamiento prolongado sin necesidad de mantenimiento. Nuvola Smart Power es adecuado para aplicaciones ocultas y, por lo tanto, se integra f\u00e1cilmente con cualquier soluci\u00f3n de mobiliario.\nControl autom\u00e1tico de las termorresistencias para una distribuci\u00f3n de vapor uniforme a lo largo del tiempo.\nEl difusor de vapor Smart, disponible en las versiones Glass y Camouflage, incorpora el innovador sistema PSF (Power Steam Function), que garantiza la uniformidad del vapor y de la temperatura.\nEl difusor de vapor tradicional, con cubeta para esencias integrada, puede personalizarse en tres acabados: cromo, negro mate PVD y negro p\u00f3lvora mate PVD.","post_title":"Nuvola Smart","post_excerpt":"","post_status":"publish","comment_status":"closed","ping_status":"closed","post_password":"","post_name":"nuvola-smart","to_ping":"","pinged":"","post_modified":"2025-11-13 11:17:37","post_modified_gmt":"2025-11-13 09:17:37","post_content_filtered":"","post_parent":0,"guid":"https:\/\/www.effe.it\/prodotto\/nuvola-smart-power\/","menu_order":0,"post_type":"prodotto","post_mime_type":"","comment_count":"0","filter":"raw"},{"ID":9737,"post_author":"12708","post_date":"2021-07-29 11:03:03","post_date_gmt":"2021-07-29 09:03:03","post_content":"<!-- wp:paragraph -->\n<p>Sky est\u00e1 realizada en madera canadiense Hemlock de calidad o Aspen tratado t\u00e9rmicamente y vidrios templados de 10 mm. Pared frontal, puerta y techo en vidrio aportan a Sky una extrema transparencia y ligereza.<\/p>\n<!-- \/wp:paragraph -->","post_title":"Sky","post_excerpt":"","post_status":"publish","comment_status":"closed","ping_status":"closed","post_password":"","post_name":"sky","to_ping":"","pinged":"","post_modified":"2024-10-10 11:27:30","post_modified_gmt":"2024-10-10 09:27:30","post_content_filtered":"","post_parent":0,"guid":"https:\/\/www.effe.it\/prodotto\/sky\/","menu_order":0,"post_type":"prodotto","post_mime_type":"","comment_count":"0","filter":"raw"}]},"abilitare_progetti_simili":true,"similar_projects":[{"ID":21164,"post_author":"6","post_date":"2021-10-05 15:21:34","post_date_gmt":"2021-10-05 13:21:34","post_content":"<!-- wp:paragraph -->\n<p>Arte, una colecci\u00f3n \u00fanica de 16 residencias frente al mar en Surfside, es el primer proyecto estadounidense de la legendaria asociaci\u00f3n italiana de arquitectura y dise\u00f1o de Antonio Citterio y Patricia Viel en colaboraci\u00f3n con Kobi Karp Architecture &amp; Interior Design.<\/p>\n<!-- \/wp:paragraph -->","post_title":"Arte Surfside Miami Beach","post_excerpt":"","post_status":"publish","comment_status":"closed","ping_status":"closed","post_password":"","post_name":"arte-surfside-miami-beach","to_ping":"","pinged":"","post_modified":"2022-03-03 12:09:50","post_modified_gmt":"2022-03-03 10:09:50","post_content_filtered":"","post_parent":0,"guid":"https:\/\/www.effe.it\/referenza\/arte-surfside-miami-beach\/","menu_order":0,"post_type":"referenza","post_mime_type":"","comment_count":"0","filter":"raw"},{"ID":21404,"post_author":"6","post_date":"2021-09-03 14:36:31","post_date_gmt":"2021-09-03 12:36:31","post_content":"<span data-sheets-value=\"{&quot;1&quot;:2,&quot;2&quot;:&quot;El Golfo dei Poeti Relais &amp; SPA representa el punto de encuentro de los tres elementos que condensan la esencia de nuestra visi\u00f3n de hospitalidad. En su interior, los aut\u00e9nticos protagonistas son el tiempo, el silencio y el espacio. En esta ubicaci\u00f3n, Effe ha instalado una sauna con vistas al mar. Los clientes de la estructura pueden concederse su momento de bienestar admirando la costa de la Liguria gracias a la gran pared de vidrio.&quot;}\" data-sheets-userformat=\"{&quot;2&quot;:257,&quot;3&quot;:{&quot;1&quot;:0},&quot;11&quot;:4}\">El Golfo dei Poeti Relais &amp; SPA representa el punto de encuentro de los tres elementos que condensan la esencia de nuestra visi\u00f3n de hospitalidad. En su interior, los aut\u00e9nticos protagonistas son el tiempo, el silencio y el espacio. En esta ubicaci\u00f3n, Effe ha instalado una sauna con vistas al mar. Los clientes de la estructura pueden concederse su momento de bienestar admirando la costa de la Liguria gracias a la gran pared de vidrio.<\/span>","post_title":"Golfo dei Poeti Relais","post_excerpt":"","post_status":"publish","comment_status":"closed","ping_status":"closed","post_password":"","post_name":"golfo-dei-poeti-relais","to_ping":"","pinged":"","post_modified":"2022-03-04 11:41:18","post_modified_gmt":"2022-03-04 09:41:18","post_content_filtered":"","post_parent":0,"guid":"https:\/\/www.effe.it\/referenza\/golfo-dei-poeti-relais\/","menu_order":0,"post_type":"referenza","post_mime_type":"","comment_count":"0","filter":"raw"},{"ID":25737,"post_author":"10","post_date":"2021-09-03 14:36:31","post_date_gmt":"2021-09-03 12:36:31","post_content":"<p class=\"p1\">En una posici\u00f3n entre las mejores de Lovere, la Casa del Porto ofrece un \u00e1rea bienestar con sauna y hammam de la marca Effe. La sugestiva \u00e1rea wellness se ha dise\u00f1ado a medida en antiguas cisternas subterr\u00e1neas.<\/p>","post_title":"La Casa del Porto","post_excerpt":"","post_status":"publish","comment_status":"closed","ping_status":"closed","post_password":"","post_name":"la-casa-del-porto-2","to_ping":"","pinged":"","post_modified":"2023-07-03 11:25:17","post_modified_gmt":"2023-07-03 09:25:17","post_content_filtered":"","post_parent":0,"guid":"https:\/\/www.effe.it\/referenza\/la-casa-del-porto-2\/","menu_order":0,"post_type":"referenza","post_mime_type":"","comment_count":"0","filter":"raw"},{"ID":26018,"post_author":"10","post_date":"2021-09-03 14:36:31","post_date_gmt":"2021-09-03 12:36:31","post_content":"<p class=\"p1\">Effe ha llevado a cabo soluciones personalizadas a medida para realizar el \u00e1rea bienestar de esta ubicaci\u00f3n, inmersa en la naturaleza, a los pies de los Dolomitas. El paisaje natural y la zona wellness crean una alianza perfecta, tambi\u00e9n gracias al cuidado perfecto de detalles especiales.<\/p>","post_title":"Private house, Alta Badia","post_excerpt":"","post_status":"publish","comment_status":"closed","ping_status":"closed","post_password":"","post_name":"giglio-alta-badia-private-house","to_ping":"","pinged":"","post_modified":"2023-07-03 11:22:30","post_modified_gmt":"2023-07-03 09:22:30","post_content_filtered":"","post_parent":0,"guid":"https:\/\/www.effe.it\/referenza\/giglio-alta-badia-private-house\/","menu_order":0,"post_type":"referenza","post_mime_type":"","comment_count":"0","filter":"raw"}],"gallery_photos_12_columns_reference":[{"image_gallery_columns":"https:\/\/static.effe.it\/website\/2021\/09\/private-house-ancona-6%402x-scaled.jpg","copy_image_column":"","numer_of_columns":"12","embed_video_gallery":""},{"image_gallery_columns":"https:\/\/static.effe.it\/website\/2021\/09\/private-house-ancona-1%402x.jpg","copy_image_column":"","numer_of_columns":"6","embed_video_gallery":""},{"image_gallery_columns":"https:\/\/static.effe.it\/website\/2021\/09\/private-house-ancona-4%402x.jpg","copy_image_column":"","numer_of_columns":"4","embed_video_gallery":""},{"image_gallery_columns":"https:\/\/static.effe.it\/website\/2021\/09\/private-house-ancona-7%402x.jpg","copy_image_column":"","numer_of_columns":"5","embed_video_gallery":""},{"image_gallery_columns":"https:\/\/static.effe.it\/website\/2021\/09\/private-house-ancona-2%402x.jpg","copy_image_column":"","numer_of_columns":"6","embed_video_gallery":""},{"image_gallery_columns":"https:\/\/static.effe.it\/website\/2021\/09\/private-house-ancona-5%402x.jpg","copy_image_column":"","numer_of_columns":"6","embed_video_gallery":""},{"image_gallery_columns":"https:\/\/static.effe.it\/website\/2021\/09\/private-house-ancona-3%402x.jpg","copy_image_column":"","numer_of_columns":"6","embed_video_gallery":""}]},"_links":{"self":[{"href":"https:\/\/www.effe.it\/es\/wp-json\/wp\/v2\/referenza\/21470"}],"collection":[{"href":"https:\/\/www.effe.it\/es\/wp-json\/wp\/v2\/referenza"}],"about":[{"href":"https:\/\/www.effe.it\/es\/wp-json\/wp\/v2\/types\/referenza"}],"wp:attachment":[{"href":"https:\/\/www.effe.it\/es\/wp-json\/wp\/v2\/media?parent=21470"}],"curies":[{"name":"wp","href":"https:\/\/api.w.org\/{rel}","templated":true}]}}

<p><span data-sheets-value="{&quot;1&quot;:2,&quot;2&quot;:&quot;Effe se encuentra en el centro de una historia de treinta años que gira alrededor del bienestar y de los ancestrales rituales de sauna y hammam. Nuestro know-how nos ha permitido efectuar con éxito esta intervención personalizada, consiguiendo instalar sauna y hamman dentro de una vivienda antigua, sin alterar su equilibrio estético.&quot;}" data-sheets-userformat="{&quot;2&quot;:257,&quot;3&quot;:{&quot;1&quot;:0},&quot;11&quot;:4}">Effe se encuentra en el centro de una historia de treinta años que gira alrededor del bienestar y de los ancestrales rituales de sauna y hammam. Nuestro know-how nos ha permitido efectuar con éxito esta intervención personalizada, consiguiendo instalar sauna y hamman dentro de una vivienda antigua, sin alterar su equilibrio estético.</span></p>

Generador de vapor profesional externo, adecuado para grandes volúmenes. Funcionamiento prolongado sin necesidad de mantenimiento. Nuvola Smart Power es adecuado para aplicaciones ocultas y, por lo tanto, se integra fácilmente con cualquier solución de mobiliario.
Control automático de las termorresistencias para una distribución de vapor uniforme a lo largo del tiempo.
El difusor de vapor Smart, disponible en las versiones Glass y Camouflage, incorpora el innovador sistema PSF (Power Steam Function), que garantiza la uniformidad del vapor y de la temperatura.
El difusor de vapor tradicional, con cubeta para esencias integrada, puede personalizarse en tres acabados: cromo, negro mate PVD y negro pólvora mate PVD.

<!-- wp:paragraph -->
<p>Sky está realizada en madera canadiense Hemlock de calidad o Aspen tratado térmicamente y vidrios templados de 10 mm. Pared frontal, puerta y techo en vidrio aportan a Sky una extrema transparencia y ligereza.</p>
<!-- /wp:paragraph -->

<!-- wp:paragraph -->
<p>Arte, una colección única de 16 residencias frente al mar en Surfside, es el primer proyecto estadounidense de la legendaria asociación italiana de arquitectura y diseño de Antonio Citterio y Patricia Viel en colaboración con Kobi Karp Architecture &amp; Interior Design.</p>
<!-- /wp:paragraph -->

<span data-sheets-value="{&quot;1&quot;:2,&quot;2&quot;:&quot;El Golfo dei Poeti Relais &amp; SPA representa el punto de encuentro de los tres elementos que condensan la esencia de nuestra visión de hospitalidad. En su interior, los auténticos protagonistas son el tiempo, el silencio y el espacio. En esta ubicación, Effe ha instalado una sauna con vistas al mar. Los clientes de la estructura pueden concederse su momento de bienestar admirando la costa de la Liguria gracias a la gran pared de vidrio.&quot;}" data-sheets-userformat="{&quot;2&quot;:257,&quot;3&quot;:{&quot;1&quot;:0},&quot;11&quot;:4}">El Golfo dei Poeti Relais &amp; SPA representa el punto de encuentro de los tres elementos que condensan la esencia de nuestra visión de hospitalidad. En su interior, los auténticos protagonistas son el tiempo, el silencio y el espacio. En esta ubicación, Effe ha instalado una sauna con vistas al mar. Los clientes de la estructura pueden concederse su momento de bienestar admirando la costa de la Liguria gracias a la gran pared de vidrio.</span>

<p class="p1">En una posición entre las mejores de Lovere, la Casa del Porto ofrece un área bienestar con sauna y hammam de la marca Effe. La sugestiva área wellness se ha diseñado a medida en antiguas cisternas subterráneas.</p>

<p class="p1">Effe ha llevado a cabo soluciones personalizadas a medida para realizar el área bienestar de esta ubicación, inmersa en la naturaleza, a los pies de los Dolomitas. El paisaje natural y la zona wellness crean una alianza perfecta, también gracias al cuidado perfecto de detalles especiales.</p>
