{"id":21404,"date":"2021-09-03T14:36:31","date_gmt":"2021-09-03T12:36:31","guid":{"rendered":"https:\/\/www.effe.it\/referenza\/golfo-dei-poeti-relais\/"},"modified":"2022-03-04T11:41:18","modified_gmt":"2022-03-04T09:41:18","slug":"golfo-dei-poeti-relais","status":"publish","type":"referenza","link":"https:\/\/www.effe.it\/es\/referenza\/golfo-dei-poeti-relais\/","title":{"rendered":"Golfo dei Poeti Relais"},"content":{"rendered":"<p><span data-sheets-value=\"{&quot;1&quot;:2,&quot;2&quot;:&quot;El Golfo dei Poeti Relais &amp; SPA representa el punto de encuentro de los tres elementos que condensan la esencia de nuestra visi\u00f3n de hospitalidad. En su interior, los aut\u00e9nticos protagonistas son el tiempo, el silencio y el espacio. En esta ubicaci\u00f3n, Effe ha instalado una sauna con vistas al mar. Los clientes de la estructura pueden concederse su momento de bienestar admirando la costa de la Liguria gracias a la gran pared de vidrio.&quot;}\" data-sheets-userformat=\"{&quot;2&quot;:257,&quot;3&quot;:{&quot;1&quot;:0},&quot;11&quot;:4}\">El Golfo dei Poeti Relais &amp; SPA representa el punto de encuentro de los tres elementos que condensan la esencia de nuestra visi\u00f3n de hospitalidad. En su interior, los aut\u00e9nticos protagonistas son el tiempo, el silencio y el espacio. En esta ubicaci\u00f3n, Effe ha instalado una sauna con vistas al mar. Los clientes de la estructura pueden concederse su momento de bienestar admirando la costa de la Liguria gracias a la gran pared de vidrio.<\/span><\/p>\n","protected":false},"featured_media":0,"template":"","better_featured_image":null,"acf":{"gallery_photos_12_columns_reference":[{"image_gallery_columns":"https:\/\/static.effe.it\/website\/2021\/09\/golfo-dei-poeti-1%402x-scaled.jpg","copy_image_column":"","numer_of_columns":"12","embed_video_gallery":""},{"image_gallery_columns":"https:\/\/static.effe.it\/website\/2021\/09\/golfo-dei-poeti-5%402x-1.jpg","copy_image_column":"","numer_of_columns":"4","embed_video_gallery":""},{"image_gallery_columns":"https:\/\/static.effe.it\/website\/2021\/09\/golfo-dei-poeti-8%402x.jpg","copy_image_column":"","numer_of_columns":"6","embed_video_gallery":""},{"image_gallery_columns":"https:\/\/static.effe.it\/website\/2021\/09\/golfo-dei-poeti-9%402x.jpg","copy_image_column":"","numer_of_columns":"6","embed_video_gallery":""},{"image_gallery_columns":"https:\/\/static.effe.it\/website\/2021\/09\/golfo-dei-poeti-4%402x-1.jpg","copy_image_column":"","numer_of_columns":"5","embed_video_gallery":""},{"image_gallery_columns":"https:\/\/static.effe.it\/website\/2021\/09\/golfo-dei-poeti-6%402x-1-scaled.jpg","copy_image_column":"","numer_of_columns":"12","embed_video_gallery":""},{"image_gallery_columns":"https:\/\/static.effe.it\/website\/2021\/09\/golfo-dei-poeti-7%402x-2-scaled.jpg","copy_image_column":"","numer_of_columns":"12","embed_video_gallery":""},{"image_gallery_columns":"https:\/\/static.effe.it\/website\/2021\/09\/golfo-dei-poeti-10%402x.jpg","copy_image_column":"","numer_of_columns":"6","embed_video_gallery":""},{"image_gallery_columns":"https:\/\/static.effe.it\/website\/2021\/09\/golfo-dei-poeti-3%402x-2.jpg","copy_image_column":"","numer_of_columns":"5","embed_video_gallery":""},{"image_gallery_columns":"https:\/\/static.effe.it\/website\/2021\/09\/golfo-dei-poeti-2%402x-1-scaled.jpg","copy_image_column":"","numer_of_columns":"12","embed_video_gallery":""}],"related_products_group":{"toggle_related_product_field":true,"related_products":[{"ID":9683,"post_author":"12708","post_date":"2021-07-29 11:03:03","post_date_gmt":"2021-07-29 09:03:03","post_content":"Los bancos suspendidos aligeran el dise\u00f1o y permiten la instalaci\u00f3n en el suelo existente. La estufa en posici\u00f3n central hace de Air un lugar de encuentro, d\u00f3nde relajarse en compa\u00f1\u00eda. Las superficies de los bancos se convierten, en la parte externa, en un toallero y una funcional base de apoyo. Los interiores est\u00e1n realizados en madera Aspen de gran calidad al natural o tratada t\u00e9rmicamente, muy resistente en el tiempo. Las amplias superficies de cristal templado a toda altura y las fuentes luminosas de Led colocadas debajo de los bancos destacan la ligereza del ambiente.","post_title":"Air","post_excerpt":"","post_status":"publish","comment_status":"closed","ping_status":"closed","post_password":"","post_name":"air","to_ping":"","pinged":"","post_modified":"2024-12-05 09:26:08","post_modified_gmt":"2024-12-05 07:26:08","post_content_filtered":"","post_parent":0,"guid":"https:\/\/www.effe.it\/prodotto\/air\/","menu_order":0,"post_type":"prodotto","post_mime_type":"","comment_count":"0","filter":"raw"},{"ID":9737,"post_author":"12708","post_date":"2021-07-29 11:03:03","post_date_gmt":"2021-07-29 09:03:03","post_content":"<!-- wp:paragraph -->\n<p>Sky est\u00e1 realizada en madera canadiense Hemlock de calidad o Aspen tratado t\u00e9rmicamente y vidrios templados de 10 mm. Pared frontal, puerta y techo en vidrio aportan a Sky una extrema transparencia y ligereza.<\/p>\n<!-- \/wp:paragraph -->","post_title":"Sky","post_excerpt":"","post_status":"publish","comment_status":"closed","ping_status":"closed","post_password":"","post_name":"sky","to_ping":"","pinged":"","post_modified":"2024-10-10 11:27:30","post_modified_gmt":"2024-10-10 09:27:30","post_content_filtered":"","post_parent":0,"guid":"https:\/\/www.effe.it\/prodotto\/sky\/","menu_order":0,"post_type":"prodotto","post_mime_type":"","comment_count":"0","filter":"raw"}]},"similar_projects":[{"ID":24457,"post_author":"10","post_date":"2021-09-03 14:36:31","post_date_gmt":"2021-09-03 12:36:31","post_content":"<p class=\"p1\">Con vistas a una de las costas m\u00e1s bonitas de Grecia, en esta maravillosa residencia se han cuidado todos los detalles para infundir una sensaci\u00f3n de serenidad, en total armon\u00eda con la naturaleza circundante. En el interior, el hammam y la sauna a medida Effe completan la experiencia de puro bienestar.<\/p>","post_title":"DikoArch Villa","post_excerpt":"","post_status":"publish","comment_status":"closed","ping_status":"closed","post_password":"","post_name":"dikoarch-villa","to_ping":"","pinged":"","post_modified":"2023-07-03 10:08:42","post_modified_gmt":"2023-07-03 08:08:42","post_content_filtered":"","post_parent":0,"guid":"https:\/\/www.effe.it\/referenza\/dikoarch-villa\/","menu_order":0,"post_type":"referenza","post_mime_type":"","comment_count":"0","filter":"raw"},{"ID":25737,"post_author":"10","post_date":"2021-09-03 14:36:31","post_date_gmt":"2021-09-03 12:36:31","post_content":"<p class=\"p1\">En una posici\u00f3n entre las mejores de Lovere, la Casa del Porto ofrece un \u00e1rea bienestar con sauna y hammam de la marca Effe. La sugestiva \u00e1rea wellness se ha dise\u00f1ado a medida en antiguas cisternas subterr\u00e1neas.<\/p>","post_title":"La Casa del Porto","post_excerpt":"","post_status":"publish","comment_status":"closed","ping_status":"closed","post_password":"","post_name":"la-casa-del-porto-2","to_ping":"","pinged":"","post_modified":"2023-07-03 11:25:17","post_modified_gmt":"2023-07-03 09:25:17","post_content_filtered":"","post_parent":0,"guid":"https:\/\/www.effe.it\/referenza\/la-casa-del-porto-2\/","menu_order":0,"post_type":"referenza","post_mime_type":"","comment_count":"0","filter":"raw"},{"ID":21169,"post_author":"6","post_date":"2021-09-03 14:36:31","post_date_gmt":"2021-09-03 12:36:31","post_content":"Magn\u00edfico \u00e1tico con sauna privada Effe creada a medida en la zona Upper West Side, un barrio de la isla neoyorquina de Manhattan que une Central Park con el r\u00edo Hudson. En el proyecto, los tonos naturales de la preciosa madera de Aspen tratada t\u00e9rmicamente se combinan a la perfecci\u00f3n con los azulejos de estilo marroqu\u00ed hechos a mano.","post_title":"Upper West Side, New York","post_excerpt":"","post_status":"publish","comment_status":"closed","ping_status":"closed","post_password":"","post_name":"upper-west-side-new-york","to_ping":"","pinged":"","post_modified":"2022-03-03 12:13:37","post_modified_gmt":"2022-03-03 10:13:37","post_content_filtered":"","post_parent":0,"guid":"https:\/\/www.effe.it\/referenza\/upper-west-side-new-york\/","menu_order":0,"post_type":"referenza","post_mime_type":"","comment_count":"0","filter":"raw"},{"ID":25171,"post_author":"10","post_date":"2021-09-03 14:36:31","post_date_gmt":"2021-09-03 12:36:31","post_content":"<p class=\"p1\">El Gallia Palace Hotel ha seleccionado los productos Effe para realizar sus zonas wellness. Para el interior del Spa Privado del hotel ha elegido Logica Spa, mientras en el centro bienestar se han colocado Hammam, Sauna, Bucket Shower y fuente de hielo. Inmerso en el verde de la vegetaci\u00f3n mediterr\u00e1nea, en la hermosa localidad de Punta Ala, el Gallia es ideal para pasar unas vacaciones relajantes en un ambiente de \u00abDolce Vita\u00bb.<\/p>","post_title":"Gallia Palace Resort","post_excerpt":"","post_status":"publish","comment_status":"closed","ping_status":"closed","post_password":"","post_name":"gallia-palace-resort","to_ping":"","pinged":"","post_modified":"2023-07-03 10:43:00","post_modified_gmt":"2023-07-03 08:43:00","post_content_filtered":"","post_parent":0,"guid":"https:\/\/www.effe.it\/referenza\/gallia-palace-resort\/","menu_order":0,"post_type":"referenza","post_mime_type":"","comment_count":"0","filter":"raw"}],"abilitare_progetti_simili":true},"_links":{"self":[{"href":"https:\/\/www.effe.it\/es\/wp-json\/wp\/v2\/referenza\/21404"}],"collection":[{"href":"https:\/\/www.effe.it\/es\/wp-json\/wp\/v2\/referenza"}],"about":[{"href":"https:\/\/www.effe.it\/es\/wp-json\/wp\/v2\/types\/referenza"}],"wp:attachment":[{"href":"https:\/\/www.effe.it\/es\/wp-json\/wp\/v2\/media?parent=21404"}],"curies":[{"name":"wp","href":"https:\/\/api.w.org\/{rel}","templated":true}]}}

<p><span data-sheets-value="{&quot;1&quot;:2,&quot;2&quot;:&quot;El Golfo dei Poeti Relais &amp; SPA representa el punto de encuentro de los tres elementos que condensan la esencia de nuestra visión de hospitalidad. En su interior, los auténticos protagonistas son el tiempo, el silencio y el espacio. En esta ubicación, Effe ha instalado una sauna con vistas al mar. Los clientes de la estructura pueden concederse su momento de bienestar admirando la costa de la Liguria gracias a la gran pared de vidrio.&quot;}" data-sheets-userformat="{&quot;2&quot;:257,&quot;3&quot;:{&quot;1&quot;:0},&quot;11&quot;:4}">El Golfo dei Poeti Relais &amp; SPA representa el punto de encuentro de los tres elementos que condensan la esencia de nuestra visión de hospitalidad. En su interior, los auténticos protagonistas son el tiempo, el silencio y el espacio. En esta ubicación, Effe ha instalado una sauna con vistas al mar. Los clientes de la estructura pueden concederse su momento de bienestar admirando la costa de la Liguria gracias a la gran pared de vidrio.</span></p>

Los bancos suspendidos aligeran el diseño y permiten la instalación en el suelo existente. La estufa en posición central hace de Air un lugar de encuentro, dónde relajarse en compañía. Las superficies de los bancos se convierten, en la parte externa, en un toallero y una funcional base de apoyo. Los interiores están realizados en madera Aspen de gran calidad al natural o tratada térmicamente, muy resistente en el tiempo. Las amplias superficies de cristal templado a toda altura y las fuentes luminosas de Led colocadas debajo de los bancos destacan la ligereza del ambiente.

<!-- wp:paragraph -->
<p>Sky está realizada en madera canadiense Hemlock de calidad o Aspen tratado térmicamente y vidrios templados de 10 mm. Pared frontal, puerta y techo en vidrio aportan a Sky una extrema transparencia y ligereza.</p>
<!-- /wp:paragraph -->

<p class="p1">Con vistas a una de las costas más bonitas de Grecia, en esta maravillosa residencia se han cuidado todos los detalles para infundir una sensación de serenidad, en total armonía con la naturaleza circundante. En el interior, el hammam y la sauna a medida Effe completan la experiencia de puro bienestar.</p>

<p class="p1">En una posición entre las mejores de Lovere, la Casa del Porto ofrece un área bienestar con sauna y hammam de la marca Effe. La sugestiva área wellness se ha diseñado a medida en antiguas cisternas subterráneas.</p>

Magnífico ático con sauna privada Effe creada a medida en la zona Upper West Side, un barrio de la isla neoyorquina de Manhattan que une Central Park con el río Hudson. En el proyecto, los tonos naturales de la preciosa madera de Aspen tratada térmicamente se combinan a la perfección con los azulejos de estilo marroquí hechos a mano.

<p class="p1">El Gallia Palace Hotel ha seleccionado los productos Effe para realizar sus zonas wellness. Para el interior del Spa Privado del hotel ha elegido Logica Spa, mientras en el centro bienestar se han colocado Hammam, Sauna, Bucket Shower y fuente de hielo. Inmerso en el verde de la vegetación mediterránea, en la hermosa localidad de Punta Ala, el Gallia es ideal para pasar unas vacaciones relajantes en un ambiente de «Dolce Vita».</p>
