{"id":35097,"date":"2025-03-25T13:25:10","date_gmt":"2025-03-25T11:25:10","guid":{"rendered":"https:\/\/www.effe.it\/prodotto\/kanso\/"},"modified":"2025-10-17T18:01:18","modified_gmt":"2025-10-17T16:01:18","slug":"kanso","status":"publish","type":"prodotto","link":"https:\/\/www.effe.it\/es\/producto\/kanso\/","title":{"rendered":"Kanso"},"content":{"rendered":"","protected":false},"featured_media":35798,"menu_order":0,"template":"","categorie_prodotti":[824],"famiglia_prodotti":[],"better_featured_image":{"id":35798,"alt_text":"","caption":"","description":"","media_type":"image","media_details":{"width":1248,"height":936,"file":"2025\/03\/Kanso-featured-624x468-1.jpg","filesize":270275,"sizes":{"medium":{"file":"Kanso-featured-624x468-1-300x225.jpg","width":300,"height":225,"mime-type":"image\/jpeg","filesize":14350,"source_url":"https:\/\/static.effe.it\/website\/2025\/03\/25185603\/Kanso-featured-624x468-1-300x225.jpg"},"large":{"file":"Kanso-featured-624x468-1-1024x768.jpg","width":1024,"height":768,"mime-type":"image\/jpeg","filesize":87741,"source_url":"https:\/\/static.effe.it\/website\/2025\/03\/25185603\/Kanso-featured-624x468-1-1024x768.jpg"},"thumbnail":{"file":"Kanso-featured-624x468-1-150x150.jpg","width":150,"height":150,"mime-type":"image\/jpeg","filesize":5832,"source_url":"https:\/\/static.effe.it\/website\/2025\/03\/25185603\/Kanso-featured-624x468-1-150x150.jpg"},"medium_large":{"file":"Kanso-featured-624x468-1-768x576.jpg","width":768,"height":576,"mime-type":"image\/jpeg","filesize":57240,"source_url":"https:\/\/static.effe.it\/website\/2025\/03\/25185603\/Kanso-featured-624x468-1-768x576.jpg"},"image-related-size":{"file":"Kanso-featured-624x468-1-420x285.jpg","width":420,"height":285,"mime-type":"image\/jpeg","filesize":21766,"source_url":"https:\/\/static.effe.it\/website\/2025\/03\/25185603\/Kanso-featured-624x468-1-420x285.jpg"},"image-related-size-bigger-sq":{"file":"Kanso-featured-624x468-1-624x468.jpg","width":624,"height":468,"mime-type":"image\/jpeg","filesize":43963,"source_url":"https:\/\/static.effe.it\/website\/2025\/03\/25185603\/Kanso-featured-624x468-1-624x468.jpg"},"image-designer-product":{"file":"Kanso-featured-624x468-1-644x587.jpg","width":644,"height":587,"mime-type":"image\/jpeg","filesize":50531,"source_url":"https:\/\/static.effe.it\/website\/2025\/03\/25185603\/Kanso-featured-624x468-1-644x587.jpg"}},"image_meta":{"aperture":"0","credit":"","camera":"","caption":"","created_timestamp":"0","copyright":"","focal_length":"0","iso":"0","shutter_speed":"0","title":"","orientation":"0","keywords":[]}},"post":35097,"source_url":"https:\/\/static.effe.it\/website\/2025\/03\/25185603\/Kanso-featured-624x468-1.jpg"},"acf":{"intro_text":"La l\u00ednea de saunas Kanso (del japon\u00e9s \u00absimplicidad-pureza\u00bb) se distingue por su dise\u00f1o r\u00edtmico y modular, capaz de generar una inmediata sensaci\u00f3n de tranquilidad. Los marcos que estructuran las paredes crean una est\u00e9tica ligera y armoniosa, que se integra perfectamente con la calidez de la madera Aspen y de los otros tipos de madera tratada t\u00e9rmicamente.","related_products_group":{"toggle_related_product_field":false,"related_products":null},"optional_products_group":{"optional_toggle_field":false,"related_optional":null},"accordion_group":{"":null,"materials-toggle-field":true,"miniatura_materiali":false,"materials_group":[{"materials_title":"Aspen tratado t\u00e9rmicamente (liso)","single_materials_repeater":[{"position_material":"","single_materials":[{"ID":2590,"post_author":"2","post_date":"2021-07-29 10:52:08","post_date_gmt":"2021-07-29 08:52:08","post_content":"","post_title":"Aspen tratado t\u00e9rmicamente (liso)","post_excerpt":"","post_status":"publish","comment_status":"open","ping_status":"open","post_password":"","post_name":"aspen-tratado-termicamente-liso","to_ping":"","pinged":"","post_modified":"2021-07-29 10:52:08","post_modified_gmt":"2021-07-29 08:52:08","post_content_filtered":"","post_parent":0,"guid":"https:\/\/www.effe.it\/materiale_prodotto\/aspen-tratado-termicamente-liso\/","menu_order":0,"post_type":"materiale_prodotto","post_mime_type":"","comment_count":"0","filter":"raw"}]}],"abilitare_numerazione":false}],"toggle_designer":true,"designer":[{"ID":36735,"post_author":"3","post_date":"2025-10-17 18:00:14","post_date_gmt":"2025-10-17 16:00:14","post_content":"<!-- wp:paragraph -->\n<p>Alessandro Andreucci obtiene la licenciatura en Ingenier\u00eda Mec\u00e1nica en la Universidad de Bolonia,<br>con una tesis experimental en biomec\u00e1nica. Tras la licenciatura, se traslada a Alemania, a M\u00fanich,<br>donde comienza a trabajar en el estudio System Design, del que Christian Hoisl es cotitular. En el<br>a\u00f1o 2000 regresa a Italia, incorpor\u00e1ndose a iGuzzini Illuminazione, donde trabaja principalmente<br>en proyectos de Renzo Piano en Par\u00eds (RPBW) y de Ron Arad en Londres. En 2004 abre su<br>propio estudio de dise\u00f1o industrial, colaborando, entre otros, con Agape, Viabizzuno, AngeloPo e<br>IPS.<br>Christian Hoisl obtiene la licenciatura en la Universidad de Ciencias Aplicadas de Dise\u00f1o Industrial<br>de M\u00fanich. De 1987 a 1992 colabora con Herbert Schultes y Martin Dettinger en el desarrollo del<br>System 25 para Bulthaup. Posteriormente trabaja en el estudio System Design, desarrollando<br>cocinas, ba\u00f1os, oficinas y mobiliario de exterior para clientes como Poggenpohl, Franke, Magis,<br>Kusch + Co y Garpa. En el a\u00f1o 2000 funda su propio estudio en M\u00fanich, colaborando, entre otros,<br>en el desarrollo de electrodom\u00e9sticos para el grupo BSH (Siemens, Gaggenau).<br>Desde 2004, Christian Hoisl y Alessandro Andreucci colaboran en diferentes proyectos, eligiendo<br>juntos tanto los encargos como los clientes, aunque manteniendo al mismo tiempo su actividad<br>individual.<br>Algunos de sus clientes comunes son: Boffi, Emu, Unopi\u00f9, Snaidero, Ernestomeda, Alivar, Fermob<br>y Effe.<\/p>\n<!-- \/wp:paragraph -->","post_title":"Alessandro Andreucci & Christian Hoisl","post_excerpt":"","post_status":"publish","comment_status":"closed","ping_status":"closed","post_password":"","post_name":"alessandro-andreucci-christian-hoisl","to_ping":"","pinged":"","post_modified":"2025-10-17 18:00:14","post_modified_gmt":"2025-10-17 16:00:14","post_content_filtered":"","post_parent":0,"guid":"https:\/\/www.effe.it\/?post_type=designer&#038;p=36735","menu_order":100,"post_type":"designer","post_mime_type":"","comment_count":"0","filter":"raw"}],"models_relationship":[{"ID":35654,"post_author":"12708","post_date":"2025-03-25 13:57:04","post_date_gmt":"2025-03-25 11:57:04","post_content":"","post_title":"Kanso 40","post_excerpt":"","post_status":"publish","comment_status":"closed","ping_status":"closed","post_password":"","post_name":"kanso-40","to_ping":"","pinged":"","post_modified":"2026-04-16 09:38:44","post_modified_gmt":"2026-04-16 07:38:44","post_content_filtered":"","post_parent":0,"guid":"https:\/\/www.effe.it\/blog\/modelli\/kanso-40\/","menu_order":0,"post_type":"modelli","post_mime_type":"","comment_count":"0","filter":"raw"},{"ID":35660,"post_author":"12708","post_date":"2025-03-25 15:17:41","post_date_gmt":"2025-03-25 13:17:41","post_content":"","post_title":"Kanso 60","post_excerpt":"","post_status":"publish","comment_status":"closed","ping_status":"closed","post_password":"","post_name":"kanso-60","to_ping":"","pinged":"","post_modified":"2026-04-16 09:38:18","post_modified_gmt":"2026-04-16 07:38:18","post_content_filtered":"","post_parent":0,"guid":"https:\/\/www.effe.it\/blog\/modelli\/kanso-60\/","menu_order":0,"post_type":"modelli","post_mime_type":"","comment_count":"0","filter":"raw"},{"ID":35668,"post_author":"12708","post_date":"2025-03-25 15:18:38","post_date_gmt":"2025-03-25 13:18:38","post_content":"","post_title":"Kanso 105","post_excerpt":"","post_status":"publish","comment_status":"closed","ping_status":"closed","post_password":"","post_name":"kanso-105","to_ping":"","pinged":"","post_modified":"2026-04-16 09:37:48","post_modified_gmt":"2026-04-16 07:37:48","post_content_filtered":"","post_parent":0,"guid":"https:\/\/www.effe.it\/blog\/modelli\/kanso-105\/","menu_order":0,"post_type":"modelli","post_mime_type":"","comment_count":"0","filter":"raw"}],"models_with_documents":true,"description_model_toggle_field":false,"model_description":"","disponibile_su_misura":false,"blueprint_toggle":false,"blueprint":null,"abilitare_versioni":true},"slider_gallery":[{"image-slider-gallery":"https:\/\/static.effe.it\/website\/2025\/03\/25134635\/Kanso-Hero-1-scaled.jpg","text-image-gallery":"","video":""}],"gallery_photos_12_columns":[{"image_gallery_columns":"https:\/\/static.effe.it\/website\/2025\/03\/25134706\/Kanso-1-scaled.jpg","copy_image_column":"","numer_of_columns":"12","embed_video_gallery":""},{"image_gallery_columns":"https:\/\/static.effe.it\/website\/2025\/03\/25134709\/Kanso-2.jpg","copy_image_column":"","numer_of_columns":"5","embed_video_gallery":""},{"image_gallery_columns":"https:\/\/static.effe.it\/website\/2025\/03\/25134712\/Kanso-3.jpg","copy_image_column":"","numer_of_columns":"5","embed_video_gallery":""},{"image_gallery_columns":"https:\/\/static.effe.it\/website\/2025\/03\/25134716\/Kanso-4.jpg","copy_image_column":"","numer_of_columns":"6","embed_video_gallery":""},{"image_gallery_columns":"https:\/\/static.effe.it\/website\/2025\/03\/25134718\/Kanso-5.jpg","copy_image_column":"","numer_of_columns":"4","embed_video_gallery":""},{"image_gallery_columns":"https:\/\/static.effe.it\/website\/2025\/03\/25134724\/Kanso-6.jpg","copy_image_column":"","numer_of_columns":"8","embed_video_gallery":""},{"image_gallery_columns":"https:\/\/static.effe.it\/website\/2025\/03\/25134728\/Kanso-7-scaled.jpg","copy_image_column":"","numer_of_columns":"12","embed_video_gallery":""},{"image_gallery_columns":"https:\/\/static.effe.it\/website\/2025\/03\/25134732\/Kanso-8.jpg","copy_image_column":"","numer_of_columns":"5","embed_video_gallery":""},{"image_gallery_columns":"https:\/\/static.effe.it\/website\/2025\/03\/25134735\/Kanso-9.jpg","copy_image_column":"","numer_of_columns":"5","embed_video_gallery":""}],"documents_related_collection_group":[{"input_type":"url","resource_url":"https:\/\/drive.google.com\/file\/d\/1e63G1htau2OHipAufZPlBt0lRKoD4HO9\/view?usp=drive_link","document_title":"BROCHURE","file":false,"logged_in_only":false,"reserved_service_center":false}]},"_links":{"self":[{"href":"https:\/\/www.effe.it\/es\/wp-json\/wp\/v2\/products\/35097"}],"collection":[{"href":"https:\/\/www.effe.it\/es\/wp-json\/wp\/v2\/products"}],"about":[{"href":"https:\/\/www.effe.it\/es\/wp-json\/wp\/v2\/types\/prodotto"}],"version-history":[{"count":10,"href":"https:\/\/www.effe.it\/es\/wp-json\/wp\/v2\/products\/35097\/revisions"}],"predecessor-version":[{"id":36761,"href":"https:\/\/www.effe.it\/es\/wp-json\/wp\/v2\/products\/35097\/revisions\/36761"}],"wp:featuredmedia":[{"embeddable":true,"href":"https:\/\/www.effe.it\/es\/wp-json\/wp\/v2\/media\/35798"}],"wp:attachment":[{"href":"https:\/\/www.effe.it\/es\/wp-json\/wp\/v2\/media?parent=35097"}],"wp:term":[{"taxonomy":"categorie_prodotti","embeddable":true,"href":"https:\/\/www.effe.it\/es\/wp-json\/wp\/v2\/categorie_prodotti?post=35097"},{"taxonomy":"famiglia_prodotti","embeddable":true,"href":"https:\/\/www.effe.it\/es\/wp-json\/wp\/v2\/famiglia_prodotti?post=35097"}],"curies":[{"name":"wp","href":"https:\/\/api.w.org\/{rel}","templated":true}]}}

La línea de saunas Kanso (del japonés «simplicidad-pureza») se distingue por su diseño rítmico y modular, capaz de generar una inmediata sensación de tranquilidad. Los marcos que estructuran las paredes crean una estética ligera y armoniosa, que se integra perfectamente con la calidez de la madera Aspen y de los otros tipos de madera tratada térmicamente.

Aspen tratado térmicamente (liso)

<!-- wp:paragraph -->
<p>Alessandro Andreucci obtiene la licenciatura en Ingeniería Mecánica en la Universidad de Bolonia,<br>con una tesis experimental en biomecánica. Tras la licenciatura, se traslada a Alemania, a Múnich,<br>donde comienza a trabajar en el estudio System Design, del que Christian Hoisl es cotitular. En el<br>año 2000 regresa a Italia, incorporándose a iGuzzini Illuminazione, donde trabaja principalmente<br>en proyectos de Renzo Piano en París (RPBW) y de Ron Arad en Londres. En 2004 abre su<br>propio estudio de diseño industrial, colaborando, entre otros, con Agape, Viabizzuno, AngeloPo e<br>IPS.<br>Christian Hoisl obtiene la licenciatura en la Universidad de Ciencias Aplicadas de Diseño Industrial<br>de Múnich. De 1987 a 1992 colabora con Herbert Schultes y Martin Dettinger en el desarrollo del<br>System 25 para Bulthaup. Posteriormente trabaja en el estudio System Design, desarrollando<br>cocinas, baños, oficinas y mobiliario de exterior para clientes como Poggenpohl, Franke, Magis,<br>Kusch + Co y Garpa. En el año 2000 funda su propio estudio en Múnich, colaborando, entre otros,<br>en el desarrollo de electrodomésticos para el grupo BSH (Siemens, Gaggenau).<br>Desde 2004, Christian Hoisl y Alessandro Andreucci colaboran en diferentes proyectos, eligiendo<br>juntos tanto los encargos como los clientes, aunque manteniendo al mismo tiempo su actividad<br>individual.<br>Algunos de sus clientes comunes son: Boffi, Emu, Unopiù, Snaidero, Ernestomeda, Alivar, Fermob<br>y Effe.</p>
<!-- /wp:paragraph -->
