{"id":28569,"date":"2022-07-13T12:02:06","date_gmt":"2022-07-13T10:02:06","guid":{"rendered":"https:\/\/www.effe.it\/complemento\/kit-di-coibentazione\/"},"modified":"2022-07-14T19:12:26","modified_gmt":"2022-07-14T17:12:26","slug":"kit-di-coibentazione","status":"publish","type":"complemento","link":"https:\/\/www.effe.it\/es\/opcionals\/kit-di-coibentazione\/","title":{"rendered":"Kit de aislamiento"},"content":{"rendered":"","protected":false},"featured_media":28559,"template":"","categoria_complementi":[1178],"better_featured_image":{"id":28559,"alt_text":"","caption":"","description":"","media_type":"image","media_details":{"width":1248,"height":916,"file":"2022\/07\/Senza-titolo-1.png","sizes":{"medium":{"file":"Senza-titolo-1-300x220.png","width":300,"height":220,"mime-type":"image\/png","source_url":"https:\/\/static.effe.it\/website\/2022\/07\/Senza-titolo-1-300x220.png"},"large":{"file":"Senza-titolo-1-1024x752.png","width":1024,"height":752,"mime-type":"image\/png","source_url":"https:\/\/static.effe.it\/website\/2022\/07\/Senza-titolo-1-1024x752.png"},"thumbnail":{"file":"Senza-titolo-1-150x150.png","width":150,"height":150,"mime-type":"image\/png","source_url":"https:\/\/static.effe.it\/website\/2022\/07\/Senza-titolo-1-150x150.png"},"medium_large":{"file":"Senza-titolo-1-768x564.png","width":768,"height":564,"mime-type":"image\/png","source_url":"https:\/\/static.effe.it\/website\/2022\/07\/Senza-titolo-1-768x564.png"},"image-related-size":{"file":"Senza-titolo-1-420x285.png","width":420,"height":285,"mime-type":"image\/png","source_url":"https:\/\/static.effe.it\/website\/2022\/07\/Senza-titolo-1-420x285.png"},"image-related-size-bigger-sq":{"file":"Senza-titolo-1-624x468.png","width":624,"height":468,"mime-type":"image\/png","source_url":"https:\/\/static.effe.it\/website\/2022\/07\/Senza-titolo-1-624x468.png"},"image-designer-product":{"file":"Senza-titolo-1-644x587.png","width":644,"height":587,"mime-type":"image\/png","source_url":"https:\/\/static.effe.it\/website\/2022\/07\/Senza-titolo-1-644x587.png"}},"image_meta":{"aperture":"0","credit":"","camera":"","caption":"","created_timestamp":"0","copyright":"","focal_length":"0","iso":"0","shutter_speed":"0","title":"","orientation":"0","keywords":[]}},"post":28569,"source_url":"https:\/\/static.effe.it\/website\/2022\/07\/kit-coibentazione-1.png"},"acf":{"slider_gallery":[{"image-slider-gallery":"https:\/\/static.effe.it\/website\/2022\/07\/kit-coibentazione-MAIN3-scaled.jpg","text-image-gallery":""}],"intro_text":"Para evitar p\u00e9rdidas de calor y garantizar la m\u00e1xima eficacia de sus Hammam, Effe provee paneles de aislamiento que aseguran la total estanqueidad de habit\u00e1culos. La superficie de dichos paneles, por ambos lados, resulta ideal para su fijaci\u00f3n a paredes y techo y para la posterior colocaci\u00f3n de revestimientos.","related_products_group":{"toggle_related_product_field":true,"related_products":[{"ID":23794,"post_author":"2","post_date":"2021-11-11 16:45:41","post_date_gmt":"2021-11-11 14:45:41","post_content":"","post_title":"Fitbox","post_excerpt":"","post_status":"draft","comment_status":"closed","ping_status":"closed","post_password":"","post_name":"fitbox","to_ping":"","pinged":"","post_modified":"2024-04-08 11:47:48","post_modified_gmt":"2024-04-08 09:47:48","post_content_filtered":"","post_parent":0,"guid":"https:\/\/www.effe.it\/complemento\/fitbox\/","menu_order":0,"post_type":"complemento","post_mime_type":"","comment_count":"0","filter":"raw"},{"ID":23789,"post_author":"12708","post_date":"2021-11-11 16:46:45","post_date_gmt":"2021-11-11 14:46:45","post_content":"","post_title":"Tuttovetro inside e contour","post_excerpt":"","post_status":"publish","comment_status":"closed","ping_status":"closed","post_password":"","post_name":"tuttovetro-inside-e-contour","to_ping":"","pinged":"","post_modified":"2024-10-01 10:12:34","post_modified_gmt":"2024-10-01 08:12:34","post_content_filtered":"","post_parent":0,"guid":"https:\/\/www.effe.it\/complemento\/tuttovetro-inside-e-contour\/","menu_order":0,"post_type":"complemento","post_mime_type":"","comment_count":"0","filter":"raw"},{"ID":23815,"post_author":"2","post_date":"2021-11-11 16:39:27","post_date_gmt":"2021-11-11 14:39:27","post_content":"","post_title":"Fit","post_excerpt":"","post_status":"publish","comment_status":"closed","ping_status":"closed","post_password":"","post_name":"fit","to_ping":"","pinged":"","post_modified":"2022-01-24 22:48:21","post_modified_gmt":"2022-01-24 20:48:21","post_content_filtered":"","post_parent":0,"guid":"https:\/\/www.effe.it\/complemento\/fit\/","menu_order":0,"post_type":"complemento","post_mime_type":"","comment_count":"0","filter":"raw"},{"ID":23836,"post_author":"12708","post_date":"2021-11-11 16:29:28","post_date_gmt":"2021-11-11 14:29:28","post_content":"","post_title":"Manguera Kneipp","post_excerpt":"","post_status":"publish","comment_status":"closed","ping_status":"closed","post_password":"","post_name":"manguera-kneipp","to_ping":"","pinged":"","post_modified":"2025-09-26 10:34:10","post_modified_gmt":"2025-09-26 08:34:10","post_content_filtered":"","post_parent":0,"guid":"https:\/\/www.effe.it\/complemento\/tubo-keipp\/","menu_order":0,"post_type":"complemento","post_mime_type":"","comment_count":"0","filter":"raw"}]},"attivare_video_complementi":false,"documents_related_collection_group":[{"input_type":"url","resource_url":"https:\/\/drive.google.com\/file\/d\/1b63_h0yi_Z35H1STyiHc-mpg7KzHKuIK\/view?usp=sharing","file":false,"document_title":"Preinstallation Card","logged_in_only":false}],"abilitare_documenti":true,"attivare_testo_personalizzato_bottom":true},"_links":{"self":[{"href":"https:\/\/www.effe.it\/es\/wp-json\/wp\/v2\/complemento\/28569"}],"collection":[{"href":"https:\/\/www.effe.it\/es\/wp-json\/wp\/v2\/complemento"}],"about":[{"href":"https:\/\/www.effe.it\/es\/wp-json\/wp\/v2\/types\/complemento"}],"wp:featuredmedia":[{"embeddable":true,"href":"https:\/\/www.effe.it\/es\/wp-json\/wp\/v2\/media\/28559"}],"wp:attachment":[{"href":"https:\/\/www.effe.it\/es\/wp-json\/wp\/v2\/media?parent=28569"}],"wp:term":[{"taxonomy":"categoria_complementi","embeddable":true,"href":"https:\/\/www.effe.it\/es\/wp-json\/wp\/v2\/categoria_complementi?post=28569"}],"curies":[{"name":"wp","href":"https:\/\/api.w.org\/{rel}","templated":true}]}}

Para evitar pérdidas de calor y garantizar la máxima eficacia de sus Hammam, Effe provee paneles de aislamiento que aseguran la total estanqueidad de habitáculos. La superficie de dichos paneles, por ambos lados, resulta ideal para su fijación a paredes y techo y para la posterior colocación de revestimientos.
