{"id":23836,"date":"2021-11-11T16:29:28","date_gmt":"2021-11-11T14:29:28","guid":{"rendered":"https:\/\/www.effe.it\/complemento\/tubo-keipp\/"},"modified":"2025-09-26T10:34:10","modified_gmt":"2025-09-26T08:34:10","slug":"manguera-kneipp","status":"publish","type":"complemento","link":"https:\/\/www.effe.it\/es\/opcionals\/manguera-kneipp\/","title":{"rendered":"Manguera Kneipp"},"content":{"rendered":"","protected":false},"featured_media":22626,"template":"","categoria_complementi":[1173,1178],"better_featured_image":{"id":22626,"alt_text":"","caption":"","description":"","media_type":"image","media_details":{"width":1248,"height":916,"file":"2021\/11\/kneipp@2x.jpg","sizes":{"medium":{"file":"kneipp@2x-300x220.jpg","width":300,"height":220,"mime-type":"image\/jpeg","source_url":"https:\/\/static.effe.it\/website\/2021\/11\/kneipp%402x-300x220.jpg"},"large":{"file":"kneipp@2x-1024x752.jpg","width":1024,"height":752,"mime-type":"image\/jpeg","source_url":"https:\/\/static.effe.it\/website\/2021\/11\/kneipp%402x-1024x752.jpg"},"thumbnail":{"file":"kneipp@2x-150x150.jpg","width":150,"height":150,"mime-type":"image\/jpeg","source_url":"https:\/\/static.effe.it\/website\/2021\/11\/kneipp%402x-150x150.jpg"},"medium_large":{"file":"kneipp@2x-768x564.jpg","width":768,"height":564,"mime-type":"image\/jpeg","source_url":"https:\/\/static.effe.it\/website\/2021\/11\/kneipp%402x-768x564.jpg"},"image-related-size":{"file":"kneipp@2x-420x285.jpg","width":420,"height":285,"mime-type":"image\/jpeg","source_url":"https:\/\/static.effe.it\/website\/2021\/11\/kneipp%402x-420x285.jpg"},"image-related-size-bigger-sq":{"file":"kneipp@2x-624x468.jpg","width":624,"height":468,"mime-type":"image\/jpeg","source_url":"https:\/\/static.effe.it\/website\/2021\/11\/kneipp%402x-624x468.jpg"}},"image_meta":{"aperture":"0","credit":"","camera":"","caption":"","created_timestamp":"0","copyright":"","focal_length":"0","iso":"0","shutter_speed":"0","title":"","orientation":"0","keywords":[]}},"post":23872,"source_url":"https:\/\/static.effe.it\/website\/2021\/11\/kneipp%402x.jpg"},"acf":{"slider_gallery":[{"image-slider-gallery":"https:\/\/static.effe.it\/website\/2021\/11\/kneipp%402x-1-scaled.jpg","text-image-gallery":""}],"intro_text":"Tubo Kneipp blanco con soporte y entrada de agua. El tubo Kneipp estimula la circulaci\u00f3n y el flujo sangu\u00edneo, con un efecto refrescante. Es importante la alternancia entre fr\u00edo y calor, as\u00ed como el inicio y el final del tratamiento.","related_products_group":{"toggle_related_product_field":true,"related_products":[{"ID":23815,"post_author":"2","post_date":"2021-11-11 16:39:27","post_date_gmt":"2021-11-11 14:39:27","post_content":"","post_title":"Fit","post_excerpt":"","post_status":"publish","comment_status":"closed","ping_status":"closed","post_password":"","post_name":"fit","to_ping":"","pinged":"","post_modified":"2022-01-24 22:48:21","post_modified_gmt":"2022-01-24 20:48:21","post_content_filtered":"","post_parent":0,"guid":"https:\/\/www.effe.it\/complemento\/fit\/","menu_order":0,"post_type":"complemento","post_mime_type":"","comment_count":"0","filter":"raw"},{"ID":23809,"post_author":"2","post_date":"2021-11-11 16:41:02","post_date_gmt":"2021-11-11 14:41:02","post_content":"","post_title":"Spazio","post_excerpt":"","post_status":"publish","comment_status":"closed","ping_status":"closed","post_password":"","post_name":"spazio","to_ping":"","pinged":"","post_modified":"2022-01-24 22:48:19","post_modified_gmt":"2022-01-24 20:48:19","post_content_filtered":"","post_parent":0,"guid":"https:\/\/www.effe.it\/complemento\/spazio\/","menu_order":0,"post_type":"complemento","post_mime_type":"","comment_count":"0","filter":"raw"},{"ID":23799,"post_author":"2","post_date":"2021-11-11 16:44:09","post_date_gmt":"2021-11-11 14:44:09","post_content":"","post_title":"Spaziofilo","post_excerpt":"","post_status":"publish","comment_status":"closed","ping_status":"closed","post_password":"","post_name":"spaziofilo","to_ping":"","pinged":"","post_modified":"2022-01-24 22:43:02","post_modified_gmt":"2022-01-24 20:43:02","post_content_filtered":"","post_parent":0,"guid":"https:\/\/www.effe.it\/complemento\/spaziofilo\/","menu_order":0,"post_type":"complemento","post_mime_type":"","comment_count":"0","filter":"raw"},{"ID":23804,"post_author":"2","post_date":"2021-11-11 16:43:17","post_date_gmt":"2021-11-11 14:43:17","post_content":"","post_title":"Spazioslide","post_excerpt":"","post_status":"publish","comment_status":"closed","ping_status":"closed","post_password":"","post_name":"spazioslide","to_ping":"","pinged":"","post_modified":"2022-01-24 22:43:44","post_modified_gmt":"2022-01-24 20:43:44","post_content_filtered":"","post_parent":0,"guid":"https:\/\/www.effe.it\/complemento\/spazioslide\/","menu_order":0,"post_type":"complemento","post_mime_type":"","comment_count":"0","filter":"raw"},{"ID":23789,"post_author":"12708","post_date":"2021-11-11 16:46:45","post_date_gmt":"2021-11-11 14:46:45","post_content":"","post_title":"Tuttovetro inside e contour","post_excerpt":"","post_status":"publish","comment_status":"closed","ping_status":"closed","post_password":"","post_name":"tuttovetro-inside-e-contour","to_ping":"","pinged":"","post_modified":"2024-10-01 10:12:34","post_modified_gmt":"2024-10-01 08:12:34","post_content_filtered":"","post_parent":0,"guid":"https:\/\/www.effe.it\/complemento\/tuttovetro-inside-e-contour\/","menu_order":0,"post_type":"complemento","post_mime_type":"","comment_count":"0","filter":"raw"}]},"abilitare_documenti":true,"attivare_testo_personalizzato_bottom":true,"attivare_video_complementi":false,"documents_related_collection_group":[{"input_type":"url","resource_url":"https:\/\/drive.google.com\/file\/d\/1e4gyEvo8yb3DIsqSgW9Zdh1_8_hU5zEs\/view?usp=drive_link","file":false,"document_title":"MANUAL DE MONTAJE","logged_in_only":true}]},"_links":{"self":[{"href":"https:\/\/www.effe.it\/es\/wp-json\/wp\/v2\/complemento\/23836"}],"collection":[{"href":"https:\/\/www.effe.it\/es\/wp-json\/wp\/v2\/complemento"}],"about":[{"href":"https:\/\/www.effe.it\/es\/wp-json\/wp\/v2\/types\/complemento"}],"wp:featuredmedia":[{"embeddable":true,"href":"https:\/\/www.effe.it\/es\/wp-json\/wp\/v2\/media\/22626"}],"wp:attachment":[{"href":"https:\/\/www.effe.it\/es\/wp-json\/wp\/v2\/media?parent=23836"}],"wp:term":[{"taxonomy":"categoria_complementi","embeddable":true,"href":"https:\/\/www.effe.it\/es\/wp-json\/wp\/v2\/categoria_complementi?post=23836"}],"curies":[{"name":"wp","href":"https:\/\/api.w.org\/{rel}","templated":true}]}}

Tubo Kneipp blanco con soporte y entrada de agua. El tubo Kneipp estimula la circulación y el flujo sanguíneo, con un efecto refrescante. Es importante la alternancia entre frío y calor, así como el inicio y el final del tratamiento.
