{"id":25882,"date":"2021-09-03T14:36:31","date_gmt":"2021-09-03T12:36:31","guid":{"rendered":"https:\/\/www.effe.it\/referenza\/hotel-rosa-alpina-2\/"},"modified":"2023-07-03T10:57:17","modified_gmt":"2023-07-03T08:57:17","slug":"hotel-rosa-alpina-2","status":"publish","type":"referenza","link":"https:\/\/www.effe.it\/de\/referenza\/hotel-rosa-alpina-2\/","title":{"rendered":"Hotel Rosa Alpina"},"content":{"rendered":"<p class=\"p1\">Im Herzen der Dolomiten zelebriert das Hotel Rosa Alpina eine Gastfreundschaft aus Tradition und edler Bergstimmung. Effe verwandelte an diesem Ort mithilfe seiner Dampfgeneratoren die Duschen in Hamams. Die Generatoren von Effe sind nicht nur elegant und kompakt, sondern vereinen zudem eine einfache Installation, hochwertige Technologie und die perfekte Einbindung in die Umgebungen.<\/p>\n","protected":false},"featured_media":0,"template":"","better_featured_image":null,"acf":{"gallery_photos_12_columns_reference":[{"image_gallery_columns":"https:\/\/static.effe.it\/website\/2021\/09\/hotel-rosa-alpina-2%402x-1-scaled.jpg","copy_image_column":"","numer_of_columns":"12","embed_video_gallery":""},{"image_gallery_columns":"https:\/\/static.effe.it\/website\/2021\/09\/hotel-rosa-alpina-6%402x-1.jpg","copy_image_column":"","numer_of_columns":"6","embed_video_gallery":""},{"image_gallery_columns":"https:\/\/static.effe.it\/website\/2021\/09\/hotel-rosa-alpina-7%402x-1.jpg","copy_image_column":"","numer_of_columns":"4","embed_video_gallery":""},{"image_gallery_columns":"https:\/\/static.effe.it\/website\/2021\/09\/hotel-rosa-alpina-19%402x.jpg","copy_image_column":"","numer_of_columns":"5","embed_video_gallery":""},{"image_gallery_columns":"https:\/\/static.effe.it\/website\/2021\/09\/hotel-rosa-alpina-9%402x-1.jpg","copy_image_column":"","numer_of_columns":"6","embed_video_gallery":""},{"image_gallery_columns":"https:\/\/static.effe.it\/website\/2021\/09\/hotel-rosa-alpina-1%402x-2-scaled.jpg","copy_image_column":"","numer_of_columns":"12","embed_video_gallery":""},{"image_gallery_columns":"https:\/\/static.effe.it\/website\/2021\/09\/hotel-rosa-alpina-18%402x.jpg","copy_image_column":"","numer_of_columns":"5","embed_video_gallery":""},{"image_gallery_columns":"https:\/\/static.effe.it\/website\/2021\/09\/hotel-rosa-alpina-21%402x.jpg","copy_image_column":"","numer_of_columns":"6","embed_video_gallery":""},{"image_gallery_columns":"https:\/\/static.effe.it\/website\/2021\/09\/hotel-rosa-alpina-8%402x-1.jpg","copy_image_column":"","numer_of_columns":"6","embed_video_gallery":""},{"image_gallery_columns":"https:\/\/static.effe.it\/website\/2021\/09\/hotel-rosa-alpina-14%402x.jpg","copy_image_column":"","numer_of_columns":"4","embed_video_gallery":""},{"image_gallery_columns":"https:\/\/static.effe.it\/website\/2021\/09\/hotel-rosa-alpina-15%402x-scaled.jpg","copy_image_column":"","numer_of_columns":"12","embed_video_gallery":""},{"image_gallery_columns":"https:\/\/static.effe.it\/website\/2021\/09\/hotel-rosa-alpina-11%402x.jpg","copy_image_column":"","numer_of_columns":"8","embed_video_gallery":""},{"image_gallery_columns":"https:\/\/static.effe.it\/website\/2021\/09\/hotel-rosa-alpina-3%402x-1.jpg","copy_image_column":"","numer_of_columns":"7","embed_video_gallery":""},{"image_gallery_columns":"https:\/\/static.effe.it\/website\/2021\/09\/hotel-rosa-alpina-5%402x-1.jpg","copy_image_column":"","numer_of_columns":"4","embed_video_gallery":""},{"image_gallery_columns":"https:\/\/static.effe.it\/website\/2021\/09\/hotel-rosa-alpina-4%402x-1-scaled.jpg","copy_image_column":"","numer_of_columns":"12","embed_video_gallery":""},{"image_gallery_columns":"https:\/\/static.effe.it\/website\/2021\/09\/hotel-rosa-alpina-17%402x-scaled.jpg","copy_image_column":"","numer_of_columns":"12","embed_video_gallery":""},{"image_gallery_columns":"https:\/\/static.effe.it\/website\/2021\/09\/hotel-rosa-alpina-16%402x.jpg","copy_image_column":"","numer_of_columns":"5","embed_video_gallery":""},{"image_gallery_columns":"https:\/\/static.effe.it\/website\/2021\/09\/hotel-rosa-alpina-13%402x.jpg","copy_image_column":"","numer_of_columns":"5","embed_video_gallery":""},{"image_gallery_columns":"https:\/\/static.effe.it\/website\/2021\/09\/hotel-rosa-alpina-10%402x-1.jpg","copy_image_column":"","numer_of_columns":"7","embed_video_gallery":""},{"image_gallery_columns":"https:\/\/static.effe.it\/website\/2021\/09\/hotel-rosa-alpina-12%402x.jpg","copy_image_column":"","numer_of_columns":"4","embed_video_gallery":""},{"image_gallery_columns":"https:\/\/static.effe.it\/website\/2021\/09\/hotel-rosa-alpina-20%402x-scaled.jpg","copy_image_column":"","numer_of_columns":"12","embed_video_gallery":""}],"related_products_group":{"toggle_related_product_field":true,"related_products":[{"ID":9753,"post_author":"12708","post_date":"2021-07-06 17:07:35","post_date_gmt":"2021-07-06 15:07:35","post_content":"Touch-Bedienpaneel mit r\u00fcckbeleuchteten Icons und Temperaturanzeige. Geringer Wartungsaufwand dank des automatischen Reinigungssystems des Heizkessels, das Kalkansammlungen minimiert. Elegantes und kompaktes Design bestehend aus einer geh\u00e4rteten siebbedruckten Glasscheibe, sichtbare Dicke: 3,7\u202fcm. PSF (Power Steam Function): Innovatives Bel\u00fcftungssystem, das Temperaturschichten minimiert. Geringer Wartungsaufwand dank des automatischen Reinigungssystems des Heizkessels, das Kalkansammlungen reduziert.","post_title":"Touch&amp;Steam Smart","post_excerpt":"","post_status":"publish","comment_status":"closed","ping_status":"closed","post_password":"","post_name":"touchsteam-smart","to_ping":"","pinged":"","post_modified":"2026-03-10 10:45:50","post_modified_gmt":"2026-03-10 08:45:50","post_content_filtered":"","post_parent":0,"guid":"https:\/\/www.effe.it\/prodotto\/touchsteam\/","menu_order":0,"post_type":"prodotto","post_mime_type":"","comment_count":"0","filter":"raw"},{"ID":9646,"post_author":"12708","post_date":"2021-07-29 12:19:09","post_date_gmt":"2021-07-29 10:19:09","post_content":"Technologie von Effe f\u00fcr die Dampferzeugung: Hygiene, Kalkkontrolle und maximale Dampfqualit\u00e4t. Geringer Wartungsaufwand dank des automatischen Reinigungssystems des Heizkessels, das Kalkansammlungen reduziert. Kompaktes Design bestehend aus einer kurvigen siebbedruckten Glasscheibe, sichtbare Dicke: 3,7 cm. Vorr\u00fcstung f\u00fcr den Anschluss an eine Lampe mit Wei\u00dflicht oder Farblichttherapie. Touch-Bedienpaneel mit r\u00fcckbeleuchteten Icons und Temperaturanzeige. Die Wasserausgabe ist r\u00fcckbeleuchtet und erweckt den Eindruck einer Wasserquelle, die nat\u00fcrlich aus der Wand hervorsprudelt.\nDie Wasserauffangschale erinnert an die Tradition des Hamams.","post_title":"Aquasteam Smart","post_excerpt":"","post_status":"draft","comment_status":"closed","ping_status":"closed","post_password":"","post_name":"aquasteam-smart","to_ping":"","pinged":"","post_modified":"2025-03-25 18:57:45","post_modified_gmt":"2025-03-25 16:57:45","post_content_filtered":"","post_parent":0,"guid":"https:\/\/www.effe.it\/prodotto\/aquasteam-smart\/","menu_order":0,"post_type":"prodotto","post_mime_type":"","comment_count":"0","filter":"raw"}]},"similar_projects":[{"ID":24456,"post_author":"10","post_date":"2021-09-03 14:36:31","post_date_gmt":"2021-09-03 12:36:31","post_content":"<p class=\"p2\">Diese herrliche Residenz mit Blick auf eine der sch\u00f6nsten K\u00fcsten Griechenlands wurde mit viel Liebe zum Detail entworfen und vermittelt ein Gef\u00fchl der Ruhe in v\u00f6lliger Harmonie mit der Natur. In ihrem Inneren vervollst\u00e4ndigen das Hamam und die Sauna nach Ma\u00df von Effe das Erlebnis puren Wohlbefindens.<\/p>","post_title":"DikoArch Villa","post_excerpt":"","post_status":"publish","comment_status":"closed","ping_status":"closed","post_password":"","post_name":"dikoarch-villa","to_ping":"","pinged":"","post_modified":"2023-07-03 10:06:44","post_modified_gmt":"2023-07-03 08:06:44","post_content_filtered":"","post_parent":0,"guid":"https:\/\/www.effe.it\/referenza\/dikoarch-villa\/","menu_order":0,"post_type":"referenza","post_mime_type":"","comment_count":"0","filter":"raw"},{"ID":25736,"post_author":"10","post_date":"2021-09-03 14:36:31","post_date_gmt":"2021-09-03 12:36:31","post_content":"<p class=\"p1\">In einer der besten Lagen von Lovere bietet die Casa del Porto einen Wohlf\u00fchlbereich mit Sauna und Hamam der Marke Effe. Der faszinierende Wellnessbereich wurde in antiken unterirdischen Zisternen gestaltet.<\/p>","post_title":"La Casa del Porto","post_excerpt":"","post_status":"publish","comment_status":"closed","ping_status":"closed","post_password":"","post_name":"la-casa-del-porto-2","to_ping":"","pinged":"","post_modified":"2023-07-03 10:59:08","post_modified_gmt":"2023-07-03 08:59:08","post_content_filtered":"","post_parent":0,"guid":"https:\/\/www.effe.it\/referenza\/la-casa-del-porto-2\/","menu_order":0,"post_type":"referenza","post_mime_type":"","comment_count":"0","filter":"raw"},{"ID":21469,"post_author":"6","post_date":"2021-09-03 14:36:31","post_date_gmt":"2021-09-03 12:36:31","post_content":"<span data-sheets-value=\"{&quot;1&quot;:2,&quot;2&quot;:&quot;Effe bildet den Mittelpunkt einer drei\u00dfigj\u00e4hrigen Geschichte rund um Wohlbefinden und die antiken Rituale von Sauna und Hamam. Unser Know-how hat es uns erm\u00f6glicht, eine ma\u00dfgeschneiderte L\u00f6sung wie diese erfolgreich umzusetzen und Sauna sowie Hamam in dem Altbau zu installieren, ohne das \u00e4sthetische Gleichgewicht zu st\u00f6ren.&quot;}\" data-sheets-userformat=\"{&quot;2&quot;:257,&quot;3&quot;:{&quot;1&quot;:0},&quot;11&quot;:4}\">Effe bildet den Mittelpunkt einer drei\u00dfigj\u00e4hrigen Geschichte rund um Wohlbefinden und die antiken Rituale von Sauna und Hamam. Unser Know-how hat es uns erm\u00f6glicht, eine ma\u00dfgeschneiderte L\u00f6sung wie diese erfolgreich umzusetzen und Sauna sowie Hamam in dem Altbau zu installieren, ohne das \u00e4sthetische Gleichgewicht zu st\u00f6ren.<\/span>","post_title":"Private house, Ancona","post_excerpt":"","post_status":"publish","comment_status":"closed","ping_status":"closed","post_password":"","post_name":"private-house-ancona","to_ping":"","pinged":"","post_modified":"2022-03-04 11:20:34","post_modified_gmt":"2022-03-04 09:20:34","post_content_filtered":"","post_parent":0,"guid":"https:\/\/www.effe.it\/referenza\/lardini-house-private-house\/","menu_order":0,"post_type":"referenza","post_mime_type":"","comment_count":"0","filter":"raw"},{"ID":24782,"post_author":"10","post_date":"2022-01-31 12:25:18","post_date_gmt":"2022-01-31 10:25:18","post_content":"<!-- wp:paragraph -->\n<p>West One Bathrooms pr\u00e4sentiert zusammen mit Effe, Dornbracht und Sieger Design eine Ausstattung, die dem Konzept \u201eSmall Size Premium Spa\u201c gewidmet ist, bei dem die engen R\u00e4umlichkeiten zuhause in einen edlen und einzigartigen Ort des Wohlbefindens verwandelt werden.<\/p>\n<!-- \/wp:paragraph -->","post_title":"West One Bathrooms","post_excerpt":"","post_status":"publish","comment_status":"closed","ping_status":"closed","post_password":"","post_name":"west-one-bathrooms","to_ping":"","pinged":"","post_modified":"2023-07-03 09:24:22","post_modified_gmt":"2023-07-03 07:24:22","post_content_filtered":"","post_parent":0,"guid":"https:\/\/www.effe.it\/referenza\/west-one-bathrooms\/","menu_order":0,"post_type":"referenza","post_mime_type":"","comment_count":"0","filter":"raw"}],"abilitare_progetti_simili":true},"_links":{"self":[{"href":"https:\/\/www.effe.it\/de\/wp-json\/wp\/v2\/referenza\/25882"}],"collection":[{"href":"https:\/\/www.effe.it\/de\/wp-json\/wp\/v2\/referenza"}],"about":[{"href":"https:\/\/www.effe.it\/de\/wp-json\/wp\/v2\/types\/referenza"}],"wp:attachment":[{"href":"https:\/\/www.effe.it\/de\/wp-json\/wp\/v2\/media?parent=25882"}],"curies":[{"name":"wp","href":"https:\/\/api.w.org\/{rel}","templated":true}]}}

Touch-Bedienpaneel mit rückbeleuchteten Icons und Temperaturanzeige. Geringer Wartungsaufwand dank des automatischen Reinigungssystems des Heizkessels, das Kalkansammlungen minimiert. Elegantes und kompaktes Design bestehend aus einer gehärteten siebbedruckten Glasscheibe, sichtbare Dicke: 3,7 cm. PSF (Power Steam Function): Innovatives Belüftungssystem, das Temperaturschichten minimiert. Geringer Wartungsaufwand dank des automatischen Reinigungssystems des Heizkessels, das Kalkansammlungen reduziert.

Technologie von Effe für die Dampferzeugung: Hygiene, Kalkkontrolle und maximale Dampfqualität. Geringer Wartungsaufwand dank des automatischen Reinigungssystems des Heizkessels, das Kalkansammlungen reduziert. Kompaktes Design bestehend aus einer kurvigen siebbedruckten Glasscheibe, sichtbare Dicke: 3,7 cm. Vorrüstung für den Anschluss an eine Lampe mit Weißlicht oder Farblichttherapie. Touch-Bedienpaneel mit rückbeleuchteten Icons und Temperaturanzeige. Die Wasserausgabe ist rückbeleuchtet und erweckt den Eindruck einer Wasserquelle, die natürlich aus der Wand hervorsprudelt.
Die Wasserauffangschale erinnert an die Tradition des Hamams.

<p class="p2">Diese herrliche Residenz mit Blick auf eine der schönsten Küsten Griechenlands wurde mit viel Liebe zum Detail entworfen und vermittelt ein Gefühl der Ruhe in völliger Harmonie mit der Natur. In ihrem Inneren vervollständigen das Hamam und die Sauna nach Maß von Effe das Erlebnis puren Wohlbefindens.</p>

<p class="p1">In einer der besten Lagen von Lovere bietet die Casa del Porto einen Wohlfühlbereich mit Sauna und Hamam der Marke Effe. Der faszinierende Wellnessbereich wurde in antiken unterirdischen Zisternen gestaltet.</p>

<span data-sheets-value="{&quot;1&quot;:2,&quot;2&quot;:&quot;Effe bildet den Mittelpunkt einer dreißigjährigen Geschichte rund um Wohlbefinden und die antiken Rituale von Sauna und Hamam. Unser Know-how hat es uns ermöglicht, eine maßgeschneiderte Lösung wie diese erfolgreich umzusetzen und Sauna sowie Hamam in dem Altbau zu installieren, ohne das ästhetische Gleichgewicht zu stören.&quot;}" data-sheets-userformat="{&quot;2&quot;:257,&quot;3&quot;:{&quot;1&quot;:0},&quot;11&quot;:4}">Effe bildet den Mittelpunkt einer dreißigjährigen Geschichte rund um Wohlbefinden und die antiken Rituale von Sauna und Hamam. Unser Know-how hat es uns ermöglicht, eine maßgeschneiderte Lösung wie diese erfolgreich umzusetzen und Sauna sowie Hamam in dem Altbau zu installieren, ohne das ästhetische Gleichgewicht zu stören.</span>

<!-- wp:paragraph -->
<p>West One Bathrooms präsentiert zusammen mit Effe, Dornbracht und Sieger Design eine Ausstattung, die dem Konzept „Small Size Premium Spa“ gewidmet ist, bei dem die engen Räumlichkeiten zuhause in einen edlen und einzigartigen Ort des Wohlbefindens verwandelt werden.</p>
<!-- /wp:paragraph -->
