{"id":25736,"date":"2021-09-03T14:36:31","date_gmt":"2021-09-03T12:36:31","guid":{"rendered":"https:\/\/www.effe.it\/referenza\/la-casa-del-porto-2\/"},"modified":"2023-07-03T10:59:08","modified_gmt":"2023-07-03T08:59:08","slug":"la-casa-del-porto-2","status":"publish","type":"referenza","link":"https:\/\/www.effe.it\/de\/referenza\/la-casa-del-porto-2\/","title":{"rendered":"La Casa del Porto"},"content":{"rendered":"<p class=\"p1\">In einer der besten Lagen von Lovere bietet die Casa del Porto einen Wohlf\u00fchlbereich mit Sauna und Hamam der Marke Effe. Der faszinierende Wellnessbereich wurde in antiken unterirdischen Zisternen gestaltet.<\/p>\n","protected":false},"featured_media":0,"template":"","better_featured_image":null,"acf":{"gallery_photos_12_columns_reference":[{"image_gallery_columns":"https:\/\/static.effe.it\/website\/2021\/09\/casa-del-porto-1%402x-1-scaled.jpg","copy_image_column":"","numer_of_columns":"12","embed_video_gallery":""},{"image_gallery_columns":"https:\/\/static.effe.it\/website\/2021\/09\/casa-del-porto-16%402x.jpg","copy_image_column":"","numer_of_columns":"4","embed_video_gallery":""},{"image_gallery_columns":"https:\/\/static.effe.it\/website\/2021\/09\/casa-del-porto-17%402x.jpg","copy_image_column":"","numer_of_columns":"6","embed_video_gallery":""},{"image_gallery_columns":"https:\/\/static.effe.it\/website\/2021\/09\/casa-del-porto-18%402x.jpg","copy_image_column":"","numer_of_columns":"6","embed_video_gallery":""},{"image_gallery_columns":"https:\/\/static.effe.it\/website\/2021\/09\/casa-del-porto-10%402x.jpg","copy_image_column":"","numer_of_columns":"4","embed_video_gallery":""},{"image_gallery_columns":"https:\/\/static.effe.it\/website\/2021\/09\/casa-del-porto-5%402x-scaled.jpg","copy_image_column":"","numer_of_columns":"12","embed_video_gallery":""},{"image_gallery_columns":"https:\/\/static.effe.it\/website\/2021\/09\/casa-del-porto-13%402x.jpg","copy_image_column":"","numer_of_columns":"3","embed_video_gallery":""},{"image_gallery_columns":"https:\/\/static.effe.it\/website\/2021\/09\/casa-del-porto-15%402x.jpg","copy_image_column":"","numer_of_columns":"7","embed_video_gallery":""},{"image_gallery_columns":"https:\/\/static.effe.it\/website\/2021\/09\/casa-del-porto-19%402x.jpg","copy_image_column":"","numer_of_columns":"7","embed_video_gallery":""},{"image_gallery_columns":"https:\/\/static.effe.it\/website\/2021\/09\/casa-del-porto-21%402x.jpg","copy_image_column":"","numer_of_columns":"4","embed_video_gallery":""},{"image_gallery_columns":"https:\/\/static.effe.it\/website\/2021\/09\/casa-del-porto-2%402x-1-scaled.jpg","copy_image_column":"","numer_of_columns":"12","embed_video_gallery":""},{"image_gallery_columns":"https:\/\/static.effe.it\/website\/2021\/09\/casa-del-porto-20%402x.jpg","copy_image_column":"","numer_of_columns":"6","embed_video_gallery":""},{"image_gallery_columns":"https:\/\/static.effe.it\/website\/2021\/09\/casa-del-porto-14%402x.jpg","copy_image_column":"","numer_of_columns":"5","embed_video_gallery":""},{"image_gallery_columns":"https:\/\/static.effe.it\/website\/2021\/09\/casa-del-porto-11%402x.jpg","copy_image_column":"","numer_of_columns":"7","embed_video_gallery":""},{"image_gallery_columns":"https:\/\/static.effe.it\/website\/2021\/09\/casa-del-porto-12%402x.jpg","copy_image_column":"","numer_of_columns":"4","embed_video_gallery":""},{"image_gallery_columns":"https:\/\/static.effe.it\/website\/2021\/09\/casa-del-porto-3%402x-1-scaled.jpg","copy_image_column":"","numer_of_columns":"12","embed_video_gallery":""},{"image_gallery_columns":"https:\/\/static.effe.it\/website\/2021\/09\/casa-del-porto-9%402x.jpg","copy_image_column":"","numer_of_columns":"4","embed_video_gallery":""},{"image_gallery_columns":"https:\/\/static.effe.it\/website\/2021\/09\/casa-del-porto-8%402x.jpg","copy_image_column":"","numer_of_columns":"6","embed_video_gallery":""},{"image_gallery_columns":"https:\/\/static.effe.it\/website\/2021\/09\/casa-del-porto-6%402x-1.jpg","copy_image_column":"","numer_of_columns":"6","embed_video_gallery":""},{"image_gallery_columns":"https:\/\/static.effe.it\/website\/2021\/09\/casa-del-porto-7%402x.jpg","copy_image_column":"","numer_of_columns":"5","embed_video_gallery":""},{"image_gallery_columns":"https:\/\/static.effe.it\/website\/2021\/09\/casa-del-porto-4%402x-1-scaled.jpg","copy_image_column":"","numer_of_columns":"12","embed_video_gallery":""}],"related_products_group":{"toggle_related_product_field":true,"related_products":[{"ID":9736,"post_author":"12708","post_date":"2021-07-29 11:03:03","post_date_gmt":"2021-07-29 09:03:03","post_content":"Sky wird aus hochwertigem kanadischen Hemlock-Holz und geh\u00e4rtetem Glas, 10 mm, gefertigt. Die Front, die T\u00fcr und die Decke aus Glas verleihen Sky extreme Transparenz und Leichtigkeit.","post_title":"Sky","post_excerpt":"","post_status":"publish","comment_status":"closed","ping_status":"closed","post_password":"","post_name":"sky","to_ping":"","pinged":"","post_modified":"2024-10-10 11:25:53","post_modified_gmt":"2024-10-10 09:25:53","post_content_filtered":"","post_parent":0,"guid":"https:\/\/www.effe.it\/prodotto\/sky\/","menu_order":0,"post_type":"prodotto","post_mime_type":"","comment_count":"0","filter":"raw"},{"ID":9753,"post_author":"12708","post_date":"2021-07-06 17:07:35","post_date_gmt":"2021-07-06 15:07:35","post_content":"Touch-Bedienpaneel mit r\u00fcckbeleuchteten Icons und Temperaturanzeige. Geringer Wartungsaufwand dank des automatischen Reinigungssystems des Heizkessels, das Kalkansammlungen minimiert. Elegantes und kompaktes Design bestehend aus einer geh\u00e4rteten siebbedruckten Glasscheibe, sichtbare Dicke: 3,7\u202fcm. PSF (Power Steam Function): Innovatives Bel\u00fcftungssystem, das Temperaturschichten minimiert. Geringer Wartungsaufwand dank des automatischen Reinigungssystems des Heizkessels, das Kalkansammlungen reduziert.","post_title":"Touch&amp;Steam Smart","post_excerpt":"","post_status":"publish","comment_status":"closed","ping_status":"closed","post_password":"","post_name":"touchsteam-smart","to_ping":"","pinged":"","post_modified":"2026-03-10 10:45:50","post_modified_gmt":"2026-03-10 08:45:50","post_content_filtered":"","post_parent":0,"guid":"https:\/\/www.effe.it\/prodotto\/touchsteam\/","menu_order":0,"post_type":"prodotto","post_mime_type":"","comment_count":"0","filter":"raw"}]},"similar_projects":[{"ID":21469,"post_author":"6","post_date":"2021-09-03 14:36:31","post_date_gmt":"2021-09-03 12:36:31","post_content":"<span data-sheets-value=\"{&quot;1&quot;:2,&quot;2&quot;:&quot;Effe bildet den Mittelpunkt einer drei\u00dfigj\u00e4hrigen Geschichte rund um Wohlbefinden und die antiken Rituale von Sauna und Hamam. Unser Know-how hat es uns erm\u00f6glicht, eine ma\u00dfgeschneiderte L\u00f6sung wie diese erfolgreich umzusetzen und Sauna sowie Hamam in dem Altbau zu installieren, ohne das \u00e4sthetische Gleichgewicht zu st\u00f6ren.&quot;}\" data-sheets-userformat=\"{&quot;2&quot;:257,&quot;3&quot;:{&quot;1&quot;:0},&quot;11&quot;:4}\">Effe bildet den Mittelpunkt einer drei\u00dfigj\u00e4hrigen Geschichte rund um Wohlbefinden und die antiken Rituale von Sauna und Hamam. Unser Know-how hat es uns erm\u00f6glicht, eine ma\u00dfgeschneiderte L\u00f6sung wie diese erfolgreich umzusetzen und Sauna sowie Hamam in dem Altbau zu installieren, ohne das \u00e4sthetische Gleichgewicht zu st\u00f6ren.<\/span>","post_title":"Private house, Ancona","post_excerpt":"","post_status":"publish","comment_status":"closed","ping_status":"closed","post_password":"","post_name":"private-house-ancona","to_ping":"","pinged":"","post_modified":"2022-03-04 11:20:34","post_modified_gmt":"2022-03-04 09:20:34","post_content_filtered":"","post_parent":0,"guid":"https:\/\/www.effe.it\/referenza\/lardini-house-private-house\/","menu_order":0,"post_type":"referenza","post_mime_type":"","comment_count":"0","filter":"raw"},{"ID":24736,"post_author":"10","post_date":"2021-09-03 14:36:31","post_date_gmt":"2021-09-03 12:36:31","post_content":"<p class=\"p1\">Die Eleganz des englischen Jugendstils \u00fcberragt dank eines au\u00dfergew\u00f6hnlichen Restaurierungsprojekts der Villa Monty Banks das Belvedere von Cesena. Michele Manuzzi und Erika Galbucci er\u00f6ffneten das neue Feriendomizil und beschlossen, ihre edelste Suite mit einem speziellen Yoku S by Effe mit Spiegelw\u00e4nden auszustatten. Der Spa-Bereich der Villa bietet einen Wellness-Pfad mit Wechselspiel von Dampf, Wasser, W\u00e4rme und Entspannung.<\/p>\n\n<!-- wp:paragraph -->\n<p><\/p>\n<!-- \/wp:paragraph -->","post_title":"Villa Monty Banks","post_excerpt":"","post_status":"publish","comment_status":"closed","ping_status":"closed","post_password":"","post_name":"villa-monty-banks-2","to_ping":"","pinged":"","post_modified":"2023-07-03 10:23:11","post_modified_gmt":"2023-07-03 08:23:11","post_content_filtered":"","post_parent":0,"guid":"https:\/\/www.effe.it\/referenza\/villa-monty-banks-2\/","menu_order":0,"post_type":"referenza","post_mime_type":"","comment_count":"0","filter":"raw"},{"ID":24782,"post_author":"10","post_date":"2022-01-31 12:25:18","post_date_gmt":"2022-01-31 10:25:18","post_content":"<!-- wp:paragraph -->\n<p>West One Bathrooms pr\u00e4sentiert zusammen mit Effe, Dornbracht und Sieger Design eine Ausstattung, die dem Konzept \u201eSmall Size Premium Spa\u201c gewidmet ist, bei dem die engen R\u00e4umlichkeiten zuhause in einen edlen und einzigartigen Ort des Wohlbefindens verwandelt werden.<\/p>\n<!-- \/wp:paragraph -->","post_title":"West One Bathrooms","post_excerpt":"","post_status":"publish","comment_status":"closed","ping_status":"closed","post_password":"","post_name":"west-one-bathrooms","to_ping":"","pinged":"","post_modified":"2023-07-03 09:24:22","post_modified_gmt":"2023-07-03 07:24:22","post_content_filtered":"","post_parent":0,"guid":"https:\/\/www.effe.it\/referenza\/west-one-bathrooms\/","menu_order":0,"post_type":"referenza","post_mime_type":"","comment_count":"0","filter":"raw"},{"ID":25882,"post_author":"10","post_date":"2021-09-03 14:36:31","post_date_gmt":"2021-09-03 12:36:31","post_content":"<p class=\"p1\">Im Herzen der Dolomiten zelebriert das Hotel Rosa Alpina eine Gastfreundschaft aus Tradition und edler Bergstimmung. Effe verwandelte an diesem Ort mithilfe seiner Dampfgeneratoren die Duschen in Hamams. Die Generatoren von Effe sind nicht nur elegant und kompakt, sondern vereinen zudem eine einfache Installation, hochwertige Technologie und die perfekte Einbindung in die Umgebungen.<\/p>","post_title":"Hotel Rosa Alpina","post_excerpt":"","post_status":"publish","comment_status":"closed","ping_status":"closed","post_password":"","post_name":"hotel-rosa-alpina-2","to_ping":"","pinged":"","post_modified":"2023-07-03 10:57:17","post_modified_gmt":"2023-07-03 08:57:17","post_content_filtered":"","post_parent":0,"guid":"https:\/\/www.effe.it\/referenza\/hotel-rosa-alpina-2\/","menu_order":0,"post_type":"referenza","post_mime_type":"","comment_count":"0","filter":"raw"}],"abilitare_progetti_simili":true},"_links":{"self":[{"href":"https:\/\/www.effe.it\/de\/wp-json\/wp\/v2\/referenza\/25736"}],"collection":[{"href":"https:\/\/www.effe.it\/de\/wp-json\/wp\/v2\/referenza"}],"about":[{"href":"https:\/\/www.effe.it\/de\/wp-json\/wp\/v2\/types\/referenza"}],"wp:attachment":[{"href":"https:\/\/www.effe.it\/de\/wp-json\/wp\/v2\/media?parent=25736"}],"curies":[{"name":"wp","href":"https:\/\/api.w.org\/{rel}","templated":true}]}}

<p class="p1">In einer der besten Lagen von Lovere bietet die Casa del Porto einen Wohlfühlbereich mit Sauna und Hamam der Marke Effe. Der faszinierende Wellnessbereich wurde in antiken unterirdischen Zisternen gestaltet.</p>

Sky wird aus hochwertigem kanadischen Hemlock-Holz und gehärtetem Glas, 10 mm, gefertigt. Die Front, die Tür und die Decke aus Glas verleihen Sky extreme Transparenz und Leichtigkeit.

Touch-Bedienpaneel mit rückbeleuchteten Icons und Temperaturanzeige. Geringer Wartungsaufwand dank des automatischen Reinigungssystems des Heizkessels, das Kalkansammlungen minimiert. Elegantes und kompaktes Design bestehend aus einer gehärteten siebbedruckten Glasscheibe, sichtbare Dicke: 3,7 cm. PSF (Power Steam Function): Innovatives Belüftungssystem, das Temperaturschichten minimiert. Geringer Wartungsaufwand dank des automatischen Reinigungssystems des Heizkessels, das Kalkansammlungen reduziert.

<span data-sheets-value="{&quot;1&quot;:2,&quot;2&quot;:&quot;Effe bildet den Mittelpunkt einer dreißigjährigen Geschichte rund um Wohlbefinden und die antiken Rituale von Sauna und Hamam. Unser Know-how hat es uns ermöglicht, eine maßgeschneiderte Lösung wie diese erfolgreich umzusetzen und Sauna sowie Hamam in dem Altbau zu installieren, ohne das ästhetische Gleichgewicht zu stören.&quot;}" data-sheets-userformat="{&quot;2&quot;:257,&quot;3&quot;:{&quot;1&quot;:0},&quot;11&quot;:4}">Effe bildet den Mittelpunkt einer dreißigjährigen Geschichte rund um Wohlbefinden und die antiken Rituale von Sauna und Hamam. Unser Know-how hat es uns ermöglicht, eine maßgeschneiderte Lösung wie diese erfolgreich umzusetzen und Sauna sowie Hamam in dem Altbau zu installieren, ohne das ästhetische Gleichgewicht zu stören.</span>

<p class="p1">Die Eleganz des englischen Jugendstils überragt dank eines außergewöhnlichen Restaurierungsprojekts der Villa Monty Banks das Belvedere von Cesena. Michele Manuzzi und Erika Galbucci eröffneten das neue Feriendomizil und beschlossen, ihre edelste Suite mit einem speziellen Yoku S by Effe mit Spiegelwänden auszustatten. Der Spa-Bereich der Villa bietet einen Wellness-Pfad mit Wechselspiel von Dampf, Wasser, Wärme und Entspannung.</p>

<!-- wp:paragraph -->
<p></p>
<!-- /wp:paragraph -->

<!-- wp:paragraph -->
<p>West One Bathrooms präsentiert zusammen mit Effe, Dornbracht und Sieger Design eine Ausstattung, die dem Konzept „Small Size Premium Spa“ gewidmet ist, bei dem die engen Räumlichkeiten zuhause in einen edlen und einzigartigen Ort des Wohlbefindens verwandelt werden.</p>
<!-- /wp:paragraph -->
