{"id":25339,"date":"2021-09-03T14:36:31","date_gmt":"2021-09-03T12:36:31","guid":{"rendered":"https:\/\/www.effe.it\/referenza\/cesenatico-private-house-2\/"},"modified":"2023-07-03T10:49:20","modified_gmt":"2023-07-03T08:49:20","slug":"cesenatico-private-house-2","status":"publish","type":"referenza","link":"https:\/\/www.effe.it\/de\/referenza\/cesenatico-private-house-2\/","title":{"rendered":"Private house, Cesenatico"},"content":{"rendered":"<p class=\"p1\">\u00dcber den D\u00e4chern von Cesenatico eine ganz pers\u00f6nliche Wellnessoase: Hier oben hat WaterDream, der neue Minipool von Effe, das Sagen. Wasserstrahlen mit Massagewirkung, deren Intensit\u00e4t reguliert werden kann, umh\u00fcllen den K\u00f6rper f\u00fcr eine allgemeine wohltuende Entspannung.<\/p>\n","protected":false},"featured_media":0,"template":"","better_featured_image":null,"acf":{"related_products_group":{"toggle_related_product_field":true,"related_products":[{"ID":9546,"post_author":"20","post_date":"2021-07-29 12:19:09","post_date_gmt":"2021-07-29 10:19:09","post_content":"Der Minipool kann f\u00fcr lange Zeit mit Wasser gef\u00fcllt sein und muss nicht nach jeder Benutzung geleert werden. Funktion Source: Ein sanfter Wasserstrom am Wannenboden erzeugt eine kreisf\u00f6rmige Bewegung. Dank der individuellen Gestaltung der Blende an der Wannenseite, welche die Bedienelemente verdeckt, l\u00e4sst sich WaterDream leicht in jeden Badezimmer-Kontext einf\u00fcgen.","post_title":"WaterDream","post_excerpt":"","post_status":"publish","comment_status":"closed","ping_status":"closed","post_password":"","post_name":"waterdream","to_ping":"","pinged":"","post_modified":"2024-04-30 17:26:02","post_modified_gmt":"2024-04-30 15:26:02","post_content_filtered":"","post_parent":0,"guid":"https:\/\/www.effe.it\/blog\/prodotto\/waterdream\/","menu_order":0,"post_type":"prodotto","post_mime_type":"","comment_count":"0","filter":"raw"},{"ID":9567,"post_author":"20","post_date":"2021-07-29 12:19:09","post_date_gmt":"2021-07-29 10:19:09","post_content":"Lichtspiele unter Wasser vervollst\u00e4ndigen dieses elegante und vielseitige Produkt. Whirlpool mit mehreren Funktionen und der Farblichttherapie LED-RGB-Bladelight. Dank der individuellen Gestaltung der Blende an der Wannenseite, welche die Bedienelemente verdeckt, l\u00e4sst sich WaterSuite leicht in jeden Badezimmer-Kontext einf\u00fcgen.","post_title":"WaterSuite","post_excerpt":"","post_status":"publish","comment_status":"closed","ping_status":"closed","post_password":"","post_name":"watersuite","to_ping":"","pinged":"","post_modified":"2024-05-02 13:32:37","post_modified_gmt":"2024-05-02 11:32:37","post_content_filtered":"","post_parent":0,"guid":"https:\/\/www.effe.it\/blog\/prodotto\/watersuite\/","menu_order":0,"post_type":"prodotto","post_mime_type":"","comment_count":"0","filter":"raw"}]},"gallery_photos_12_columns_reference":[{"image_gallery_columns":"https:\/\/static.effe.it\/website\/2021\/09\/cesenatico-17-scaled.jpg","copy_image_column":"","numer_of_columns":"12","embed_video_gallery":""},{"image_gallery_columns":"https:\/\/static.effe.it\/website\/2021\/09\/cesenatico-22.jpg","copy_image_column":"","numer_of_columns":"6","embed_video_gallery":""},{"image_gallery_columns":"https:\/\/static.effe.it\/website\/2021\/09\/cesenatico-16.jpg","copy_image_column":"","numer_of_columns":"3","embed_video_gallery":""},{"image_gallery_columns":"https:\/\/static.effe.it\/website\/2021\/09\/cesenatico-18.jpg","copy_image_column":"","numer_of_columns":"4","embed_video_gallery":""},{"image_gallery_columns":"https:\/\/static.effe.it\/website\/2021\/09\/cesenatico-26.jpg","copy_image_column":"","numer_of_columns":"7","embed_video_gallery":""},{"image_gallery_columns":"https:\/\/static.effe.it\/website\/2021\/09\/cesenatico-15-scaled.jpg","copy_image_column":"","numer_of_columns":"12","embed_video_gallery":""},{"image_gallery_columns":"https:\/\/static.effe.it\/website\/2021\/09\/cesenatico-13.jpg","copy_image_column":"","numer_of_columns":"6","embed_video_gallery":""},{"image_gallery_columns":"https:\/\/static.effe.it\/website\/2021\/09\/cesenatico-14.jpg","copy_image_column":"","numer_of_columns":"5","embed_video_gallery":""},{"image_gallery_columns":"https:\/\/static.effe.it\/website\/2021\/09\/cesenatico-11.jpg","copy_image_column":"","numer_of_columns":"6","embed_video_gallery":""},{"image_gallery_columns":"https:\/\/static.effe.it\/website\/2021\/09\/cesenatico-12.jpg","copy_image_column":"","numer_of_columns":"4","embed_video_gallery":""},{"image_gallery_columns":"https:\/\/static.effe.it\/website\/2021\/09\/cesenatico-10.jpg","copy_image_column":"","numer_of_columns":"8","embed_video_gallery":""},{"image_gallery_columns":"https:\/\/static.effe.it\/website\/2021\/09\/cesenatico-9-scaled.jpg","copy_image_column":"","numer_of_columns":"12","embed_video_gallery":""},{"image_gallery_columns":"https:\/\/static.effe.it\/website\/2021\/09\/cesenatico-7.jpg","copy_image_column":"","numer_of_columns":"6","embed_video_gallery":""},{"image_gallery_columns":"https:\/\/static.effe.it\/website\/2021\/09\/cesenatico-8.jpg","copy_image_column":"","numer_of_columns":"4","embed_video_gallery":""},{"image_gallery_columns":"https:\/\/static.effe.it\/website\/2021\/09\/cesenatico-5-scaled.jpg","copy_image_column":"","numer_of_columns":"12","embed_video_gallery":""},{"image_gallery_columns":"https:\/\/static.effe.it\/website\/2021\/09\/cesenatico-4.jpg","copy_image_column":"","numer_of_columns":"6","embed_video_gallery":""},{"image_gallery_columns":"https:\/\/static.effe.it\/website\/2021\/09\/cesenatico-23.jpg","copy_image_column":"","numer_of_columns":"5","embed_video_gallery":""},{"image_gallery_columns":"https:\/\/static.effe.it\/website\/2021\/09\/cesenatico-20-scaled.jpg","copy_image_column":"","numer_of_columns":"12","embed_video_gallery":""},{"image_gallery_columns":"https:\/\/static.effe.it\/website\/2021\/09\/cesenatico-27.jpg","copy_image_column":"","numer_of_columns":"6","embed_video_gallery":""},{"image_gallery_columns":"https:\/\/static.effe.it\/website\/2021\/09\/cesenatico-3.jpg","copy_image_column":"","numer_of_columns":"4","embed_video_gallery":""},{"image_gallery_columns":"https:\/\/static.effe.it\/website\/2021\/09\/cesenatico-19.jpg","copy_image_column":"","numer_of_columns":"4","embed_video_gallery":""},{"image_gallery_columns":"https:\/\/static.effe.it\/website\/2021\/09\/cesenatico-25.jpg","copy_image_column":"","numer_of_columns":"7","embed_video_gallery":""},{"image_gallery_columns":"https:\/\/static.effe.it\/website\/2021\/09\/cesenatico-1-scaled.jpg","copy_image_column":"","numer_of_columns":"12","embed_video_gallery":""},{"image_gallery_columns":"https:\/\/static.effe.it\/website\/2021\/09\/cesenatico-2.jpg","copy_image_column":"","numer_of_columns":"7","embed_video_gallery":""},{"image_gallery_columns":"https:\/\/static.effe.it\/website\/2021\/09\/cesenatico-6.jpg","copy_image_column":"","numer_of_columns":"4","embed_video_gallery":""}],"similar_projects":[{"ID":21163,"post_author":"10","post_date":"2021-10-05 15:21:34","post_date_gmt":"2021-10-05 13:21:34","post_content":"<!-- wp:paragraph -->\n<p>Das einzigartige Wohnprojekt Arte in Surfside mit 16 Eigentumswohnungen und Blick aufs Meer ist das absolute Deb\u00fct von Antonio Citterio und Patricia Viel in den Vereinigten Staaten und ging als Zusammenarbeit dieses italienischen B\u00fcros mit Kobi Karp Architecture &amp; Interior Design aus der legend\u00e4ren Verbindung zwischen Planung und Architektur hervor.<\/p>\n<!-- \/wp:paragraph -->","post_title":"Arte Surfside Miami Beach","post_excerpt":"","post_status":"publish","comment_status":"closed","ping_status":"closed","post_password":"","post_name":"arte-surfside-miami-beach","to_ping":"","pinged":"","post_modified":"2023-07-03 09:29:48","post_modified_gmt":"2023-07-03 07:29:48","post_content_filtered":"","post_parent":0,"guid":"https:\/\/www.effe.it\/referenza\/arte-surfside-miami-beach\/","menu_order":0,"post_type":"referenza","post_mime_type":"","comment_count":"0","filter":"raw"},{"ID":24456,"post_author":"10","post_date":"2021-09-03 14:36:31","post_date_gmt":"2021-09-03 12:36:31","post_content":"<p class=\"p2\">Diese herrliche Residenz mit Blick auf eine der sch\u00f6nsten K\u00fcsten Griechenlands wurde mit viel Liebe zum Detail entworfen und vermittelt ein Gef\u00fchl der Ruhe in v\u00f6lliger Harmonie mit der Natur. In ihrem Inneren vervollst\u00e4ndigen das Hamam und die Sauna nach Ma\u00df von Effe das Erlebnis puren Wohlbefindens.<\/p>","post_title":"DikoArch Villa","post_excerpt":"","post_status":"publish","comment_status":"closed","ping_status":"closed","post_password":"","post_name":"dikoarch-villa","to_ping":"","pinged":"","post_modified":"2023-07-03 10:06:44","post_modified_gmt":"2023-07-03 08:06:44","post_content_filtered":"","post_parent":0,"guid":"https:\/\/www.effe.it\/referenza\/dikoarch-villa\/","menu_order":0,"post_type":"referenza","post_mime_type":"","comment_count":"0","filter":"raw"},{"ID":25170,"post_author":"10","post_date":"2021-09-03 14:36:31","post_date_gmt":"2021-09-03 12:36:31","post_content":"<p class=\"p1\">Das Gallia Palace Hotel hat sich bei der Fertigung seiner Wellnessbereiche f\u00fcr die Produkte von Effe entschieden. Im Private Spa des Hotels fiel die Wahl auf Logica Spa, w\u00e4hrend im Wellnesscenter Hamam, Sauna, K\u00fclbeldusche und der Eisbrunnen zu finden sind. Inmitten der Natur des Mittelmeerraumes, und zwar in dem sch\u00f6nen Ort Punta Ala, ist das Gallia ideal f\u00fcr einen erholsamen Urlaub in Dolce-Vita-Atmosph\u00e4re.<\/p>","post_title":"Gallia Palace Resort","post_excerpt":"","post_status":"publish","comment_status":"closed","ping_status":"closed","post_password":"","post_name":"gallia-palace-resort","to_ping":"","pinged":"","post_modified":"2023-07-03 10:41:43","post_modified_gmt":"2023-07-03 08:41:43","post_content_filtered":"","post_parent":0,"guid":"https:\/\/www.effe.it\/referenza\/gallia-palace-resort\/","menu_order":0,"post_type":"referenza","post_mime_type":"","comment_count":"0","filter":"raw"},{"ID":24736,"post_author":"10","post_date":"2021-09-03 14:36:31","post_date_gmt":"2021-09-03 12:36:31","post_content":"<p class=\"p1\">Die Eleganz des englischen Jugendstils \u00fcberragt dank eines au\u00dfergew\u00f6hnlichen Restaurierungsprojekts der Villa Monty Banks das Belvedere von Cesena. Michele Manuzzi und Erika Galbucci er\u00f6ffneten das neue Feriendomizil und beschlossen, ihre edelste Suite mit einem speziellen Yoku S by Effe mit Spiegelw\u00e4nden auszustatten. Der Spa-Bereich der Villa bietet einen Wellness-Pfad mit Wechselspiel von Dampf, Wasser, W\u00e4rme und Entspannung.<\/p>\n\n<!-- wp:paragraph -->\n<p><\/p>\n<!-- \/wp:paragraph -->","post_title":"Villa Monty Banks","post_excerpt":"","post_status":"publish","comment_status":"closed","ping_status":"closed","post_password":"","post_name":"villa-monty-banks-2","to_ping":"","pinged":"","post_modified":"2023-07-03 10:23:11","post_modified_gmt":"2023-07-03 08:23:11","post_content_filtered":"","post_parent":0,"guid":"https:\/\/www.effe.it\/referenza\/villa-monty-banks-2\/","menu_order":0,"post_type":"referenza","post_mime_type":"","comment_count":"0","filter":"raw"}],"abilitare_progetti_simili":true},"_links":{"self":[{"href":"https:\/\/www.effe.it\/de\/wp-json\/wp\/v2\/referenza\/25339"}],"collection":[{"href":"https:\/\/www.effe.it\/de\/wp-json\/wp\/v2\/referenza"}],"about":[{"href":"https:\/\/www.effe.it\/de\/wp-json\/wp\/v2\/types\/referenza"}],"wp:attachment":[{"href":"https:\/\/www.effe.it\/de\/wp-json\/wp\/v2\/media?parent=25339"}],"curies":[{"name":"wp","href":"https:\/\/api.w.org\/{rel}","templated":true}]}}

<p class="p1">Über den Dächern von Cesenatico eine ganz persönliche Wellnessoase: Hier oben hat WaterDream, der neue Minipool von Effe, das Sagen. Wasserstrahlen mit Massagewirkung, deren Intensität reguliert werden kann, umhüllen den Körper für eine allgemeine wohltuende Entspannung.</p>

Der Minipool kann für lange Zeit mit Wasser gefüllt sein und muss nicht nach jeder Benutzung geleert werden. Funktion Source: Ein sanfter Wasserstrom am Wannenboden erzeugt eine kreisförmige Bewegung. Dank der individuellen Gestaltung der Blende an der Wannenseite, welche die Bedienelemente verdeckt, lässt sich WaterDream leicht in jeden Badezimmer-Kontext einfügen.

Lichtspiele unter Wasser vervollständigen dieses elegante und vielseitige Produkt. Whirlpool mit mehreren Funktionen und der Farblichttherapie LED-RGB-Bladelight. Dank der individuellen Gestaltung der Blende an der Wannenseite, welche die Bedienelemente verdeckt, lässt sich WaterSuite leicht in jeden Badezimmer-Kontext einfügen.

<!-- wp:paragraph -->
<p>Das einzigartige Wohnprojekt Arte in Surfside mit 16 Eigentumswohnungen und Blick aufs Meer ist das absolute Debüt von Antonio Citterio und Patricia Viel in den Vereinigten Staaten und ging als Zusammenarbeit dieses italienischen Büros mit Kobi Karp Architecture &amp; Interior Design aus der legendären Verbindung zwischen Planung und Architektur hervor.</p>
<!-- /wp:paragraph -->

<p class="p2">Diese herrliche Residenz mit Blick auf eine der schönsten Küsten Griechenlands wurde mit viel Liebe zum Detail entworfen und vermittelt ein Gefühl der Ruhe in völliger Harmonie mit der Natur. In ihrem Inneren vervollständigen das Hamam und die Sauna nach Maß von Effe das Erlebnis puren Wohlbefindens.</p>

<p class="p1">Das Gallia Palace Hotel hat sich bei der Fertigung seiner Wellnessbereiche für die Produkte von Effe entschieden. Im Private Spa des Hotels fiel die Wahl auf Logica Spa, während im Wellnesscenter Hamam, Sauna, Külbeldusche und der Eisbrunnen zu finden sind. Inmitten der Natur des Mittelmeerraumes, und zwar in dem schönen Ort Punta Ala, ist das Gallia ideal für einen erholsamen Urlaub in Dolce-Vita-Atmosphäre.</p>

<p class="p1">Die Eleganz des englischen Jugendstils überragt dank eines außergewöhnlichen Restaurierungsprojekts der Villa Monty Banks das Belvedere von Cesena. Michele Manuzzi und Erika Galbucci eröffneten das neue Feriendomizil und beschlossen, ihre edelste Suite mit einem speziellen Yoku S by Effe mit Spiegelwänden auszustatten. Der Spa-Bereich der Villa bietet einen Wellness-Pfad mit Wechselspiel von Dampf, Wasser, Wärme und Entspannung.</p>

<!-- wp:paragraph -->
<p></p>
<!-- /wp:paragraph -->
