{"id":25170,"date":"2021-09-03T14:36:31","date_gmt":"2021-09-03T12:36:31","guid":{"rendered":"https:\/\/www.effe.it\/referenza\/gallia-palace-resort\/"},"modified":"2023-07-03T10:41:43","modified_gmt":"2023-07-03T08:41:43","slug":"gallia-palace-resort","status":"publish","type":"referenza","link":"https:\/\/www.effe.it\/de\/referenza\/gallia-palace-resort\/","title":{"rendered":"Gallia Palace Resort"},"content":{"rendered":"<p class=\"p1\">Das Gallia Palace Hotel hat sich bei der Fertigung seiner Wellnessbereiche f\u00fcr die Produkte von Effe entschieden. Im Private Spa des Hotels fiel die Wahl auf Logica Spa, w\u00e4hrend im Wellnesscenter Hamam, Sauna, K\u00fclbeldusche und der Eisbrunnen zu finden sind. Inmitten der Natur des Mittelmeerraumes, und zwar in dem sch\u00f6nen Ort Punta Ala, ist das Gallia ideal f\u00fcr einen erholsamen Urlaub in Dolce-Vita-Atmosph\u00e4re.<\/p>\n","protected":false},"featured_media":0,"template":"","better_featured_image":null,"acf":{"related_products_group":{"toggle_related_product_field":true,"related_products":[{"ID":9604,"post_author":"12708","post_date":"2021-07-29 12:19:09","post_date_gmt":"2021-07-29 10:19:09","post_content":"Professioneller au\u00dfenseitiger Dampfgenerator f\u00fcr gro\u00dfe Volumen. Langer, wartungsfreier Betrieb. Nuvola Smart Power eignet sich f\u00fcr verdeckte Anwendungen und f\u00fcgt sich daher leicht in jede Einrichtungsgestaltung ein.\nAutomatische Ansteuerung der Heizst\u00e4be f\u00fcr eine dauerhaft gleichm\u00e4\u00dfige Dampfverteilung.\nDie Dampfaustrittsd\u00fcse Smart \u2013 erh\u00e4ltlich in den Ausf\u00fchrungen Glass und Camouflage \u2013 nutzt das innovative PSF-System (Power Steam Function), das eine gleichm\u00e4\u00dfige Dampf- und Temperatur-Verteilung garantiert.\nDie herk\u00f6mmliche Dampfaustrittsd\u00fcse mit integrierter Duftschale ist in 3 Ausf\u00fchrungen erh\u00e4ltlich: Verchromt, Matt Black PVD, Matt Gun Metal PVD.","post_title":"Nuvola Smart","post_excerpt":"","post_status":"publish","comment_status":"closed","ping_status":"closed","post_password":"","post_name":"nuvola-smart","to_ping":"","pinged":"","post_modified":"2025-11-13 11:17:01","post_modified_gmt":"2025-11-13 09:17:01","post_content_filtered":"","post_parent":0,"guid":"https:\/\/www.effe.it\/prodotto\/nuvola-smart-power\/","menu_order":0,"post_type":"prodotto","post_mime_type":"","comment_count":"0","filter":"raw"},{"ID":24776,"post_author":"9693","post_date":"2021-12-02 17:52:28","post_date_gmt":"2021-12-02 15:52:28","post_content":"","post_title":"ONE H + ONE S","post_excerpt":"","post_status":"draft","comment_status":"closed","ping_status":"closed","post_password":"","post_name":"one-h-one-s","to_ping":"","pinged":"","post_modified":"2023-11-28 21:02:11","post_modified_gmt":"2023-11-28 19:02:11","post_content_filtered":"","post_parent":0,"guid":"https:\/\/www.effe.it\/prodotto\/one-h-one-s\/","menu_order":0,"post_type":"prodotto","post_mime_type":"","comment_count":"0","filter":"raw"},{"ID":9546,"post_author":"20","post_date":"2021-07-29 12:19:09","post_date_gmt":"2021-07-29 10:19:09","post_content":"Der Minipool kann f\u00fcr lange Zeit mit Wasser gef\u00fcllt sein und muss nicht nach jeder Benutzung geleert werden. Funktion Source: Ein sanfter Wasserstrom am Wannenboden erzeugt eine kreisf\u00f6rmige Bewegung. Dank der individuellen Gestaltung der Blende an der Wannenseite, welche die Bedienelemente verdeckt, l\u00e4sst sich WaterDream leicht in jeden Badezimmer-Kontext einf\u00fcgen.","post_title":"WaterDream","post_excerpt":"","post_status":"publish","comment_status":"closed","ping_status":"closed","post_password":"","post_name":"waterdream","to_ping":"","pinged":"","post_modified":"2024-04-30 17:26:02","post_modified_gmt":"2024-04-30 15:26:02","post_content_filtered":"","post_parent":0,"guid":"https:\/\/www.effe.it\/blog\/prodotto\/waterdream\/","menu_order":0,"post_type":"prodotto","post_mime_type":"","comment_count":"0","filter":"raw"},{"ID":9736,"post_author":"12708","post_date":"2021-07-29 11:03:03","post_date_gmt":"2021-07-29 09:03:03","post_content":"Sky wird aus hochwertigem kanadischen Hemlock-Holz und geh\u00e4rtetem Glas, 10 mm, gefertigt. Die Front, die T\u00fcr und die Decke aus Glas verleihen Sky extreme Transparenz und Leichtigkeit.","post_title":"Sky","post_excerpt":"","post_status":"publish","comment_status":"closed","ping_status":"closed","post_password":"","post_name":"sky","to_ping":"","pinged":"","post_modified":"2024-10-10 11:25:53","post_modified_gmt":"2024-10-10 09:25:53","post_content_filtered":"","post_parent":0,"guid":"https:\/\/www.effe.it\/prodotto\/sky\/","menu_order":0,"post_type":"prodotto","post_mime_type":"","comment_count":"0","filter":"raw"}]},"gallery_photos_12_columns_reference":[{"image_gallery_columns":"https:\/\/static.effe.it\/website\/2021\/09\/hotel-gallia-7-scaled.jpg","copy_image_column":"","numer_of_columns":"12","embed_video_gallery":""},{"image_gallery_columns":"https:\/\/static.effe.it\/website\/2021\/09\/hotel-gallia-20.jpg","copy_image_column":"","numer_of_columns":"5","embed_video_gallery":""},{"image_gallery_columns":"https:\/\/static.effe.it\/website\/2021\/09\/hotel-gallia-16.jpg","copy_image_column":"","numer_of_columns":"6","embed_video_gallery":""},{"image_gallery_columns":"https:\/\/static.effe.it\/website\/2021\/09\/hotel-gallia-29.jpg","copy_image_column":"","numer_of_columns":"5","embed_video_gallery":""},{"image_gallery_columns":"https:\/\/static.effe.it\/website\/2021\/09\/hotel-gallia-25.jpg","copy_image_column":"","numer_of_columns":"5","embed_video_gallery":""},{"image_gallery_columns":"https:\/\/static.effe.it\/website\/2021\/09\/hotel-gallia-5-scaled.jpg","copy_image_column":"","numer_of_columns":"12","embed_video_gallery":""},{"image_gallery_columns":"https:\/\/static.effe.it\/website\/2021\/09\/hotel-gallia-21.jpg","copy_image_column":"","numer_of_columns":"6","embed_video_gallery":""},{"image_gallery_columns":"https:\/\/static.effe.it\/website\/2021\/09\/hotel-gallia-9.jpg","copy_image_column":"","numer_of_columns":"5","embed_video_gallery":""},{"image_gallery_columns":"https:\/\/static.effe.it\/website\/2021\/09\/hotel-gallia-15.jpg","copy_image_column":"","numer_of_columns":"4","embed_video_gallery":""},{"image_gallery_columns":"https:\/\/static.effe.it\/website\/2021\/09\/hotel-gallia-28.jpg","copy_image_column":"","numer_of_columns":"7","embed_video_gallery":""},{"image_gallery_columns":"https:\/\/static.effe.it\/website\/2021\/09\/hotel-gallia-4-scaled.jpg","copy_image_column":"","numer_of_columns":"12","embed_video_gallery":""},{"image_gallery_columns":"https:\/\/static.effe.it\/website\/2021\/09\/hotel-gallia-11.jpg","copy_image_column":"","numer_of_columns":"4","embed_video_gallery":""},{"image_gallery_columns":"https:\/\/static.effe.it\/website\/2021\/09\/hotel-gallia-17.jpg","copy_image_column":"","numer_of_columns":"6","embed_video_gallery":""},{"image_gallery_columns":"https:\/\/static.effe.it\/website\/2021\/09\/hotel-gallia-18.jpg","copy_image_column":"","numer_of_columns":"7","embed_video_gallery":""},{"image_gallery_columns":"https:\/\/static.effe.it\/website\/2021\/09\/hotel-gallia-8.jpg","copy_image_column":"","numer_of_columns":"4","embed_video_gallery":""},{"image_gallery_columns":"https:\/\/static.effe.it\/website\/2021\/09\/hotel-gallia-3-scaled.jpg","copy_image_column":"","numer_of_columns":"12","embed_video_gallery":""},{"image_gallery_columns":"https:\/\/static.effe.it\/website\/2021\/09\/hotel-gallia-30.jpg","copy_image_column":"","numer_of_columns":"7","embed_video_gallery":""},{"image_gallery_columns":"https:\/\/static.effe.it\/website\/2021\/09\/hotel-gallia-27.jpg","copy_image_column":"","numer_of_columns":"4","embed_video_gallery":""},{"image_gallery_columns":"https:\/\/static.effe.it\/website\/2021\/09\/hotel-gallia-10.jpg","copy_image_column":"","numer_of_columns":"5","embed_video_gallery":""},{"image_gallery_columns":"https:\/\/static.effe.it\/website\/2021\/09\/hotel-gallia-14.jpg","copy_image_column":"","numer_of_columns":"5","embed_video_gallery":""},{"image_gallery_columns":"https:\/\/static.effe.it\/website\/2021\/09\/hotel-gallia-1-scaled.jpg","copy_image_column":"","numer_of_columns":"12","embed_video_gallery":""},{"image_gallery_columns":"https:\/\/static.effe.it\/website\/2021\/09\/hotel-gallia-13.jpg","copy_image_column":"","numer_of_columns":"5","embed_video_gallery":""},{"image_gallery_columns":"https:\/\/static.effe.it\/website\/2021\/09\/hotel-gallia-19.jpg","copy_image_column":"","numer_of_columns":"6","embed_video_gallery":""},{"image_gallery_columns":"https:\/\/static.effe.it\/website\/2021\/09\/hotel-gallia-23.jpg","copy_image_column":"","numer_of_columns":"5","embed_video_gallery":""},{"image_gallery_columns":"https:\/\/static.effe.it\/website\/2021\/09\/hotel-gallia-24.jpg","copy_image_column":"","numer_of_columns":"5","embed_video_gallery":""},{"image_gallery_columns":"https:\/\/static.effe.it\/website\/2021\/09\/hotel-gallia-26-scaled.jpg","copy_image_column":"","numer_of_columns":"12","embed_video_gallery":""},{"image_gallery_columns":"https:\/\/static.effe.it\/website\/2021\/09\/hotel-gallia-2.jpg","copy_image_column":"","numer_of_columns":"5","embed_video_gallery":""},{"image_gallery_columns":"https:\/\/static.effe.it\/website\/2021\/09\/hotel-gallia-31.jpg","copy_image_column":"","numer_of_columns":"6","embed_video_gallery":""},{"image_gallery_columns":"https:\/\/static.effe.it\/website\/2021\/09\/hotel-gallia-12.jpg","copy_image_column":"","numer_of_columns":"5","embed_video_gallery":""},{"image_gallery_columns":"https:\/\/static.effe.it\/website\/2021\/09\/hotel-gallia-22.jpg","copy_image_column":"","numer_of_columns":"5","embed_video_gallery":""},{"image_gallery_columns":"https:\/\/static.effe.it\/website\/2021\/09\/hotel-gallia-6-scaled.jpg","copy_image_column":"","numer_of_columns":"12","embed_video_gallery":""}],"similar_projects":[{"ID":21163,"post_author":"10","post_date":"2021-10-05 15:21:34","post_date_gmt":"2021-10-05 13:21:34","post_content":"<!-- wp:paragraph -->\n<p>Das einzigartige Wohnprojekt Arte in Surfside mit 16 Eigentumswohnungen und Blick aufs Meer ist das absolute Deb\u00fct von Antonio Citterio und Patricia Viel in den Vereinigten Staaten und ging als Zusammenarbeit dieses italienischen B\u00fcros mit Kobi Karp Architecture &amp; Interior Design aus der legend\u00e4ren Verbindung zwischen Planung und Architektur hervor.<\/p>\n<!-- \/wp:paragraph -->","post_title":"Arte Surfside Miami Beach","post_excerpt":"","post_status":"publish","comment_status":"closed","ping_status":"closed","post_password":"","post_name":"arte-surfside-miami-beach","to_ping":"","pinged":"","post_modified":"2023-07-03 09:29:48","post_modified_gmt":"2023-07-03 07:29:48","post_content_filtered":"","post_parent":0,"guid":"https:\/\/www.effe.it\/referenza\/arte-surfside-miami-beach\/","menu_order":0,"post_type":"referenza","post_mime_type":"","comment_count":"0","filter":"raw"},{"ID":24736,"post_author":"10","post_date":"2021-09-03 14:36:31","post_date_gmt":"2021-09-03 12:36:31","post_content":"<p class=\"p1\">Die Eleganz des englischen Jugendstils \u00fcberragt dank eines au\u00dfergew\u00f6hnlichen Restaurierungsprojekts der Villa Monty Banks das Belvedere von Cesena. Michele Manuzzi und Erika Galbucci er\u00f6ffneten das neue Feriendomizil und beschlossen, ihre edelste Suite mit einem speziellen Yoku S by Effe mit Spiegelw\u00e4nden auszustatten. Der Spa-Bereich der Villa bietet einen Wellness-Pfad mit Wechselspiel von Dampf, Wasser, W\u00e4rme und Entspannung.<\/p>\n\n<!-- wp:paragraph -->\n<p><\/p>\n<!-- \/wp:paragraph -->","post_title":"Villa Monty Banks","post_excerpt":"","post_status":"publish","comment_status":"closed","ping_status":"closed","post_password":"","post_name":"villa-monty-banks-2","to_ping":"","pinged":"","post_modified":"2023-07-03 10:23:11","post_modified_gmt":"2023-07-03 08:23:11","post_content_filtered":"","post_parent":0,"guid":"https:\/\/www.effe.it\/referenza\/villa-monty-banks-2\/","menu_order":0,"post_type":"referenza","post_mime_type":"","comment_count":"0","filter":"raw"},{"ID":24978,"post_author":"10","post_date":"2021-09-03 14:36:31","post_date_gmt":"2021-09-03 12:36:31","post_content":"<p class=\"p1\">Das 4-Sterne-Hotel Re delle Alpi liegt 2000 Meter \u00fcber dem Meeresspiegel, direkt an den Skipisten von La Thuile in der Provinz Aosta (Aostatal, Italien). In traumhafter Lage bietet es Abenteuer, Wohlbefinden und hervorragenden Service. Der Wellness und Relax SPA-Bereich zeichnet sich durch das stilvolle Ambiente aus, in dem man mit sich selbst in Einklang ist.<\/p>\n\n<!-- wp:paragraph -->\n<p><\/p>\n<!-- \/wp:paragraph -->","post_title":"Hotel Re delle Alpi","post_excerpt":"","post_status":"publish","comment_status":"closed","ping_status":"closed","post_password":"","post_name":"hotel-re-delle-alpi-2","to_ping":"","pinged":"","post_modified":"2023-07-03 10:35:20","post_modified_gmt":"2023-07-03 08:35:20","post_content_filtered":"","post_parent":0,"guid":"https:\/\/www.effe.it\/referenza\/hotel-re-delle-alpi-2\/","menu_order":0,"post_type":"referenza","post_mime_type":"","comment_count":"0","filter":"raw"},{"ID":24580,"post_author":"10","post_date":"2021-09-03 14:36:31","post_date_gmt":"2021-09-03 12:36:31","post_content":"<p class=\"p1\">5 Sterne und eine \u00fcber 80-j\u00e4hrige Geschichte: Das luxuri\u00f6se May Fair Hotel befindet sich im Herzen des gleichnamigen Londoner Stadtteils und ist von den ber\u00fchmtesten Sehensw\u00fcrdigkeiten der Hauptstadt umgeben.Effe hat f\u00fcr dieses Hotel eine verspiegelte Spa-Anlage geschaffen, die aus BodyLove S und BodyLove H in zwei au\u00dfergew\u00f6hnlichen und beispiellosen Ausf\u00fchrungen besteht. Diese zeichnen sich durch klare und geometrische vertikale Linien aus, die den minimalistischen Luxus des edlen Hotels unterstreichen.<\/p>","post_title":"Mayfair Park Residences","post_excerpt":"","post_status":"publish","comment_status":"closed","ping_status":"closed","post_password":"","post_name":"mayfair-park-residences","to_ping":"","pinged":"","post_modified":"2023-07-03 10:15:10","post_modified_gmt":"2023-07-03 08:15:10","post_content_filtered":"","post_parent":0,"guid":"https:\/\/www.effe.it\/referenza\/mayfair-park-residences\/","menu_order":0,"post_type":"referenza","post_mime_type":"","comment_count":"0","filter":"raw"}],"abilitare_progetti_simili":true},"_links":{"self":[{"href":"https:\/\/www.effe.it\/de\/wp-json\/wp\/v2\/referenza\/25170"}],"collection":[{"href":"https:\/\/www.effe.it\/de\/wp-json\/wp\/v2\/referenza"}],"about":[{"href":"https:\/\/www.effe.it\/de\/wp-json\/wp\/v2\/types\/referenza"}],"wp:attachment":[{"href":"https:\/\/www.effe.it\/de\/wp-json\/wp\/v2\/media?parent=25170"}],"curies":[{"name":"wp","href":"https:\/\/api.w.org\/{rel}","templated":true}]}}

<p class="p1">Das Gallia Palace Hotel hat sich bei der Fertigung seiner Wellnessbereiche für die Produkte von Effe entschieden. Im Private Spa des Hotels fiel die Wahl auf Logica Spa, während im Wellnesscenter Hamam, Sauna, Külbeldusche und der Eisbrunnen zu finden sind. Inmitten der Natur des Mittelmeerraumes, und zwar in dem schönen Ort Punta Ala, ist das Gallia ideal für einen erholsamen Urlaub in Dolce-Vita-Atmosphäre.</p>

Professioneller außenseitiger Dampfgenerator für große Volumen. Langer, wartungsfreier Betrieb. Nuvola Smart Power eignet sich für verdeckte Anwendungen und fügt sich daher leicht in jede Einrichtungsgestaltung ein.
Automatische Ansteuerung der Heizstäbe für eine dauerhaft gleichmäßige Dampfverteilung.
Die Dampfaustrittsdüse Smart – erhältlich in den Ausführungen Glass und Camouflage – nutzt das innovative PSF-System (Power Steam Function), das eine gleichmäßige Dampf- und Temperatur-Verteilung garantiert.
Die herkömmliche Dampfaustrittsdüse mit integrierter Duftschale ist in 3 Ausführungen erhältlich: Verchromt, Matt Black PVD, Matt Gun Metal PVD.

Der Minipool kann für lange Zeit mit Wasser gefüllt sein und muss nicht nach jeder Benutzung geleert werden. Funktion Source: Ein sanfter Wasserstrom am Wannenboden erzeugt eine kreisförmige Bewegung. Dank der individuellen Gestaltung der Blende an der Wannenseite, welche die Bedienelemente verdeckt, lässt sich WaterDream leicht in jeden Badezimmer-Kontext einfügen.

Sky wird aus hochwertigem kanadischen Hemlock-Holz und gehärtetem Glas, 10 mm, gefertigt. Die Front, die Tür und die Decke aus Glas verleihen Sky extreme Transparenz und Leichtigkeit.

<!-- wp:paragraph -->
<p>Das einzigartige Wohnprojekt Arte in Surfside mit 16 Eigentumswohnungen und Blick aufs Meer ist das absolute Debüt von Antonio Citterio und Patricia Viel in den Vereinigten Staaten und ging als Zusammenarbeit dieses italienischen Büros mit Kobi Karp Architecture &amp; Interior Design aus der legendären Verbindung zwischen Planung und Architektur hervor.</p>
<!-- /wp:paragraph -->

<p class="p1">Die Eleganz des englischen Jugendstils überragt dank eines außergewöhnlichen Restaurierungsprojekts der Villa Monty Banks das Belvedere von Cesena. Michele Manuzzi und Erika Galbucci eröffneten das neue Feriendomizil und beschlossen, ihre edelste Suite mit einem speziellen Yoku S by Effe mit Spiegelwänden auszustatten. Der Spa-Bereich der Villa bietet einen Wellness-Pfad mit Wechselspiel von Dampf, Wasser, Wärme und Entspannung.</p>

<!-- wp:paragraph -->
<p></p>
<!-- /wp:paragraph -->

<p class="p1">Das 4-Sterne-Hotel Re delle Alpi liegt 2000 Meter über dem Meeresspiegel, direkt an den Skipisten von La Thuile in der Provinz Aosta (Aostatal, Italien). In traumhafter Lage bietet es Abenteuer, Wohlbefinden und hervorragenden Service. Der Wellness und Relax SPA-Bereich zeichnet sich durch das stilvolle Ambiente aus, in dem man mit sich selbst in Einklang ist.</p>

<!-- wp:paragraph -->
<p></p>
<!-- /wp:paragraph -->

<p class="p1">5 Sterne und eine über 80-jährige Geschichte: Das luxuriöse May Fair Hotel befindet sich im Herzen des gleichnamigen Londoner Stadtteils und ist von den berühmtesten Sehenswürdigkeiten der Hauptstadt umgeben.Effe hat für dieses Hotel eine verspiegelte Spa-Anlage geschaffen, die aus BodyLove S und BodyLove H in zwei außergewöhnlichen und beispiellosen Ausführungen besteht. Diese zeichnen sich durch klare und geometrische vertikale Linien aus, die den minimalistischen Luxus des edlen Hotels unterstreichen.</p>
