{"id":24782,"date":"2022-01-31T12:25:18","date_gmt":"2022-01-31T10:25:18","guid":{"rendered":"https:\/\/www.effe.it\/referenza\/west-one-bathrooms\/"},"modified":"2023-07-03T09:24:22","modified_gmt":"2023-07-03T07:24:22","slug":"west-one-bathrooms","status":"publish","type":"referenza","link":"https:\/\/www.effe.it\/de\/referenza\/west-one-bathrooms\/","title":{"rendered":"West One Bathrooms"},"content":{"rendered":"\n<p>West One Bathrooms pr\u00e4sentiert zusammen mit Effe, Dornbracht und Sieger Design eine Ausstattung, die dem Konzept \u201eSmall Size Premium Spa\u201c gewidmet ist, bei dem die engen R\u00e4umlichkeiten zuhause in einen edlen und einzigartigen Ort des Wohlbefindens verwandelt werden.<\/p>\n","protected":false},"featured_media":0,"template":"","better_featured_image":null,"acf":{"gallery_photos_12_columns_reference":[{"image_gallery_columns":"https:\/\/static.effe.it\/website\/2022\/01\/West-One-Bathrooms-SSPS-Spa-Battersea-22-scaled.jpg","copy_image_column":"","numer_of_columns":"12","embed_video_gallery":""},{"image_gallery_columns":"https:\/\/static.effe.it\/website\/2022\/01\/2-West-One-Bathrooms-SSPS-Spa-Battersea-23.jpg","copy_image_column":"","numer_of_columns":"6","embed_video_gallery":""},{"image_gallery_columns":"https:\/\/static.effe.it\/website\/2022\/01\/3-West-One-Bathrooms-SSPS-Spa-Battersea-26.jpg","copy_image_column":"","numer_of_columns":"5","embed_video_gallery":""},{"image_gallery_columns":"https:\/\/static.effe.it\/website\/2022\/01\/4-West-One-Bathrooms-SSPS-Spa-Battersea-24.jpg","copy_image_column":"","numer_of_columns":"4","embed_video_gallery":""},{"image_gallery_columns":"https:\/\/static.effe.it\/website\/2022\/01\/5-West-One-Bathrooms-SSPS-Spa-Battersea-20.jpg","copy_image_column":"","numer_of_columns":"6","embed_video_gallery":""},{"image_gallery_columns":"https:\/\/static.effe.it\/website\/2022\/01\/6-West-One-Bathrooms-SSPS-Spa-Battersea-25-scaled.jpg","copy_image_column":"","numer_of_columns":"12","embed_video_gallery":""}],"related_products_group":{"toggle_related_product_field":true,"related_products":[{"ID":9753,"post_author":"12708","post_date":"2021-07-06 17:07:35","post_date_gmt":"2021-07-06 15:07:35","post_content":"Touch-Bedienpaneel mit r\u00fcckbeleuchteten Icons und Temperaturanzeige. Geringer Wartungsaufwand dank des automatischen Reinigungssystems des Heizkessels, das Kalkansammlungen minimiert. Elegantes und kompaktes Design bestehend aus einer geh\u00e4rteten siebbedruckten Glasscheibe, sichtbare Dicke: 3,7\u202fcm. PSF (Power Steam Function): Innovatives Bel\u00fcftungssystem, das Temperaturschichten minimiert. Geringer Wartungsaufwand dank des automatischen Reinigungssystems des Heizkessels, das Kalkansammlungen reduziert.","post_title":"Touch&amp;Steam Smart","post_excerpt":"","post_status":"publish","comment_status":"closed","ping_status":"closed","post_password":"","post_name":"touchsteam-smart","to_ping":"","pinged":"","post_modified":"2026-03-10 10:45:50","post_modified_gmt":"2026-03-10 08:45:50","post_content_filtered":"","post_parent":0,"guid":"https:\/\/www.effe.it\/prodotto\/touchsteam\/","menu_order":0,"post_type":"prodotto","post_mime_type":"","comment_count":"0","filter":"raw"},{"ID":9573,"post_author":"6","post_date":"2021-07-29 12:19:09","post_date_gmt":"2021-07-29 10:19:09","post_content":"Fit Shower kann mit jedem Dampfgenerator von Effe kombiniert werden. Deckenmontage: versenkt, halb-versenkt, au\u00dfen. Dusche mit zwei verschiedenen Wasserstrahlformen: Wasserstrahl und Tonic-Wasserstrahl.","post_title":"Fit Shower","post_excerpt":"","post_status":"draft","comment_status":"closed","ping_status":"closed","post_password":"","post_name":"fit-shower","to_ping":"","pinged":"","post_modified":"2024-04-15 16:29:28","post_modified_gmt":"2024-04-15 14:29:28","post_content_filtered":"","post_parent":0,"guid":"https:\/\/www.effe.it\/blog\/prodotto\/fit-shower\/","menu_order":0,"post_type":"prodotto","post_mime_type":"","comment_count":"0","filter":"raw"}]},"similar_projects":[{"ID":24456,"post_author":"10","post_date":"2021-09-03 14:36:31","post_date_gmt":"2021-09-03 12:36:31","post_content":"<p class=\"p2\">Diese herrliche Residenz mit Blick auf eine der sch\u00f6nsten K\u00fcsten Griechenlands wurde mit viel Liebe zum Detail entworfen und vermittelt ein Gef\u00fchl der Ruhe in v\u00f6lliger Harmonie mit der Natur. In ihrem Inneren vervollst\u00e4ndigen das Hamam und die Sauna nach Ma\u00df von Effe das Erlebnis puren Wohlbefindens.<\/p>","post_title":"DikoArch Villa","post_excerpt":"","post_status":"publish","comment_status":"closed","ping_status":"closed","post_password":"","post_name":"dikoarch-villa","to_ping":"","pinged":"","post_modified":"2023-07-03 10:06:44","post_modified_gmt":"2023-07-03 08:06:44","post_content_filtered":"","post_parent":0,"guid":"https:\/\/www.effe.it\/referenza\/dikoarch-villa\/","menu_order":0,"post_type":"referenza","post_mime_type":"","comment_count":"0","filter":"raw"},{"ID":25882,"post_author":"10","post_date":"2021-09-03 14:36:31","post_date_gmt":"2021-09-03 12:36:31","post_content":"<p class=\"p1\">Im Herzen der Dolomiten zelebriert das Hotel Rosa Alpina eine Gastfreundschaft aus Tradition und edler Bergstimmung. Effe verwandelte an diesem Ort mithilfe seiner Dampfgeneratoren die Duschen in Hamams. Die Generatoren von Effe sind nicht nur elegant und kompakt, sondern vereinen zudem eine einfache Installation, hochwertige Technologie und die perfekte Einbindung in die Umgebungen.<\/p>","post_title":"Hotel Rosa Alpina","post_excerpt":"","post_status":"publish","comment_status":"closed","ping_status":"closed","post_password":"","post_name":"hotel-rosa-alpina-2","to_ping":"","pinged":"","post_modified":"2023-07-03 10:57:17","post_modified_gmt":"2023-07-03 08:57:17","post_content_filtered":"","post_parent":0,"guid":"https:\/\/www.effe.it\/referenza\/hotel-rosa-alpina-2\/","menu_order":0,"post_type":"referenza","post_mime_type":"","comment_count":"0","filter":"raw"}],"abilitare_progetti_simili":true},"_links":{"self":[{"href":"https:\/\/www.effe.it\/de\/wp-json\/wp\/v2\/referenza\/24782"}],"collection":[{"href":"https:\/\/www.effe.it\/de\/wp-json\/wp\/v2\/referenza"}],"about":[{"href":"https:\/\/www.effe.it\/de\/wp-json\/wp\/v2\/types\/referenza"}],"wp:attachment":[{"href":"https:\/\/www.effe.it\/de\/wp-json\/wp\/v2\/media?parent=24782"}],"curies":[{"name":"wp","href":"https:\/\/api.w.org\/{rel}","templated":true}]}}

<p>West One Bathrooms präsentiert zusammen mit Effe, Dornbracht und Sieger Design eine Ausstattung, die dem Konzept „Small Size Premium Spa“ gewidmet ist, bei dem die engen Räumlichkeiten zuhause in einen edlen und einzigartigen Ort des Wohlbefindens verwandelt werden.</p>

Touch-Bedienpaneel mit rückbeleuchteten Icons und Temperaturanzeige. Geringer Wartungsaufwand dank des automatischen Reinigungssystems des Heizkessels, das Kalkansammlungen minimiert. Elegantes und kompaktes Design bestehend aus einer gehärteten siebbedruckten Glasscheibe, sichtbare Dicke: 3,7 cm. PSF (Power Steam Function): Innovatives Belüftungssystem, das Temperaturschichten minimiert. Geringer Wartungsaufwand dank des automatischen Reinigungssystems des Heizkessels, das Kalkansammlungen reduziert.

Fit Shower kann mit jedem Dampfgenerator von Effe kombiniert werden. Deckenmontage: versenkt, halb-versenkt, außen. Dusche mit zwei verschiedenen Wasserstrahlformen: Wasserstrahl und Tonic-Wasserstrahl.

<p class="p2">Diese herrliche Residenz mit Blick auf eine der schönsten Küsten Griechenlands wurde mit viel Liebe zum Detail entworfen und vermittelt ein Gefühl der Ruhe in völliger Harmonie mit der Natur. In ihrem Inneren vervollständigen das Hamam und die Sauna nach Maß von Effe das Erlebnis puren Wohlbefindens.</p>
