{"id":24456,"date":"2021-09-03T14:36:31","date_gmt":"2021-09-03T12:36:31","guid":{"rendered":"https:\/\/www.effe.it\/referenza\/dikoarch-villa\/"},"modified":"2023-07-03T10:06:44","modified_gmt":"2023-07-03T08:06:44","slug":"dikoarch-villa","status":"publish","type":"referenza","link":"https:\/\/www.effe.it\/de\/referenza\/dikoarch-villa\/","title":{"rendered":"DikoArch Villa"},"content":{"rendered":"<p class=\"p2\">Diese herrliche Residenz mit Blick auf eine der sch\u00f6nsten K\u00fcsten Griechenlands wurde mit viel Liebe zum Detail entworfen und vermittelt ein Gef\u00fchl der Ruhe in v\u00f6lliger Harmonie mit der Natur. In ihrem Inneren vervollst\u00e4ndigen das Hamam und die Sauna nach Ma\u00df von Effe das Erlebnis puren Wohlbefindens.<\/p>\n","protected":false},"featured_media":0,"template":"","better_featured_image":null,"acf":{"gallery_photos_12_columns_reference":[{"image_gallery_columns":"https:\/\/static.effe.it\/website\/2021\/09\/dikoarch-1%402x-scaled.jpg","copy_image_column":"","numer_of_columns":"12","embed_video_gallery":""},{"image_gallery_columns":"https:\/\/static.effe.it\/website\/2021\/09\/dikoarch-2%402x.jpg","copy_image_column":"","numer_of_columns":"5","embed_video_gallery":""},{"image_gallery_columns":"https:\/\/static.effe.it\/website\/2021\/09\/dikoarch-3%402x.jpg","copy_image_column":"","numer_of_columns":"4","embed_video_gallery":""},{"image_gallery_columns":"https:\/\/static.effe.it\/website\/2021\/09\/dikoarch-4%402x.jpg","copy_image_column":"","numer_of_columns":"4","embed_video_gallery":""},{"image_gallery_columns":"https:\/\/static.effe.it\/website\/2021\/09\/dikoarch-5%402x.jpg","copy_image_column":"","numer_of_columns":"6","embed_video_gallery":""},{"image_gallery_columns":"https:\/\/static.effe.it\/website\/2021\/09\/dikoarch-6%402x-scaled.jpg","copy_image_column":"","numer_of_columns":"12","embed_video_gallery":""},{"image_gallery_columns":"https:\/\/static.effe.it\/website\/2021\/09\/dikoarch-new-1.jpg","copy_image_column":"","numer_of_columns":"7","embed_video_gallery":""},{"image_gallery_columns":"https:\/\/static.effe.it\/website\/2021\/09\/dikoarch-new-3.jpg","copy_image_column":"","numer_of_columns":"4","embed_video_gallery":""},{"image_gallery_columns":"https:\/\/static.effe.it\/website\/2021\/09\/dikoarch-new-2.jpg","copy_image_column":"","numer_of_columns":"4","embed_video_gallery":""},{"image_gallery_columns":"https:\/\/static.effe.it\/website\/2021\/09\/dikoarch-new-4.jpg","copy_image_column":"","numer_of_columns":"6","embed_video_gallery":""},{"image_gallery_columns":"https:\/\/static.effe.it\/website\/2021\/09\/dikoarch-new-5-scaled.jpg","copy_image_column":"","numer_of_columns":"12","embed_video_gallery":""}],"related_products_group":{"toggle_related_product_field":true,"related_products":[{"ID":9688,"post_author":"12708","post_date":"2021-07-29 11:03:03","post_date_gmt":"2021-07-29 09:03:03","post_content":"Sauna, gefertigt aus hochwertigen H\u00f6lzern und Verglasungen aus geh\u00e4rtetem Niederemissionsglas, 8 mm. Die Innenausstattung ist besonders einladend und zeichnet sich durch unterschiedlich gro\u00dfe Latten aus. Auki passt sich leicht dem zur Verf\u00fcgung stehenden Raum an, auch f\u00fcr Anwendungen nach Ma\u00df. Alle Auki-Saunen sind mit einem eleganten Griff an der T\u00fcr ausgestattet, der die Verglasungen nicht bedeckt und ein sauberes Au\u00dfendesign bewahrt.","post_title":"Auki","post_excerpt":"","post_status":"publish","comment_status":"closed","ping_status":"closed","post_password":"","post_name":"auki","to_ping":"","pinged":"","post_modified":"2026-01-14 11:59:55","post_modified_gmt":"2026-01-14 09:59:55","post_content_filtered":"","post_parent":0,"guid":"https:\/\/www.effe.it\/prodotto\/auki\/","menu_order":0,"post_type":"prodotto","post_mime_type":"","comment_count":"0","filter":"raw"},{"ID":9573,"post_author":"6","post_date":"2021-07-29 12:19:09","post_date_gmt":"2021-07-29 10:19:09","post_content":"Fit Shower kann mit jedem Dampfgenerator von Effe kombiniert werden. Deckenmontage: versenkt, halb-versenkt, au\u00dfen. Dusche mit zwei verschiedenen Wasserstrahlformen: Wasserstrahl und Tonic-Wasserstrahl.","post_title":"Fit Shower","post_excerpt":"","post_status":"draft","comment_status":"closed","ping_status":"closed","post_password":"","post_name":"fit-shower","to_ping":"","pinged":"","post_modified":"2024-04-15 16:29:28","post_modified_gmt":"2024-04-15 14:29:28","post_content_filtered":"","post_parent":0,"guid":"https:\/\/www.effe.it\/blog\/prodotto\/fit-shower\/","menu_order":0,"post_type":"prodotto","post_mime_type":"","comment_count":"0","filter":"raw"}]},"similar_projects":[{"ID":21163,"post_author":"10","post_date":"2021-10-05 15:21:34","post_date_gmt":"2021-10-05 13:21:34","post_content":"<!-- wp:paragraph -->\n<p>Das einzigartige Wohnprojekt Arte in Surfside mit 16 Eigentumswohnungen und Blick aufs Meer ist das absolute Deb\u00fct von Antonio Citterio und Patricia Viel in den Vereinigten Staaten und ging als Zusammenarbeit dieses italienischen B\u00fcros mit Kobi Karp Architecture &amp; Interior Design aus der legend\u00e4ren Verbindung zwischen Planung und Architektur hervor.<\/p>\n<!-- \/wp:paragraph -->","post_title":"Arte Surfside Miami Beach","post_excerpt":"","post_status":"publish","comment_status":"closed","ping_status":"closed","post_password":"","post_name":"arte-surfside-miami-beach","to_ping":"","pinged":"","post_modified":"2023-07-03 09:29:48","post_modified_gmt":"2023-07-03 07:29:48","post_content_filtered":"","post_parent":0,"guid":"https:\/\/www.effe.it\/referenza\/arte-surfside-miami-beach\/","menu_order":0,"post_type":"referenza","post_mime_type":"","comment_count":"0","filter":"raw"},{"ID":21469,"post_author":"6","post_date":"2021-09-03 14:36:31","post_date_gmt":"2021-09-03 12:36:31","post_content":"<span data-sheets-value=\"{&quot;1&quot;:2,&quot;2&quot;:&quot;Effe bildet den Mittelpunkt einer drei\u00dfigj\u00e4hrigen Geschichte rund um Wohlbefinden und die antiken Rituale von Sauna und Hamam. Unser Know-how hat es uns erm\u00f6glicht, eine ma\u00dfgeschneiderte L\u00f6sung wie diese erfolgreich umzusetzen und Sauna sowie Hamam in dem Altbau zu installieren, ohne das \u00e4sthetische Gleichgewicht zu st\u00f6ren.&quot;}\" data-sheets-userformat=\"{&quot;2&quot;:257,&quot;3&quot;:{&quot;1&quot;:0},&quot;11&quot;:4}\">Effe bildet den Mittelpunkt einer drei\u00dfigj\u00e4hrigen Geschichte rund um Wohlbefinden und die antiken Rituale von Sauna und Hamam. Unser Know-how hat es uns erm\u00f6glicht, eine ma\u00dfgeschneiderte L\u00f6sung wie diese erfolgreich umzusetzen und Sauna sowie Hamam in dem Altbau zu installieren, ohne das \u00e4sthetische Gleichgewicht zu st\u00f6ren.<\/span>","post_title":"Private house, Ancona","post_excerpt":"","post_status":"publish","comment_status":"closed","ping_status":"closed","post_password":"","post_name":"private-house-ancona","to_ping":"","pinged":"","post_modified":"2022-03-04 11:20:34","post_modified_gmt":"2022-03-04 09:20:34","post_content_filtered":"","post_parent":0,"guid":"https:\/\/www.effe.it\/referenza\/lardini-house-private-house\/","menu_order":0,"post_type":"referenza","post_mime_type":"","comment_count":"0","filter":"raw"},{"ID":24580,"post_author":"10","post_date":"2021-09-03 14:36:31","post_date_gmt":"2021-09-03 12:36:31","post_content":"<p class=\"p1\">5 Sterne und eine \u00fcber 80-j\u00e4hrige Geschichte: Das luxuri\u00f6se May Fair Hotel befindet sich im Herzen des gleichnamigen Londoner Stadtteils und ist von den ber\u00fchmtesten Sehensw\u00fcrdigkeiten der Hauptstadt umgeben.Effe hat f\u00fcr dieses Hotel eine verspiegelte Spa-Anlage geschaffen, die aus BodyLove S und BodyLove H in zwei au\u00dfergew\u00f6hnlichen und beispiellosen Ausf\u00fchrungen besteht. Diese zeichnen sich durch klare und geometrische vertikale Linien aus, die den minimalistischen Luxus des edlen Hotels unterstreichen.<\/p>","post_title":"Mayfair Park Residences","post_excerpt":"","post_status":"publish","comment_status":"closed","ping_status":"closed","post_password":"","post_name":"mayfair-park-residences","to_ping":"","pinged":"","post_modified":"2023-07-03 10:15:10","post_modified_gmt":"2023-07-03 08:15:10","post_content_filtered":"","post_parent":0,"guid":"https:\/\/www.effe.it\/referenza\/mayfair-park-residences\/","menu_order":0,"post_type":"referenza","post_mime_type":"","comment_count":"0","filter":"raw"},{"ID":24978,"post_author":"10","post_date":"2021-09-03 14:36:31","post_date_gmt":"2021-09-03 12:36:31","post_content":"<p class=\"p1\">Das 4-Sterne-Hotel Re delle Alpi liegt 2000 Meter \u00fcber dem Meeresspiegel, direkt an den Skipisten von La Thuile in der Provinz Aosta (Aostatal, Italien). In traumhafter Lage bietet es Abenteuer, Wohlbefinden und hervorragenden Service. Der Wellness und Relax SPA-Bereich zeichnet sich durch das stilvolle Ambiente aus, in dem man mit sich selbst in Einklang ist.<\/p>\n\n<!-- wp:paragraph -->\n<p><\/p>\n<!-- \/wp:paragraph -->","post_title":"Hotel Re delle Alpi","post_excerpt":"","post_status":"publish","comment_status":"closed","ping_status":"closed","post_password":"","post_name":"hotel-re-delle-alpi-2","to_ping":"","pinged":"","post_modified":"2023-07-03 10:35:20","post_modified_gmt":"2023-07-03 08:35:20","post_content_filtered":"","post_parent":0,"guid":"https:\/\/www.effe.it\/referenza\/hotel-re-delle-alpi-2\/","menu_order":0,"post_type":"referenza","post_mime_type":"","comment_count":"0","filter":"raw"}],"abilitare_progetti_simili":true},"_links":{"self":[{"href":"https:\/\/www.effe.it\/de\/wp-json\/wp\/v2\/referenza\/24456"}],"collection":[{"href":"https:\/\/www.effe.it\/de\/wp-json\/wp\/v2\/referenza"}],"about":[{"href":"https:\/\/www.effe.it\/de\/wp-json\/wp\/v2\/types\/referenza"}],"wp:attachment":[{"href":"https:\/\/www.effe.it\/de\/wp-json\/wp\/v2\/media?parent=24456"}],"curies":[{"name":"wp","href":"https:\/\/api.w.org\/{rel}","templated":true}]}}

<p class="p2">Diese herrliche Residenz mit Blick auf eine der schönsten Küsten Griechenlands wurde mit viel Liebe zum Detail entworfen und vermittelt ein Gefühl der Ruhe in völliger Harmonie mit der Natur. In ihrem Inneren vervollständigen das Hamam und die Sauna nach Maß von Effe das Erlebnis puren Wohlbefindens.</p>

Sauna, gefertigt aus hochwertigen Hölzern und Verglasungen aus gehärtetem Niederemissionsglas, 8 mm. Die Innenausstattung ist besonders einladend und zeichnet sich durch unterschiedlich große Latten aus. Auki passt sich leicht dem zur Verfügung stehenden Raum an, auch für Anwendungen nach Maß. Alle Auki-Saunen sind mit einem eleganten Griff an der Tür ausgestattet, der die Verglasungen nicht bedeckt und ein sauberes Außendesign bewahrt.

Fit Shower kann mit jedem Dampfgenerator von Effe kombiniert werden. Deckenmontage: versenkt, halb-versenkt, außen. Dusche mit zwei verschiedenen Wasserstrahlformen: Wasserstrahl und Tonic-Wasserstrahl.

<!-- wp:paragraph -->
<p>Das einzigartige Wohnprojekt Arte in Surfside mit 16 Eigentumswohnungen und Blick aufs Meer ist das absolute Debüt von Antonio Citterio und Patricia Viel in den Vereinigten Staaten und ging als Zusammenarbeit dieses italienischen Büros mit Kobi Karp Architecture &amp; Interior Design aus der legendären Verbindung zwischen Planung und Architektur hervor.</p>
<!-- /wp:paragraph -->

<span data-sheets-value="{&quot;1&quot;:2,&quot;2&quot;:&quot;Effe bildet den Mittelpunkt einer dreißigjährigen Geschichte rund um Wohlbefinden und die antiken Rituale von Sauna und Hamam. Unser Know-how hat es uns ermöglicht, eine maßgeschneiderte Lösung wie diese erfolgreich umzusetzen und Sauna sowie Hamam in dem Altbau zu installieren, ohne das ästhetische Gleichgewicht zu stören.&quot;}" data-sheets-userformat="{&quot;2&quot;:257,&quot;3&quot;:{&quot;1&quot;:0},&quot;11&quot;:4}">Effe bildet den Mittelpunkt einer dreißigjährigen Geschichte rund um Wohlbefinden und die antiken Rituale von Sauna und Hamam. Unser Know-how hat es uns ermöglicht, eine maßgeschneiderte Lösung wie diese erfolgreich umzusetzen und Sauna sowie Hamam in dem Altbau zu installieren, ohne das ästhetische Gleichgewicht zu stören.</span>

<p class="p1">5 Sterne und eine über 80-jährige Geschichte: Das luxuriöse May Fair Hotel befindet sich im Herzen des gleichnamigen Londoner Stadtteils und ist von den berühmtesten Sehenswürdigkeiten der Hauptstadt umgeben.Effe hat für dieses Hotel eine verspiegelte Spa-Anlage geschaffen, die aus BodyLove S und BodyLove H in zwei außergewöhnlichen und beispiellosen Ausführungen besteht. Diese zeichnen sich durch klare und geometrische vertikale Linien aus, die den minimalistischen Luxus des edlen Hotels unterstreichen.</p>

<p class="p1">Das 4-Sterne-Hotel Re delle Alpi liegt 2000 Meter über dem Meeresspiegel, direkt an den Skipisten von La Thuile in der Provinz Aosta (Aostatal, Italien). In traumhafter Lage bietet es Abenteuer, Wohlbefinden und hervorragenden Service. Der Wellness und Relax SPA-Bereich zeichnet sich durch das stilvolle Ambiente aus, in dem man mit sich selbst in Einklang ist.</p>

<!-- wp:paragraph -->
<p></p>
<!-- /wp:paragraph -->
