{"id":35096,"date":"2025-03-25T13:25:10","date_gmt":"2025-03-25T11:25:10","guid":{"rendered":"https:\/\/www.effe.it\/prodotto\/kanso\/"},"modified":"2026-04-30T11:15:48","modified_gmt":"2026-04-30T09:15:48","slug":"kanso","status":"publish","type":"prodotto","link":"https:\/\/www.effe.it\/de\/produkt\/kanso\/","title":{"rendered":"Kanso"},"content":{"rendered":"","protected":false},"featured_media":35797,"menu_order":0,"template":"","categorie_prodotti":[823],"famiglia_prodotti":[],"better_featured_image":{"id":35797,"alt_text":"","caption":"","description":"","media_type":"image","media_details":{"width":1248,"height":936,"file":"2025\/03\/Kanso-featured-624x468-1.jpg","filesize":270275,"sizes":{"medium":{"file":"Kanso-featured-624x468-1-300x225.jpg","width":300,"height":225,"mime-type":"image\/jpeg","filesize":14350,"source_url":"https:\/\/static.effe.it\/website\/2025\/03\/25185603\/Kanso-featured-624x468-1-300x225.jpg"},"large":{"file":"Kanso-featured-624x468-1-1024x768.jpg","width":1024,"height":768,"mime-type":"image\/jpeg","filesize":87741,"source_url":"https:\/\/static.effe.it\/website\/2025\/03\/25185603\/Kanso-featured-624x468-1-1024x768.jpg"},"thumbnail":{"file":"Kanso-featured-624x468-1-150x150.jpg","width":150,"height":150,"mime-type":"image\/jpeg","filesize":5832,"source_url":"https:\/\/static.effe.it\/website\/2025\/03\/25185603\/Kanso-featured-624x468-1-150x150.jpg"},"medium_large":{"file":"Kanso-featured-624x468-1-768x576.jpg","width":768,"height":576,"mime-type":"image\/jpeg","filesize":57240,"source_url":"https:\/\/static.effe.it\/website\/2025\/03\/25185603\/Kanso-featured-624x468-1-768x576.jpg"},"image-related-size":{"file":"Kanso-featured-624x468-1-420x285.jpg","width":420,"height":285,"mime-type":"image\/jpeg","filesize":21766,"source_url":"https:\/\/static.effe.it\/website\/2025\/03\/25185603\/Kanso-featured-624x468-1-420x285.jpg"},"image-related-size-bigger-sq":{"file":"Kanso-featured-624x468-1-624x468.jpg","width":624,"height":468,"mime-type":"image\/jpeg","filesize":43963,"source_url":"https:\/\/static.effe.it\/website\/2025\/03\/25185603\/Kanso-featured-624x468-1-624x468.jpg"},"image-designer-product":{"file":"Kanso-featured-624x468-1-644x587.jpg","width":644,"height":587,"mime-type":"image\/jpeg","filesize":50531,"source_url":"https:\/\/static.effe.it\/website\/2025\/03\/25185603\/Kanso-featured-624x468-1-644x587.jpg"}},"image_meta":{"aperture":"0","credit":"","camera":"","caption":"","created_timestamp":"0","copyright":"","focal_length":"0","iso":"0","shutter_speed":"0","title":"","orientation":"0","keywords":[]}},"post":35096,"source_url":"https:\/\/static.effe.it\/website\/2025\/03\/25185603\/Kanso-featured-624x468-1.jpg"},"acf":{"intro_text":"Die Sauna-Linie Kanso (aus dem Japanischen \u201eEinfachheit-Reinheit\u201c) zeichnet sich durch ein rhythmisches und modulares Design aus, das ein Gef\u00fchl der Ruhe vermittelt. Die Rahmen der W\u00e4nde sorgen f\u00fcr einen leichten und koordinierten Look, der perfekt mit der W\u00e4rme des Espenholzes und der thermisch behandelten H\u00f6lzer verschmilzt.","related_products_group":{"toggle_related_product_field":false,"related_products":null},"optional_products_group":{"optional_toggle_field":false,"related_optional":null},"accordion_group":{"":null,"materials-toggle-field":true,"miniatura_materiali":false,"materials_group":[{"materials_title":"Thermo Espenholz (glatt)","single_materials_repeater":[{"position_material":"","single_materials":[{"ID":2512,"post_author":"2","post_date":"2021-07-29 10:17:57","post_date_gmt":"2021-07-29 08:17:57","post_content":"","post_title":"Thermo Espenholz (glatt)","post_excerpt":"","post_status":"publish","comment_status":"open","ping_status":"open","post_password":"","post_name":"thermo-espenholz-glatt","to_ping":"","pinged":"","post_modified":"2021-07-29 10:17:57","post_modified_gmt":"2021-07-29 08:17:57","post_content_filtered":"","post_parent":0,"guid":"https:\/\/www.effe.it\/materiale_prodotto\/thermo-espenholz-glatt\/","menu_order":0,"post_type":"materiale_prodotto","post_mime_type":"","comment_count":"0","filter":"raw"}]}],"abilitare_numerazione":false}],"toggle_designer":true,"designer":[{"ID":36734,"post_author":"3","post_date":"2025-10-17 17:59:14","post_date_gmt":"2025-10-17 15:59:14","post_content":"<!-- wp:paragraph -->\n<p>Alessandro Andreucci absolviert sein Studium in Maschinenbau an der Universit\u00e4t Bologna mit<br>einer experimentellen Diplomarbeit in Biomechanik. Nach seinem Abschluss zieht er nach<br>M\u00fcnchen und arbeitet im Studio System Design, dessen Mitinhaber Christian Hoisl ist. Im Jahr<br>2000 kehrt er nach Italien zur\u00fcck und arbeitet bei iGuzzini Illuminazione, wo er haupts\u00e4chlich an<br>Projekten von Renzo Piano in Paris (RPBW) und Ron Arad in London mitwirkt. Im Jahr 2004<br>er\u00f6ffnet er sein eigenes Studio f\u00fcr Industriedesign und kooperiert unter anderem mit Agape,<br>Viabizzuno, AngeloPo und IPS.<br>Christian Hoisl schlie\u00dft sein Studium an der Fachhochschule f\u00fcr Industriedesign in M\u00fcnchen ab.<br>Von 1987 bis 1992 entwickelt er in Zusammenarbeit mit Herbert Schultes und Martin Dettinger das<br>System 25 f\u00fcr Bulthaup. Anschlie\u00dfend entwirft er im Studio System Design K\u00fcchen, B\u00e4der,<br>B\u00fcroeinrichtungen und Outdoor-M\u00f6bel f\u00fcr Kunden wie Poggenpohl, Franke, Magis, Kusch &amp; Co<br>und Garpa. Im Jahr 2000 gr\u00fcndet er sein eigenes Designstudio in M\u00fcnchen und entwirft unter<br>anderem Haushaltsger\u00e4te f\u00fcr die BSH-Gruppe (Siemens, Gaggenau).<br>Seit 2004 arbeiten Christian Hoisl und Alessandro Andreucci auf Projektbasis zusammen. Sie<br>bestimmen gemeinsam Projekte und Kunden, bewahren aber gleichzeitig ihre individuellen<br>Aktivit\u00e4ten.<br>Zu ihren gemeinsamen Kunden z\u00e4hlen: Boffi, Emu, Unopi\u00f9, Snaidero, Ernestomeda, Alivar,<br>Fermob, Effe.<\/p>\n<!-- \/wp:paragraph -->","post_title":"Alessandro Andreucci & Christian Hoisl","post_excerpt":"","post_status":"publish","comment_status":"closed","ping_status":"closed","post_password":"","post_name":"alessandro-andreucci-christian-hoisl","to_ping":"","pinged":"","post_modified":"2025-10-17 17:59:27","post_modified_gmt":"2025-10-17 15:59:27","post_content_filtered":"","post_parent":0,"guid":"https:\/\/www.effe.it\/?post_type=designer&#038;p=36734","menu_order":100,"post_type":"designer","post_mime_type":"","comment_count":"0","filter":"raw"}],"models_relationship":[{"ID":35653,"post_author":"12708","post_date":"2025-03-25 13:57:04","post_date_gmt":"2025-03-25 11:57:04","post_content":"","post_title":"Kanso 40","post_excerpt":"","post_status":"publish","comment_status":"closed","ping_status":"closed","post_password":"","post_name":"kanso-40","to_ping":"","pinged":"","post_modified":"2026-04-16 09:35:23","post_modified_gmt":"2026-04-16 07:35:23","post_content_filtered":"","post_parent":0,"guid":"https:\/\/www.effe.it\/blog\/modelli\/kanso-40\/","menu_order":0,"post_type":"modelli","post_mime_type":"","comment_count":"0","filter":"raw"},{"ID":35659,"post_author":"12708","post_date":"2025-03-25 15:17:41","post_date_gmt":"2025-03-25 13:17:41","post_content":"","post_title":"Kanso 60","post_excerpt":"","post_status":"publish","comment_status":"closed","ping_status":"closed","post_password":"","post_name":"kanso-60","to_ping":"","pinged":"","post_modified":"2026-04-16 09:34:37","post_modified_gmt":"2026-04-16 07:34:37","post_content_filtered":"","post_parent":0,"guid":"https:\/\/www.effe.it\/blog\/modelli\/kanso-60\/","menu_order":0,"post_type":"modelli","post_mime_type":"","comment_count":"0","filter":"raw"},{"ID":35667,"post_author":"12708","post_date":"2025-03-25 15:18:38","post_date_gmt":"2025-03-25 13:18:38","post_content":"","post_title":"Kanso 105","post_excerpt":"","post_status":"publish","comment_status":"closed","ping_status":"closed","post_password":"","post_name":"kanso-105","to_ping":"","pinged":"","post_modified":"2026-04-16 09:33:46","post_modified_gmt":"2026-04-16 07:33:46","post_content_filtered":"","post_parent":0,"guid":"https:\/\/www.effe.it\/blog\/modelli\/kanso-105\/","menu_order":0,"post_type":"modelli","post_mime_type":"","comment_count":"0","filter":"raw"}],"models_with_documents":true,"description_model_toggle_field":false,"model_description":"","disponibile_su_misura":false,"blueprint_toggle":false,"blueprint":null,"abilitare_versioni":true},"slider_gallery":[{"image-slider-gallery":"https:\/\/static.effe.it\/website\/2025\/03\/25134635\/Kanso-Hero-1-scaled.jpg","text-image-gallery":"","video":""}],"gallery_photos_12_columns":[{"image_gallery_columns":"https:\/\/static.effe.it\/website\/2025\/03\/25134706\/Kanso-1-scaled.jpg","copy_image_column":"","numer_of_columns":"12","embed_video_gallery":""},{"image_gallery_columns":"https:\/\/static.effe.it\/website\/2025\/03\/25134709\/Kanso-2.jpg","copy_image_column":"","numer_of_columns":"5","embed_video_gallery":""},{"image_gallery_columns":"https:\/\/static.effe.it\/website\/2025\/03\/25134712\/Kanso-3.jpg","copy_image_column":"","numer_of_columns":"5","embed_video_gallery":""},{"image_gallery_columns":"https:\/\/static.effe.it\/website\/2025\/03\/25134716\/Kanso-4.jpg","copy_image_column":"","numer_of_columns":"6","embed_video_gallery":""},{"image_gallery_columns":"https:\/\/static.effe.it\/website\/2025\/03\/25134718\/Kanso-5.jpg","copy_image_column":"","numer_of_columns":"4","embed_video_gallery":""},{"image_gallery_columns":"https:\/\/static.effe.it\/website\/2025\/03\/25134724\/Kanso-6.jpg","copy_image_column":"","numer_of_columns":"8","embed_video_gallery":""},{"image_gallery_columns":"https:\/\/static.effe.it\/website\/2025\/03\/25134728\/Kanso-7-scaled.jpg","copy_image_column":"","numer_of_columns":"12","embed_video_gallery":""},{"image_gallery_columns":"https:\/\/static.effe.it\/website\/2025\/03\/25134732\/Kanso-8.jpg","copy_image_column":"","numer_of_columns":"5","embed_video_gallery":""},{"image_gallery_columns":"https:\/\/static.effe.it\/website\/2025\/03\/25134735\/Kanso-9.jpg","copy_image_column":"","numer_of_columns":"5","embed_video_gallery":""}],"documents_related_collection_group":[{"input_type":"url","resource_url":"https:\/\/drive.google.com\/file\/d\/1Je2SPkXpl-I6cbk9e7yPAjBLerEeQaG_\/view?usp=drive_link","document_title":"BROCHURE","file":false,"logged_in_only":false,"reserved_service_center":false}]},"_links":{"self":[{"href":"https:\/\/www.effe.it\/de\/wp-json\/wp\/v2\/products\/35096"}],"collection":[{"href":"https:\/\/www.effe.it\/de\/wp-json\/wp\/v2\/products"}],"about":[{"href":"https:\/\/www.effe.it\/de\/wp-json\/wp\/v2\/types\/prodotto"}],"version-history":[{"count":10,"href":"https:\/\/www.effe.it\/de\/wp-json\/wp\/v2\/products\/35096\/revisions"}],"predecessor-version":[{"id":36764,"href":"https:\/\/www.effe.it\/de\/wp-json\/wp\/v2\/products\/35096\/revisions\/36764"}],"wp:featuredmedia":[{"embeddable":true,"href":"https:\/\/www.effe.it\/de\/wp-json\/wp\/v2\/media\/35797"}],"wp:attachment":[{"href":"https:\/\/www.effe.it\/de\/wp-json\/wp\/v2\/media?parent=35096"}],"wp:term":[{"taxonomy":"categorie_prodotti","embeddable":true,"href":"https:\/\/www.effe.it\/de\/wp-json\/wp\/v2\/categorie_prodotti?post=35096"},{"taxonomy":"famiglia_prodotti","embeddable":true,"href":"https:\/\/www.effe.it\/de\/wp-json\/wp\/v2\/famiglia_prodotti?post=35096"}],"curies":[{"name":"wp","href":"https:\/\/api.w.org\/{rel}","templated":true}]}}

Die Sauna-Linie Kanso (aus dem Japanischen „Einfachheit-Reinheit“) zeichnet sich durch ein rhythmisches und modulares Design aus, das ein Gefühl der Ruhe vermittelt. Die Rahmen der Wände sorgen für einen leichten und koordinierten Look, der perfekt mit der Wärme des Espenholzes und der thermisch behandelten Hölzer verschmilzt.

<!-- wp:paragraph -->
<p>Alessandro Andreucci absolviert sein Studium in Maschinenbau an der Universität Bologna mit<br>einer experimentellen Diplomarbeit in Biomechanik. Nach seinem Abschluss zieht er nach<br>München und arbeitet im Studio System Design, dessen Mitinhaber Christian Hoisl ist. Im Jahr<br>2000 kehrt er nach Italien zurück und arbeitet bei iGuzzini Illuminazione, wo er hauptsächlich an<br>Projekten von Renzo Piano in Paris (RPBW) und Ron Arad in London mitwirkt. Im Jahr 2004<br>eröffnet er sein eigenes Studio für Industriedesign und kooperiert unter anderem mit Agape,<br>Viabizzuno, AngeloPo und IPS.<br>Christian Hoisl schließt sein Studium an der Fachhochschule für Industriedesign in München ab.<br>Von 1987 bis 1992 entwickelt er in Zusammenarbeit mit Herbert Schultes und Martin Dettinger das<br>System 25 für Bulthaup. Anschließend entwirft er im Studio System Design Küchen, Bäder,<br>Büroeinrichtungen und Outdoor-Möbel für Kunden wie Poggenpohl, Franke, Magis, Kusch &amp; Co<br>und Garpa. Im Jahr 2000 gründet er sein eigenes Designstudio in München und entwirft unter<br>anderem Haushaltsgeräte für die BSH-Gruppe (Siemens, Gaggenau).<br>Seit 2004 arbeiten Christian Hoisl und Alessandro Andreucci auf Projektbasis zusammen. Sie<br>bestimmen gemeinsam Projekte und Kunden, bewahren aber gleichzeitig ihre individuellen<br>Aktivitäten.<br>Zu ihren gemeinsamen Kunden zählen: Boffi, Emu, Unopiù, Snaidero, Ernestomeda, Alivar,<br>Fermob, Effe.</p>
<!-- /wp:paragraph -->
