{"id":28568,"date":"2022-07-13T12:02:06","date_gmt":"2022-07-13T10:02:06","guid":{"rendered":"https:\/\/www.effe.it\/complemento\/kit-di-coibentazione\/"},"modified":"2022-07-14T19:10:07","modified_gmt":"2022-07-14T17:10:07","slug":"kit-di-coibentazione","status":"publish","type":"complemento","link":"https:\/\/www.effe.it\/de\/optionals\/kit-di-coibentazione\/","title":{"rendered":"Isolierungsset"},"content":{"rendered":"","protected":false},"featured_media":28558,"template":"","categoria_complementi":[1177],"better_featured_image":{"id":28558,"alt_text":"","caption":"","description":"","media_type":"image","media_details":{"width":1248,"height":916,"file":"2022\/07\/Senza-titolo-1.png","sizes":{"medium":{"file":"Senza-titolo-1-300x220.png","width":300,"height":220,"mime-type":"image\/png","source_url":"https:\/\/static.effe.it\/website\/2022\/07\/Senza-titolo-1-300x220.png"},"large":{"file":"Senza-titolo-1-1024x752.png","width":1024,"height":752,"mime-type":"image\/png","source_url":"https:\/\/static.effe.it\/website\/2022\/07\/Senza-titolo-1-1024x752.png"},"thumbnail":{"file":"Senza-titolo-1-150x150.png","width":150,"height":150,"mime-type":"image\/png","source_url":"https:\/\/static.effe.it\/website\/2022\/07\/Senza-titolo-1-150x150.png"},"medium_large":{"file":"Senza-titolo-1-768x564.png","width":768,"height":564,"mime-type":"image\/png","source_url":"https:\/\/static.effe.it\/website\/2022\/07\/Senza-titolo-1-768x564.png"},"image-related-size":{"file":"Senza-titolo-1-420x285.png","width":420,"height":285,"mime-type":"image\/png","source_url":"https:\/\/static.effe.it\/website\/2022\/07\/Senza-titolo-1-420x285.png"},"image-related-size-bigger-sq":{"file":"Senza-titolo-1-624x468.png","width":624,"height":468,"mime-type":"image\/png","source_url":"https:\/\/static.effe.it\/website\/2022\/07\/Senza-titolo-1-624x468.png"},"image-designer-product":{"file":"Senza-titolo-1-644x587.png","width":644,"height":587,"mime-type":"image\/png","source_url":"https:\/\/static.effe.it\/website\/2022\/07\/Senza-titolo-1-644x587.png"}},"image_meta":{"aperture":"0","credit":"","camera":"","caption":"","created_timestamp":"0","copyright":"","focal_length":"0","iso":"0","shutter_speed":"0","title":"","orientation":"0","keywords":[]}},"post":28568,"source_url":"https:\/\/static.effe.it\/website\/2022\/07\/kit-coibentazione-1.png"},"acf":{"slider_gallery":[{"image-slider-gallery":"https:\/\/static.effe.it\/website\/2022\/07\/kit-coibentazione-MAIN3-scaled.jpg","text-image-gallery":""}],"intro_text":"Um einen W\u00e4rmeverlust zu vermeiden und effektiven Betrieb zu gew\u00e4hrleisten, liefert Effe Isolierplatten f\u00fcr die Wand- und Deckenverkleidung. Die Oberfl\u00e4che der Seitenelemente ist ideal f\u00fcr die Verankerung im Mauerwerk und die weitere Ausstattung mit Wandverkleidungsmaterialien.","related_products_group":{"toggle_related_product_field":true,"related_products":[{"ID":23793,"post_author":"2","post_date":"2021-11-11 16:45:41","post_date_gmt":"2021-11-11 14:45:41","post_content":"","post_title":"Fitbox","post_excerpt":"","post_status":"draft","comment_status":"closed","ping_status":"closed","post_password":"","post_name":"fitbox","to_ping":"","pinged":"","post_modified":"2024-04-08 11:48:56","post_modified_gmt":"2024-04-08 09:48:56","post_content_filtered":"","post_parent":0,"guid":"https:\/\/www.effe.it\/complemento\/fitbox\/","menu_order":0,"post_type":"complemento","post_mime_type":"","comment_count":"0","filter":"raw"},{"ID":23788,"post_author":"12708","post_date":"2021-11-11 16:46:45","post_date_gmt":"2021-11-11 14:46:45","post_content":"","post_title":"Tuttovetro inside und contour","post_excerpt":"","post_status":"publish","comment_status":"closed","ping_status":"closed","post_password":"","post_name":"tuttovetro-inside-e-contour","to_ping":"","pinged":"","post_modified":"2024-10-01 10:08:49","post_modified_gmt":"2024-10-01 08:08:49","post_content_filtered":"","post_parent":0,"guid":"https:\/\/www.effe.it\/complemento\/tuttovetro-inside-e-contour\/","menu_order":0,"post_type":"complemento","post_mime_type":"","comment_count":"0","filter":"raw"},{"ID":23814,"post_author":"2","post_date":"2021-11-11 16:39:27","post_date_gmt":"2021-11-11 14:39:27","post_content":"","post_title":"Fit","post_excerpt":"","post_status":"publish","comment_status":"closed","ping_status":"closed","post_password":"","post_name":"fit","to_ping":"","pinged":"","post_modified":"2022-01-24 22:25:47","post_modified_gmt":"2022-01-24 20:25:47","post_content_filtered":"","post_parent":0,"guid":"https:\/\/www.effe.it\/complemento\/fit\/","menu_order":0,"post_type":"complemento","post_mime_type":"","comment_count":"0","filter":"raw"},{"ID":23835,"post_author":"12708","post_date":"2021-11-11 16:29:28","post_date_gmt":"2021-11-11 14:29:28","post_content":"","post_title":"BRAUSESCHALAUCH","post_excerpt":"","post_status":"publish","comment_status":"closed","ping_status":"closed","post_password":"","post_name":"brauseschalauch","to_ping":"","pinged":"","post_modified":"2025-09-26 10:32:41","post_modified_gmt":"2025-09-26 08:32:41","post_content_filtered":"","post_parent":0,"guid":"https:\/\/www.effe.it\/complemento\/tubo-keipp\/","menu_order":0,"post_type":"complemento","post_mime_type":"","comment_count":"0","filter":"raw"}]},"attivare_video_complementi":false,"documents_related_collection_group":[{"input_type":"url","resource_url":"https:\/\/drive.google.com\/file\/d\/1b63_h0yi_Z35H1STyiHc-mpg7KzHKuIK\/view?usp=sharing","file":false,"document_title":"Preinstallation Card","logged_in_only":false}],"abilitare_documenti":true,"attivare_testo_personalizzato_bottom":false},"_links":{"self":[{"href":"https:\/\/www.effe.it\/de\/wp-json\/wp\/v2\/complemento\/28568"}],"collection":[{"href":"https:\/\/www.effe.it\/de\/wp-json\/wp\/v2\/complemento"}],"about":[{"href":"https:\/\/www.effe.it\/de\/wp-json\/wp\/v2\/types\/complemento"}],"wp:featuredmedia":[{"embeddable":true,"href":"https:\/\/www.effe.it\/de\/wp-json\/wp\/v2\/media\/28558"}],"wp:attachment":[{"href":"https:\/\/www.effe.it\/de\/wp-json\/wp\/v2\/media?parent=28568"}],"wp:term":[{"taxonomy":"categoria_complementi","embeddable":true,"href":"https:\/\/www.effe.it\/de\/wp-json\/wp\/v2\/categoria_complementi?post=28568"}],"curies":[{"name":"wp","href":"https:\/\/api.w.org\/{rel}","templated":true}]}}

Um einen Wärmeverlust zu vermeiden und effektiven Betrieb zu gewährleisten, liefert Effe Isolierplatten für die Wand- und Deckenverkleidung. Die Oberfläche der Seitenelemente ist ideal für die Verankerung im Mauerwerk und die weitere Ausstattung mit Wandverkleidungsmaterialien.
